{"version":"1.0","provider_name":"Converses a Catalunya","provider_url":"https:\/\/conversesacatalunya.cat\/es\/","title":"Vacunarse contra la gripe y m\u00e1s (Enric Barrull) - Converses a Catalunya","type":"rich","width":600,"height":338,"html":"<blockquote class=\"wp-embedded-content\" data-secret=\"jovAw2gZ4p\"><a href=\"https:\/\/conversesacatalunya.cat\/es\/vacunarse-contra-la-gripe-y-mas-enric-barrull\/\">Vacunarse contra la gripe y m\u00e1s (Enric Barrull)<\/a><\/blockquote><iframe sandbox=\"allow-scripts\" security=\"restricted\" src=\"https:\/\/conversesacatalunya.cat\/es\/vacunarse-contra-la-gripe-y-mas-enric-barrull\/embed\/#?secret=jovAw2gZ4p\" width=\"600\" height=\"338\" title=\"\u00abVacunarse contra la gripe y m\u00e1s (Enric Barrull)\u00bb \u2014 Converses a Catalunya\" data-secret=\"jovAw2gZ4p\" frameborder=\"0\" marginwidth=\"0\" marginheight=\"0\" scrolling=\"no\" class=\"wp-embedded-content\"><\/iframe><script>\n\/*! This file is auto-generated *\/\n!function(d,l){\"use strict\";l.querySelector&&d.addEventListener&&\"undefined\"!=typeof URL&&(d.wp=d.wp||{},d.wp.receiveEmbedMessage||(d.wp.receiveEmbedMessage=function(e){var t=e.data;if((t||t.secret||t.message||t.value)&&!\/[^a-zA-Z0-9]\/.test(t.secret)){for(var s,r,n,a=l.querySelectorAll('iframe[data-secret=\"'+t.secret+'\"]'),o=l.querySelectorAll('blockquote[data-secret=\"'+t.secret+'\"]'),c=new RegExp(\"^https?:$\",\"i\"),i=0;i<o.length;i++)o[i].style.display=\"none\";for(i=0;i<a.length;i++)s=a[i],e.source===s.contentWindow&&(s.removeAttribute(\"style\"),\"height\"===t.message?(1e3<(r=parseInt(t.value,10))?r=1e3:~~r<200&&(r=200),s.height=r):\"link\"===t.message&&(r=new URL(s.getAttribute(\"src\")),n=new URL(t.value),c.test(n.protocol))&&n.host===r.host&&l.activeElement===s&&(d.top.location.href=t.value))}},d.addEventListener(\"message\",d.wp.receiveEmbedMessage,!1),l.addEventListener(\"DOMContentLoaded\",function(){for(var e,t,s=l.querySelectorAll(\"iframe.wp-embedded-content\"),r=0;r<s.length;r++)(t=(e=s[r]).getAttribute(\"data-secret\"))||(t=Math.random().toString(36).substring(2,12),e.src+=\"#?secret=\"+t,e.setAttribute(\"data-secret\",t)),e.contentWindow.postMessage({message:\"ready\",secret:t},\"*\")},!1)))}(window,document);\n<\/script>\n","thumbnail_url":"https:\/\/conversesacatalunya.cat\/wp-content\/uploads\/2020\/11\/congreso.jpeg","thumbnail_width":914,"thumbnail_height":609,"description":"Hay que vacunarse contra la gripe, pero tambi\u00e9n contra el mal humor y las ganas de fastidiar. Tanto una cosa como la otra parecen inscritos a fuego en la mentalidad de mucha gente, particularmente en los pol\u00edticos. Que los dem\u00e1s nos tiremos los trastos a la cabeza, parece que forma parte de lo m\u00e1s natural entre unos y otros, en cuanto haya alguna discrepancia, como puede verse, por ejemplo, en las discusiones familiares por el reparto de una herencia. Pero que los pol\u00edticos tambi\u00e9n lo hagan no deber\u00eda formar parte de su sueldo. Han sido elegidos para servir a los dem\u00e1s del mejor modo posible, y por eso repugna verlos tratando de dividir a unos de otros; y diciendo que los buenos son los m\u00edos y los dem\u00e1s son malos de solemnidad, incapaces de tomarse en serio que yo siempre tengo raz\u00f3n porque para eso me han elegido. Lo acabamos de ver con la aprobaci\u00f3n de la nueva Ley de Educaci\u00f3n, contraria claramente a los intereses de la mayor parte de los padres, pero no para los intereses de algunos partidos. \u00a1Hombre, no!\u00a0 T\u00fa no has sido elegido para que siempre te demos la raz\u00f3n, sino para que resuelvas, o por lo menos lo intentes, las cosas de la mejor manera posible, sin costes a\u00f1adidos para una ciudadan\u00eda, muy mermada en la actualidad por la pandemia, que nos est\u00e1 fastidiando y poni\u00e9ndonos de mal humor, por lo inesperado y la falta de recursos para resolverla. &nbsp;"}

Vacunarse contra la gripe y más (Enric Barrull) - Converses a Catalunya

<blockquote class="wp-embedded-content" data-secret="jovAw2gZ4p"><a href="https://conversesacatalunya.cat/es/vacunarse-contra-la-gripe-y-mas-enric-barrull/">Vacunarse contra la gripe y más (Enric Barrull)</a></blockquote><iframe sandbox="allow-scripts" security="restricted" src="https://conversesacatalunya.cat/es/vacunarse-contra-la-gripe-y-mas-enric-barrull/embed/#?secret=jovAw2gZ4p" width="600" height="338" title="«Vacunarse contra la gripe y más (Enric Barrull)» — Converses a Catalunya" data-secret="jovAw2gZ4p" frameborder="0" marginwidth="0" marginheight="0" scrolling="no" class="wp-embedded-content"></iframe><script>
/*! This file is auto-generated */
!function(d,l){"use strict";l.querySelector&&d.addEventListener&&"undefined"!=typeof URL&&(d.wp=d.wp||{},d.wp.receiveEmbedMessage||(d.wp.receiveEmbedMessage=function(e){var t=e.data;if((t||t.secret||t.message||t.value)&&!/[^a-zA-Z0-9]/.test(t.secret)){for(var s,r,n,a=l.querySelectorAll('iframe[data-secret="'+t.secret+'"]'),o=l.querySelectorAll('blockquote[data-secret="'+t.secret+'"]'),c=new RegExp("^https?:$","i"),i=0;i<o.length;i++)o[i].style.display="none";for(i=0;i<a.length;i++)s=a[i],e.source===s.contentWindow&&(s.removeAttribute("style"),"height"===t.message?(1e3<(r=parseInt(t.value,10))?r=1e3:~~r<200&&(r=200),s.height=r):"link"===t.message&&(r=new URL(s.getAttribute("src")),n=new URL(t.value),c.test(n.protocol))&&n.host===r.host&&l.activeElement===s&&(d.top.location.href=t.value))}},d.addEventListener("message",d.wp.receiveEmbedMessage,!1),l.addEventListener("DOMContentLoaded",function(){for(var e,t,s=l.querySelectorAll("iframe.wp-embedded-content"),r=0;r<s.length;r++)(t=(e=s[r]).getAttribute("data-secret"))||(t=Math.random().toString(36).substring(2,12),e.src+="#?secret="+t,e.setAttribute("data-secret",t)),e.contentWindow.postMessage({message:"ready",secret:t},"*")},!1)))}(window,document);
</script>

Hay que vacunarse contra la gripe, pero también contra el mal humor y las ganas de fastidiar. Tanto una cosa como la otra parecen inscritos a fuego en la mentalidad de mucha gente, particularmente en los políticos. Que los demás nos tiremos los trastos a la cabeza, parece que forma parte de lo más natural entre unos y otros, en cuanto haya alguna discrepancia, como puede verse, por ejemplo, en las discusiones familiares por el reparto de una herencia. Pero que los políticos también lo hagan no debería formar parte de su sueldo. Han sido elegidos para servir a los demás del mejor modo posible, y por eso repugna verlos tratando de dividir a unos de otros; y diciendo que los buenos son los míos y los demás son malos de solemnidad, incapaces de tomarse en serio que yo siempre tengo razón porque para eso me han elegido. Lo acabamos de ver con la aprobación de la nueva Ley de Educación, contraria claramente a los intereses de la mayor parte de los padres, pero no para los intereses de algunos partidos. ¡Hombre, no!  Tú no has sido elegido para que siempre te demos la razón, sino para que resuelvas, o por lo menos lo intentes, las cosas de la mejor manera posible, sin costes añadidos para una ciudadanía, muy mermada en la actualidad por la pandemia, que nos está fastidiando y poniéndonos de mal humor, por lo inesperado y la falta de recursos para resolverla. &nbsp;
