{"version":"1.0","provider_name":"Converses a Catalunya","provider_url":"https:\/\/conversesacatalunya.cat\/es\/","title":"Units per Avan\u00e7ar pide al Gobierno que asuma los costes de sus decisiones y no los traspase a propietarios e inquilinos - Converses a Catalunya","type":"rich","width":600,"height":338,"html":"<blockquote class=\"wp-embedded-content\" data-secret=\"hi33arNaye\"><a href=\"https:\/\/conversesacatalunya.cat\/es\/units-per-avancar-comunicado\/\">Units per Avan\u00e7ar pide al Gobierno que asuma los costes de sus decisiones y no los traspase a propietarios e inquilinos<\/a><\/blockquote><iframe sandbox=\"allow-scripts\" security=\"restricted\" src=\"https:\/\/conversesacatalunya.cat\/es\/units-per-avancar-comunicado\/embed\/#?secret=hi33arNaye\" width=\"600\" height=\"338\" title=\"\u00abUnits per Avan\u00e7ar pide al Gobierno que asuma los costes de sus decisiones y no los traspase a propietarios e inquilinos\u00bb \u2014 Converses a Catalunya\" data-secret=\"hi33arNaye\" frameborder=\"0\" marginwidth=\"0\" marginheight=\"0\" scrolling=\"no\" class=\"wp-embedded-content\"><\/iframe><script>\n\/*! This file is auto-generated *\/\n!function(d,l){\"use strict\";l.querySelector&&d.addEventListener&&\"undefined\"!=typeof URL&&(d.wp=d.wp||{},d.wp.receiveEmbedMessage||(d.wp.receiveEmbedMessage=function(e){var t=e.data;if((t||t.secret||t.message||t.value)&&!\/[^a-zA-Z0-9]\/.test(t.secret)){for(var s,r,n,a=l.querySelectorAll('iframe[data-secret=\"'+t.secret+'\"]'),o=l.querySelectorAll('blockquote[data-secret=\"'+t.secret+'\"]'),c=new RegExp(\"^https?:$\",\"i\"),i=0;i<o.length;i++)o[i].style.display=\"none\";for(i=0;i<a.length;i++)s=a[i],e.source===s.contentWindow&&(s.removeAttribute(\"style\"),\"height\"===t.message?(1e3<(r=parseInt(t.value,10))?r=1e3:~~r<200&&(r=200),s.height=r):\"link\"===t.message&&(r=new URL(s.getAttribute(\"src\")),n=new URL(t.value),c.test(n.protocol))&&n.host===r.host&&l.activeElement===s&&(d.top.location.href=t.value))}},d.addEventListener(\"message\",d.wp.receiveEmbedMessage,!1),l.addEventListener(\"DOMContentLoaded\",function(){for(var e,t,s=l.querySelectorAll(\"iframe.wp-embedded-content\"),r=0;r<s.length;r++)(t=(e=s[r]).getAttribute(\"data-secret\"))||(t=Math.random().toString(36).substring(2,12),e.src+=\"#?secret=\"+t,e.setAttribute(\"data-secret\",t)),e.contentWindow.postMessage({message:\"ready\",secret:t},\"*\")},!1)))}(window,document);\n<\/script>\n","thumbnail_url":"https:\/\/conversesacatalunya.cat\/wp-content\/uploads\/2020\/10\/Units-per-Avancar.png","thumbnail_width":674,"thumbnail_height":469,"description":"Transcribimos el comunicado de Units per Avan\u00e7ar Units per Avan\u00e7ar creu que el cost del coronavirus no l\u2019han de pagar ni els propietaris ni els llogaters, sin\u00f3 el Govern de la Generalitat de Catalunya Considera\u00a0 que el decret llei del Govern que interv\u00e9 el mercat de lloguer genera inseguretat jur\u00eddica. L\u2019executiu catal\u00e0 ha de donar ajudes directes al sector i injectar fons per evitar el tancament dels negocis i la conseq\u00fcent p\u00e8rdua de llocs de treball. Units per Avan\u00e7ar creu que el decret llei de la Generalitat sobre el mercat de lloguer \u00e9s clarament intervencionista i genera m\u00e9s inseguretat en un entorn ja prou complex. Units afirma que la crisi econ\u00f2mica que comporta la pand\u00e8mia fa necess\u00e0ria la negociaci\u00f3 entre propietaris i llogaters, per\u00f2 el decret llei no \u00e9s el cam\u00ed, ja que ordena i dicta el resultat final d\u2019aquesta negociaci\u00f3, limitant aix\u00ed la mediaci\u00f3 i la negociaci\u00f3 entre les parts d\u2019una manera taxativa i vulnerant la llibertat jur\u00eddica dels contractes privats. Des d\u2019un punt de vista jur\u00eddic, el Decret Llei pot ser absolutament nul, per una banda, per la protecci\u00f3 constitucional de la propietat privada i, per l\u2019altra, perqu\u00e8 no hi ha cap norma que prevegi que el Govern pugui trencar all\u00f2 que les parts privades hagin establert en un contracte, en aquest cas perfectament regulat per la llei espec\u00edfica d\u2019Arrendaments Urbans amb els principis regulats al Codi Civil. Units per Avan\u00e7ar creu que el cost del coronavirus no l\u2019han de pagar ni els propietaris ni els llogaters, sin\u00f3 que el Govern de la Generalitat ha d\u2019assumir les seves responsabilitats i no defugir-les com fa amb el decret llei. \u00c9s el Govern de la Generalitat a qui correspon protegir el sector amb ajudes directes i la injecci\u00f3 de fons per evitar que molts negocis hagin de tancar i que es perdin multitud de llocs de treball. \u00c9s el Govern de la Generalitat el que ha ordenat el tancament dels bars i dels restaurants i, per tant, \u00e9s l\u2019executiu catal\u00e0 l\u2019organisme que ha d\u2019afrontar els costos de la seva decisi\u00f3. Units considera injustificat que es carreguin els costos de les decisions del Govern a propietaris i llogaters, eludint d\u2019aquesta manera la responsabilitat de l\u2019Administraci\u00f3. Barcelona, 21 d\u2019octubre de 2020"}

Units per Avançar pide al Gobierno que asuma los costes de sus decisiones y no los traspase a propietarios e inquilinos - Converses a Catalunya

<blockquote class="wp-embedded-content" data-secret="hi33arNaye"><a href="https://conversesacatalunya.cat/es/units-per-avancar-comunicado/">Units per Avançar pide al Gobierno que asuma los costes de sus decisiones y no los traspase a propietarios e inquilinos</a></blockquote><iframe sandbox="allow-scripts" security="restricted" src="https://conversesacatalunya.cat/es/units-per-avancar-comunicado/embed/#?secret=hi33arNaye" width="600" height="338" title="«Units per Avançar pide al Gobierno que asuma los costes de sus decisiones y no los traspase a propietarios e inquilinos» — Converses a Catalunya" data-secret="hi33arNaye" frameborder="0" marginwidth="0" marginheight="0" scrolling="no" class="wp-embedded-content"></iframe><script>
/*! This file is auto-generated */
!function(d,l){"use strict";l.querySelector&&d.addEventListener&&"undefined"!=typeof URL&&(d.wp=d.wp||{},d.wp.receiveEmbedMessage||(d.wp.receiveEmbedMessage=function(e){var t=e.data;if((t||t.secret||t.message||t.value)&&!/[^a-zA-Z0-9]/.test(t.secret)){for(var s,r,n,a=l.querySelectorAll('iframe[data-secret="'+t.secret+'"]'),o=l.querySelectorAll('blockquote[data-secret="'+t.secret+'"]'),c=new RegExp("^https?:$","i"),i=0;i<o.length;i++)o[i].style.display="none";for(i=0;i<a.length;i++)s=a[i],e.source===s.contentWindow&&(s.removeAttribute("style"),"height"===t.message?(1e3<(r=parseInt(t.value,10))?r=1e3:~~r<200&&(r=200),s.height=r):"link"===t.message&&(r=new URL(s.getAttribute("src")),n=new URL(t.value),c.test(n.protocol))&&n.host===r.host&&l.activeElement===s&&(d.top.location.href=t.value))}},d.addEventListener("message",d.wp.receiveEmbedMessage,!1),l.addEventListener("DOMContentLoaded",function(){for(var e,t,s=l.querySelectorAll("iframe.wp-embedded-content"),r=0;r<s.length;r++)(t=(e=s[r]).getAttribute("data-secret"))||(t=Math.random().toString(36).substring(2,12),e.src+="#?secret="+t,e.setAttribute("data-secret",t)),e.contentWindow.postMessage({message:"ready",secret:t},"*")},!1)))}(window,document);
</script>

Transcribimos el comunicado de Units per Avançar Units per Avançar creu que el cost del coronavirus no l’han de pagar ni els propietaris ni els llogaters, sinó el Govern de la Generalitat de Catalunya Considera  que el decret llei del Govern que intervé el mercat de lloguer genera inseguretat jurídica. L’executiu català ha de donar ajudes directes al sector i injectar fons per evitar el tancament dels negocis i la conseqüent pèrdua de llocs de treball. Units per Avançar creu que el decret llei de la Generalitat sobre el mercat de lloguer és clarament intervencionista i genera més inseguretat en un entorn ja prou complex. Units afirma que la crisi econòmica que comporta la pandèmia fa necessària la negociació entre propietaris i llogaters, però el decret llei no és el camí, ja que ordena i dicta el resultat final d’aquesta negociació, limitant així la mediació i la negociació entre les parts d’una manera taxativa i vulnerant la llibertat jurídica dels contractes privats. Des d’un punt de vista jurídic, el Decret Llei pot ser absolutament nul, per una banda, per la protecció constitucional de la propietat privada i, per l’altra, perquè no hi ha cap norma que prevegi que el Govern pugui trencar allò que les parts privades hagin establert en un contracte, en aquest cas perfectament regulat per la llei específica d’Arrendaments Urbans amb els principis regulats al Codi Civil. Units per Avançar creu que el cost del coronavirus no l’han de pagar ni els propietaris ni els llogaters, sinó que el Govern de la Generalitat ha d’assumir les seves responsabilitats i no defugir-les com fa amb el decret llei. És el Govern de la Generalitat a qui correspon protegir el sector amb ajudes directes i la injecció de fons per evitar que molts negocis hagin de tancar i que es perdin multitud de llocs de treball. És el Govern de la Generalitat el que ha ordenat el tancament dels bars i dels restaurants i, per tant, és l’executiu català l’organisme que ha d’afrontar els costos de la seva decisió. Units considera injustificat que es carreguin els costos de les decisions del Govern a propietaris i llogaters, eludint d’aquesta manera la responsabilitat de l’Administració. Barcelona, 21 d’octubre de 2020
