{"version":"1.0","provider_name":"Converses a Catalunya","provider_url":"https:\/\/conversesacatalunya.cat\/es\/","title":"\u00bfUna escuela p\u00fablica catalana de feria? - Converses a Catalunya","type":"rich","width":600,"height":338,"html":"<blockquote class=\"wp-embedded-content\" data-secret=\"52xHA75LpF\"><a href=\"https:\/\/conversesacatalunya.cat\/es\/una-escuela-publica-catalana-de-feria\/\">\u00bfUna escuela p\u00fablica catalana de feria?<\/a><\/blockquote><iframe sandbox=\"allow-scripts\" security=\"restricted\" src=\"https:\/\/conversesacatalunya.cat\/es\/una-escuela-publica-catalana-de-feria\/embed\/#?secret=52xHA75LpF\" width=\"600\" height=\"338\" title=\"\u00ab\u00bfUna escuela p\u00fablica catalana de feria?\u00bb \u2014 Converses a Catalunya\" data-secret=\"52xHA75LpF\" frameborder=\"0\" marginwidth=\"0\" marginheight=\"0\" scrolling=\"no\" class=\"wp-embedded-content\"><\/iframe><script>\n\/*! This file is auto-generated *\/\n!function(d,l){\"use strict\";l.querySelector&&d.addEventListener&&\"undefined\"!=typeof URL&&(d.wp=d.wp||{},d.wp.receiveEmbedMessage||(d.wp.receiveEmbedMessage=function(e){var t=e.data;if((t||t.secret||t.message||t.value)&&!\/[^a-zA-Z0-9]\/.test(t.secret)){for(var s,r,n,a=l.querySelectorAll('iframe[data-secret=\"'+t.secret+'\"]'),o=l.querySelectorAll('blockquote[data-secret=\"'+t.secret+'\"]'),c=new RegExp(\"^https?:$\",\"i\"),i=0;i<o.length;i++)o[i].style.display=\"none\";for(i=0;i<a.length;i++)s=a[i],e.source===s.contentWindow&&(s.removeAttribute(\"style\"),\"height\"===t.message?(1e3<(r=parseInt(t.value,10))?r=1e3:~~r<200&&(r=200),s.height=r):\"link\"===t.message&&(r=new URL(s.getAttribute(\"src\")),n=new URL(t.value),c.test(n.protocol))&&n.host===r.host&&l.activeElement===s&&(d.top.location.href=t.value))}},d.addEventListener(\"message\",d.wp.receiveEmbedMessage,!1),l.addEventListener(\"DOMContentLoaded\",function(){for(var e,t,s=l.querySelectorAll(\"iframe.wp-embedded-content\"),r=0;r<s.length;r++)(t=(e=s[r]).getAttribute(\"data-secret\"))||(t=Math.random().toString(36).substring(2,12),e.src+=\"#?secret=\"+t,e.setAttribute(\"data-secret\",t)),e.contentWindow.postMessage({message:\"ready\",secret:t},\"*\")},!1)))}(window,document);\n<\/script>\n","thumbnail_url":"https:\/\/conversesacatalunya.cat\/wp-content\/uploads\/2022\/02\/llei-celaa.jpg","thumbnail_width":620,"thumbnail_height":349,"description":"La memoria es fr\u00e1gil y ya no se recuerda el coste brutal que tuvo para los ni\u00f1os afectados por la LOGSE y el p\u00e9simo sistema educativo al que dio lugar, o c\u00f3mo la moda de ense\u00f1ar matem\u00e1ticas a trav\u00e9s de los conjuntos hizo un destrozo en el aprendizaje de esta disciplina.\u00a0Los legisladores con el paso del tiempo pasaron p\u00e1gina, pero los adolescentes que la sufrieron han arrastrado durante a\u00f1os sus costes y buena parte nunca ha logrado superarlos. Ahora nos encontramos con unas perspectivas a\u00fan m\u00e1s catastr\u00f3ficas a consecuencia de la aplicaci\u00f3n de la\u00a0ley Cela\u00e1\u00a0y del uso que de \u00e9sta hace la Generalitat de Catalunya, acentuando sus inconvenientes. Ahora las notas de los ex\u00e1menes pasar\u00e1n a un segundo plano, de forma que se\u00a0eliminan las calificaciones en el primer, tercer y quinto a\u00f1o de primaria y se mantienen en los restantes. Por qu\u00e9 no habr\u00e1 notas escolares durante una parte del ciclo y en la otra parte s\u00ed, es un componente m\u00e1s de los misterios de la nueva pedagog\u00eda. Tambi\u00e9n se modifica el \u00abno logro\u00ab, el eufemismo del suspenso, por uno superior, \u00aben proceso de logro\u00bb, no sea que el estudiante quede traumatizado. Por tanto, se reducen a la mitad de los a\u00f1os las calificaciones y cuando \u00e9stas se aplican no hay nadie que pueda decir lo que es tan antiguo como que ha suspendido una asignatura.\u00a0Todo esto se disfraza con el discurso de que, de este modo, se podr\u00e1 dar una informaci\u00f3n cualitativa m\u00e1s completa, como si la nota no fuera la expresi\u00f3n s\u00edntesis de estas consideraciones cualitativas. La administraci\u00f3n de la Generalitat entiende que los distintos ritmos de aprendizaje de los alumnos no permiten precisar unos objetivos para los curr\u00edculos anuales.\u00a0Por tanto, hablando en plata\u00a0no se podr\u00e1 decir si un chico va bien o mal porque cada uno va a su aire. Estos hechos ligados a los dem\u00e1s que componen la ley Cela\u00e1 y la aplicaci\u00f3n que se hace en Catalu\u00f1a, de poder pasar de curso con asignaturas suspendidas, se combina con la sustituci\u00f3n del aprendizaje de conocimientos \u201cde la educaci\u00f3n tradicional\u201d por el\u00a0aprendizaje de competencias, lo que garantiza que se produzca una mara\u00f1a de conocimientos que genere unas cuantas promociones de semianalfabetos. Las universidades van advirtiendo desde hace a\u00f1os que cada vez llegan\u00a0alumnos menos preparados.\u00a0Ahora ese fen\u00f3meno se acentuar\u00e1.\u00a0Eso s\u00ed, los datos estad\u00edsticos sobre suspensos y personas que no logran pasar curso, quedar\u00e1n absolutamente transformados.\u00a0Estad\u00edsticamente, el \u00e9xito educativo con la ley Cela\u00e1 y por la acci\u00f3n de la Generalitat, queda garantizado. La l\u00e1stima es que la realidad ser\u00e1 la de derrumbar a\u00fan m\u00e1s el bajo rendimiento escolar que caracteriza al sistema educativo p\u00fablico en nuestro pa\u00eds."}

¿Una escuela pública catalana de feria? - Converses a Catalunya

<blockquote class="wp-embedded-content" data-secret="52xHA75LpF"><a href="https://conversesacatalunya.cat/es/una-escuela-publica-catalana-de-feria/">¿Una escuela pública catalana de feria?</a></blockquote><iframe sandbox="allow-scripts" security="restricted" src="https://conversesacatalunya.cat/es/una-escuela-publica-catalana-de-feria/embed/#?secret=52xHA75LpF" width="600" height="338" title="«¿Una escuela pública catalana de feria?» — Converses a Catalunya" data-secret="52xHA75LpF" frameborder="0" marginwidth="0" marginheight="0" scrolling="no" class="wp-embedded-content"></iframe><script>
/*! This file is auto-generated */
!function(d,l){"use strict";l.querySelector&&d.addEventListener&&"undefined"!=typeof URL&&(d.wp=d.wp||{},d.wp.receiveEmbedMessage||(d.wp.receiveEmbedMessage=function(e){var t=e.data;if((t||t.secret||t.message||t.value)&&!/[^a-zA-Z0-9]/.test(t.secret)){for(var s,r,n,a=l.querySelectorAll('iframe[data-secret="'+t.secret+'"]'),o=l.querySelectorAll('blockquote[data-secret="'+t.secret+'"]'),c=new RegExp("^https?:$","i"),i=0;i<o.length;i++)o[i].style.display="none";for(i=0;i<a.length;i++)s=a[i],e.source===s.contentWindow&&(s.removeAttribute("style"),"height"===t.message?(1e3<(r=parseInt(t.value,10))?r=1e3:~~r<200&&(r=200),s.height=r):"link"===t.message&&(r=new URL(s.getAttribute("src")),n=new URL(t.value),c.test(n.protocol))&&n.host===r.host&&l.activeElement===s&&(d.top.location.href=t.value))}},d.addEventListener("message",d.wp.receiveEmbedMessage,!1),l.addEventListener("DOMContentLoaded",function(){for(var e,t,s=l.querySelectorAll("iframe.wp-embedded-content"),r=0;r<s.length;r++)(t=(e=s[r]).getAttribute("data-secret"))||(t=Math.random().toString(36).substring(2,12),e.src+="#?secret="+t,e.setAttribute("data-secret",t)),e.contentWindow.postMessage({message:"ready",secret:t},"*")},!1)))}(window,document);
</script>

La memoria es frágil y ya no se recuerda el coste brutal que tuvo para los niños afectados por la LOGSE y el pésimo sistema educativo al que dio lugar, o cómo la moda de enseñar matemáticas a través de los conjuntos hizo un destrozo en el aprendizaje de esta disciplina. Los legisladores con el paso del tiempo pasaron página, pero los adolescentes que la sufrieron han arrastrado durante años sus costes y buena parte nunca ha logrado superarlos. Ahora nos encontramos con unas perspectivas aún más catastróficas a consecuencia de la aplicación de la ley Celaá y del uso que de ésta hace la Generalitat de Catalunya, acentuando sus inconvenientes. Ahora las notas de los exámenes pasarán a un segundo plano, de forma que se eliminan las calificaciones en el primer, tercer y quinto año de primaria y se mantienen en los restantes. Por qué no habrá notas escolares durante una parte del ciclo y en la otra parte sí, es un componente más de los misterios de la nueva pedagogía. También se modifica el «no logro«, el eufemismo del suspenso, por uno superior, «en proceso de logro», no sea que el estudiante quede traumatizado. Por tanto, se reducen a la mitad de los años las calificaciones y cuando éstas se aplican no hay nadie que pueda decir lo que es tan antiguo como que ha suspendido una asignatura. Todo esto se disfraza con el discurso de que, de este modo, se podrá dar una información cualitativa más completa, como si la nota no fuera la expresión síntesis de estas consideraciones cualitativas. La administración de la Generalitat entiende que los distintos ritmos de aprendizaje de los alumnos no permiten precisar unos objetivos para los currículos anuales. Por tanto, hablando en plata no se podrá decir si un chico va bien o mal porque cada uno va a su aire. Estos hechos ligados a los demás que componen la ley Celaá y la aplicación que se hace en Cataluña, de poder pasar de curso con asignaturas suspendidas, se combina con la sustitución del aprendizaje de conocimientos “de la educación tradicional” por el aprendizaje de competencias, lo que garantiza que se produzca una maraña de conocimientos que genere unas cuantas promociones de semianalfabetos. Las universidades van advirtiendo desde hace años que cada vez llegan alumnos menos preparados. Ahora ese fenómeno se acentuará. Eso sí, los datos estadísticos sobre suspensos y personas que no logran pasar curso, quedarán absolutamente transformados. Estadísticamente, el éxito educativo con la ley Celaá y por la acción de la Generalitat, queda garantizado. La lástima es que la realidad será la de derrumbar aún más el bajo rendimiento escolar que caracteriza al sistema educativo público en nuestro país.
