{"version":"1.0","provider_name":"Converses a Catalunya","provider_url":"https:\/\/conversesacatalunya.cat\/es\/","title":"Un problema de responsabilidad (Domingo Mart\u00ednez) - Converses a Catalunya","type":"rich","width":600,"height":338,"html":"<blockquote class=\"wp-embedded-content\" data-secret=\"WhYaxIxgXT\"><a href=\"https:\/\/conversesacatalunya.cat\/es\/un-problema-de-responsabilidad-domingo-martinez\/\">Un problema de responsabilidad (Domingo Mart\u00ednez)<\/a><\/blockquote><iframe sandbox=\"allow-scripts\" security=\"restricted\" src=\"https:\/\/conversesacatalunya.cat\/es\/un-problema-de-responsabilidad-domingo-martinez\/embed\/#?secret=WhYaxIxgXT\" width=\"600\" height=\"338\" title=\"\u00abUn problema de responsabilidad (Domingo Mart\u00ednez)\u00bb \u2014 Converses a Catalunya\" data-secret=\"WhYaxIxgXT\" frameborder=\"0\" marginwidth=\"0\" marginheight=\"0\" scrolling=\"no\" class=\"wp-embedded-content\"><\/iframe><script>\n\/*! This file is auto-generated *\/\n!function(d,l){\"use strict\";l.querySelector&&d.addEventListener&&\"undefined\"!=typeof URL&&(d.wp=d.wp||{},d.wp.receiveEmbedMessage||(d.wp.receiveEmbedMessage=function(e){var t=e.data;if((t||t.secret||t.message||t.value)&&!\/[^a-zA-Z0-9]\/.test(t.secret)){for(var s,r,n,a=l.querySelectorAll('iframe[data-secret=\"'+t.secret+'\"]'),o=l.querySelectorAll('blockquote[data-secret=\"'+t.secret+'\"]'),c=new RegExp(\"^https?:$\",\"i\"),i=0;i<o.length;i++)o[i].style.display=\"none\";for(i=0;i<a.length;i++)s=a[i],e.source===s.contentWindow&&(s.removeAttribute(\"style\"),\"height\"===t.message?(1e3<(r=parseInt(t.value,10))?r=1e3:~~r<200&&(r=200),s.height=r):\"link\"===t.message&&(r=new URL(s.getAttribute(\"src\")),n=new URL(t.value),c.test(n.protocol))&&n.host===r.host&&l.activeElement===s&&(d.top.location.href=t.value))}},d.addEventListener(\"message\",d.wp.receiveEmbedMessage,!1),l.addEventListener(\"DOMContentLoaded\",function(){for(var e,t,s=l.querySelectorAll(\"iframe.wp-embedded-content\"),r=0;r<s.length;r++)(t=(e=s[r]).getAttribute(\"data-secret\"))||(t=Math.random().toString(36).substring(2,12),e.src+=\"#?secret=\"+t,e.setAttribute(\"data-secret\",t)),e.contentWindow.postMessage({message:\"ready\",secret:t},\"*\")},!1)))}(window,document);\n<\/script>\n","thumbnail_url":"https:\/\/conversesacatalunya.cat\/wp-content\/uploads\/2020\/05\/Gent-confinada.jpg","thumbnail_width":980,"thumbnail_height":528,"description":"A lo largo de estos dos meses de confinamiento en casa, excepto para aquellos considerados profesionales de actividades esenciales, se ha demostrado que\u00a0la gente se ha comportado c\u00edvicamente\u00a0y con ganas de colaborar para evitar males mayores. Pero se ha echado de menos un verdadero gabinete de crisis\u00a0-con profesionales de primera l\u00ednea- desde el primer momento.\u00a0Gabinete de crisis diferente del gobierno, que no tiene que saber de todo, especialmente de la enorme y compleja cuesti\u00f3n que se nos ven\u00eda encima. El gobierno y sus ministros no saben nada de pandemias y de sus consecuencias, y no tomarlas en serio o tomar decisiones equivocadas ha llevado a resultados grav\u00edsimos.\u00a0El gobierno y sus ministros podr\u00edan haber tenido\u00a0un papel moderador\u00a0considerando los datos que les llegaban de Europa y de otros pa\u00edses, y por tanto haber colaborado con este gabinete de crisis que nunca se form\u00f3.\u00a0Todo esto me result\u00f3 extra\u00f1o. Este supuesto gabinete aun podr\u00eda formarse . Deber\u00eda estar formado por especialistas en medicina preventiva, microbi\u00f3logos y vir\u00f3logos, grandes profesionales de la log\u00edstica y movimiento de mercanc\u00edas, empresas farmac\u00e9uticas, y las correspondientes federaciones de alimentaci\u00f3n y bebidas, economistas de gran trayectoria, etc., independientemente de su filiaci\u00f3n pol\u00edtica. Todos ellos saben comprar y vender, saben mover productos y no se les enga\u00f1a f\u00e1cilmente, lo que ha pasado con el gobierno y sus asesores a lo largo de estos meses. Ellos se habr\u00edan enfrentado a esta pandemia de una manera muy diferente y habr\u00edan hecho caso, quiz\u00e1s m\u00e1s pronto, a las recomendaciones de la sanidad europea y de la OMS. Si no se ha formado, ha sido -probablemente- porque al gobierno actual no le interesaba por otros motivos."}

Un problema de responsabilidad (Domingo Martínez) - Converses a Catalunya

<blockquote class="wp-embedded-content" data-secret="WhYaxIxgXT"><a href="https://conversesacatalunya.cat/es/un-problema-de-responsabilidad-domingo-martinez/">Un problema de responsabilidad (Domingo Martínez)</a></blockquote><iframe sandbox="allow-scripts" security="restricted" src="https://conversesacatalunya.cat/es/un-problema-de-responsabilidad-domingo-martinez/embed/#?secret=WhYaxIxgXT" width="600" height="338" title="«Un problema de responsabilidad (Domingo Martínez)» — Converses a Catalunya" data-secret="WhYaxIxgXT" frameborder="0" marginwidth="0" marginheight="0" scrolling="no" class="wp-embedded-content"></iframe><script>
/*! This file is auto-generated */
!function(d,l){"use strict";l.querySelector&&d.addEventListener&&"undefined"!=typeof URL&&(d.wp=d.wp||{},d.wp.receiveEmbedMessage||(d.wp.receiveEmbedMessage=function(e){var t=e.data;if((t||t.secret||t.message||t.value)&&!/[^a-zA-Z0-9]/.test(t.secret)){for(var s,r,n,a=l.querySelectorAll('iframe[data-secret="'+t.secret+'"]'),o=l.querySelectorAll('blockquote[data-secret="'+t.secret+'"]'),c=new RegExp("^https?:$","i"),i=0;i<o.length;i++)o[i].style.display="none";for(i=0;i<a.length;i++)s=a[i],e.source===s.contentWindow&&(s.removeAttribute("style"),"height"===t.message?(1e3<(r=parseInt(t.value,10))?r=1e3:~~r<200&&(r=200),s.height=r):"link"===t.message&&(r=new URL(s.getAttribute("src")),n=new URL(t.value),c.test(n.protocol))&&n.host===r.host&&l.activeElement===s&&(d.top.location.href=t.value))}},d.addEventListener("message",d.wp.receiveEmbedMessage,!1),l.addEventListener("DOMContentLoaded",function(){for(var e,t,s=l.querySelectorAll("iframe.wp-embedded-content"),r=0;r<s.length;r++)(t=(e=s[r]).getAttribute("data-secret"))||(t=Math.random().toString(36).substring(2,12),e.src+="#?secret="+t,e.setAttribute("data-secret",t)),e.contentWindow.postMessage({message:"ready",secret:t},"*")},!1)))}(window,document);
</script>

A lo largo de estos dos meses de confinamiento en casa, excepto para aquellos considerados profesionales de actividades esenciales, se ha demostrado que la gente se ha comportado cívicamente y con ganas de colaborar para evitar males mayores. Pero se ha echado de menos un verdadero gabinete de crisis -con profesionales de primera línea- desde el primer momento. Gabinete de crisis diferente del gobierno, que no tiene que saber de todo, especialmente de la enorme y compleja cuestión que se nos venía encima. El gobierno y sus ministros no saben nada de pandemias y de sus consecuencias, y no tomarlas en serio o tomar decisiones equivocadas ha llevado a resultados gravísimos. El gobierno y sus ministros podrían haber tenido un papel moderador considerando los datos que les llegaban de Europa y de otros países, y por tanto haber colaborado con este gabinete de crisis que nunca se formó. Todo esto me resultó extraño. Este supuesto gabinete aun podría formarse . Debería estar formado por especialistas en medicina preventiva, microbiólogos y virólogos, grandes profesionales de la logística y movimiento de mercancías, empresas farmacéuticas, y las correspondientes federaciones de alimentación y bebidas, economistas de gran trayectoria, etc., independientemente de su filiación política. Todos ellos saben comprar y vender, saben mover productos y no se les engaña fácilmente, lo que ha pasado con el gobierno y sus asesores a lo largo de estos meses. Ellos se habrían enfrentado a esta pandemia de una manera muy diferente y habrían hecho caso, quizás más pronto, a las recomendaciones de la sanidad europea y de la OMS. Si no se ha formado, ha sido -probablemente- porque al gobierno actual no le interesaba por otros motivos.
