{"version":"1.0","provider_name":"Converses a Catalunya","provider_url":"https:\/\/conversesacatalunya.cat\/es\/","title":"Un gobierno contra su propia polic\u00eda - Converses a Catalunya","type":"rich","width":600,"height":338,"html":"<blockquote class=\"wp-embedded-content\" data-secret=\"UCprlPtwMz\"><a href=\"https:\/\/conversesacatalunya.cat\/es\/un-gobierno-contra-su-propia-policia\/\">Un gobierno contra su propia polic\u00eda<\/a><\/blockquote><iframe sandbox=\"allow-scripts\" security=\"restricted\" src=\"https:\/\/conversesacatalunya.cat\/es\/un-gobierno-contra-su-propia-policia\/embed\/#?secret=UCprlPtwMz\" width=\"600\" height=\"338\" title=\"\u00abUn gobierno contra su propia polic\u00eda\u00bb \u2014 Converses a Catalunya\" data-secret=\"UCprlPtwMz\" frameborder=\"0\" marginwidth=\"0\" marginheight=\"0\" scrolling=\"no\" class=\"wp-embedded-content\"><\/iframe><script>\n\/*! This file is auto-generated *\/\n!function(d,l){\"use strict\";l.querySelector&&d.addEventListener&&\"undefined\"!=typeof URL&&(d.wp=d.wp||{},d.wp.receiveEmbedMessage||(d.wp.receiveEmbedMessage=function(e){var t=e.data;if((t||t.secret||t.message||t.value)&&!\/[^a-zA-Z0-9]\/.test(t.secret)){for(var s,r,n,a=l.querySelectorAll('iframe[data-secret=\"'+t.secret+'\"]'),o=l.querySelectorAll('blockquote[data-secret=\"'+t.secret+'\"]'),c=new RegExp(\"^https?:$\",\"i\"),i=0;i<o.length;i++)o[i].style.display=\"none\";for(i=0;i<a.length;i++)s=a[i],e.source===s.contentWindow&&(s.removeAttribute(\"style\"),\"height\"===t.message?(1e3<(r=parseInt(t.value,10))?r=1e3:~~r<200&&(r=200),s.height=r):\"link\"===t.message&&(r=new URL(s.getAttribute(\"src\")),n=new URL(t.value),c.test(n.protocol))&&n.host===r.host&&l.activeElement===s&&(d.top.location.href=t.value))}},d.addEventListener(\"message\",d.wp.receiveEmbedMessage,!1),l.addEventListener(\"DOMContentLoaded\",function(){for(var e,t,s=l.querySelectorAll(\"iframe.wp-embedded-content\"),r=0;r<s.length;r++)(t=(e=s[r]).getAttribute(\"data-secret\"))||(t=Math.random().toString(36).substring(2,12),e.src+=\"#?secret=\"+t,e.setAttribute(\"data-secret\",t)),e.contentWindow.postMessage({message:\"ready\",secret:t},\"*\")},!1)))}(window,document);\n<\/script>\n","thumbnail_url":"https:\/\/conversesacatalunya.cat\/wp-content\/uploads\/2020\/05\/policia.jpg","thumbnail_width":992,"thumbnail_height":558,"description":"El gobierno independentista de la Generalitat debe ser el \u00fanico de naturaleza democr\u00e1tica que hace lo posible, y un poco m\u00e1s, para destruir a su propia polic\u00eda. Los Mossos d\u2019Esquadra. El cuerpo de los Mossos d\u2019Esquadra es la polic\u00eda integral de Catalu\u00f1a y disponen de todas las competencias ordinarias en materia de seguridad ciudadana y orden p\u00fablico, as\u00ed como el control de la seguridad vial. \u00c9s la cristalizaci\u00f3n m\u00e1s visible de una demanda hist\u00f3rica, que no se alcanz\u00f3 con el Estatuto de Autonom\u00eda de la Segunda Rep\u00fablica, donde si bien el presidente de la Generalitat era la primera autoridad, tambi\u00e9n en el mando policial, los Mossos eran una peque\u00f1a unidad residual, y la seguridad corr\u00eda a cargo de la polic\u00eda y de la Guardia Civil, denominada a partir de 1936 como Guardia Nacional Republicana. De hecho, la polic\u00eda catalana es una de las pocas \u201cestructuras de estado\u201d, concepto popularizado por el proceso, que realmente est\u00e1n disponibles y funcionan, y sin duda la de mayor dimensi\u00f3n y responsabilidad. A pesar de todo ello, los encontronazos, y menosprecios, cuando no indicaciones contradictorias por parte del gobierno de la Generalitat son continuadas. La an\u00f3mala situaci\u00f3n de que mientras por una parte se alentaban las manifestaciones en la calle, por otra se mandaba a la polic\u00eda de Catalu\u00f1a a contenerlas, para despu\u00e9s abrir expedientes en la perspectiva de posibles sanciones por actuaciones policiales indebidas. Normalmente, la direcci\u00f3n pol\u00edtica de estos cuerpos peca de intentar protegerlos, en el caso catal\u00e1n tiende a funcionar en sentido inverso. El resultado es que, para amplios sectores del independentismo, lo que era \u201csu\u201d polic\u00eda, se ha convertido en un enemigo m\u00e1s de su larga lista. Pero ahora esa serie de desencuentros y conflictos han alcanzado un zenit porque afecta a la salud de los propios polic\u00edas, y por extensi\u00f3n a sus familias. Se vive la absurda situaci\u00f3n de que 1.500 agentes, incluido el intendente mayor, se encuentran confinados en cuarentena, como sospechosos de ser portadores del coronavirus, y por falta de pruebas de contagio que lo confirmen o desmientan. En las tres \u00faltimas semanas los Mossos d\u2019Esquadra, a pesar de desempe\u00f1ar una tarea en primera l\u00ednea de contagio, no han sido objeto de un solo test. No solo esto, sino que adem\u00e1s su equipamiento de protecci\u00f3n es claramente insuficiente, lo que supone un riego permanente para sus miembros. La polic\u00eda que se encarg\u00f3 de vigilar el confinamiento de Igualada y otros cuatro municipios de la Conca d\u2019Odena, tuvieron de desempe\u00f1ar su tarea con poco m\u00e1s que una mascarilla quir\u00fargica, a pesar de tratarse de una zona de alto riego. El conflicto ha llegado a un nivel tal que ha comportado una reuni\u00f3n de todos los altos mandos del cuerpo para establecer una reivindicaci\u00f3n com\u00fan ante el gobierno. Para un mayor absurdo, el consejero Buch, responsable de la polic\u00eda y de Junts per Catalunya, acusa a la consejera Verg\u00e9s, d\u2019ERC responsable de Sanidad, de la falta de pruebas de diagn\u00f3stico ante la desaparici\u00f3n ol\u00edmpica de Torra. \u00bfPuede concebirse en un gobierno la presencia p\u00fablica de dos consejeros sin la intervenci\u00f3n del presidente? \u00bfQu\u00e9 y a qui\u00e9n manda realmente Torra? \u00bfO es en realidad un simple influencer que se limita a opinar en sus twits? La crisis se ha multiplicado porque simult\u00e1neamente se ha producido otro maltrato. Cuando el gobierno estableci\u00f3 una paga extra para los cuerpos que est\u00e1n en primera l\u00ednea de la lucha contra el virus, se \u201colvidaron\u201d de la polic\u00eda, lo cual no deja de ser un indicador de en qu\u00e9 medida la tienen presente. Lo sorprendente del caso es que a pesar de conflictos de esta magnitud y de resultados p\u00e9simos en la gesti\u00f3n del Coronavirus, que convierte a Catalu\u00f1a, junto con Madrid, en uno de los territorios con m\u00e1s muertos por habitante de toda Europa, el independentismo parece seguir registrando buenos apoyos electorales. Claro que tambi\u00e9n existe una explicaci\u00f3n para esta anomal\u00eda: las alternativas no son precisamente para lanzar cohetes. \u00bfPodr\u00edamos llamar a esto un callej\u00f3n sin salida? M\u00e1s informaci\u00f3n sobre el coronavirus en ESPECIAL CORONAVIRUS"}

Un gobierno contra su propia policía - Converses a Catalunya

<blockquote class="wp-embedded-content" data-secret="UCprlPtwMz"><a href="https://conversesacatalunya.cat/es/un-gobierno-contra-su-propia-policia/">Un gobierno contra su propia policía</a></blockquote><iframe sandbox="allow-scripts" security="restricted" src="https://conversesacatalunya.cat/es/un-gobierno-contra-su-propia-policia/embed/#?secret=UCprlPtwMz" width="600" height="338" title="«Un gobierno contra su propia policía» — Converses a Catalunya" data-secret="UCprlPtwMz" frameborder="0" marginwidth="0" marginheight="0" scrolling="no" class="wp-embedded-content"></iframe><script>
/*! This file is auto-generated */
!function(d,l){"use strict";l.querySelector&&d.addEventListener&&"undefined"!=typeof URL&&(d.wp=d.wp||{},d.wp.receiveEmbedMessage||(d.wp.receiveEmbedMessage=function(e){var t=e.data;if((t||t.secret||t.message||t.value)&&!/[^a-zA-Z0-9]/.test(t.secret)){for(var s,r,n,a=l.querySelectorAll('iframe[data-secret="'+t.secret+'"]'),o=l.querySelectorAll('blockquote[data-secret="'+t.secret+'"]'),c=new RegExp("^https?:$","i"),i=0;i<o.length;i++)o[i].style.display="none";for(i=0;i<a.length;i++)s=a[i],e.source===s.contentWindow&&(s.removeAttribute("style"),"height"===t.message?(1e3<(r=parseInt(t.value,10))?r=1e3:~~r<200&&(r=200),s.height=r):"link"===t.message&&(r=new URL(s.getAttribute("src")),n=new URL(t.value),c.test(n.protocol))&&n.host===r.host&&l.activeElement===s&&(d.top.location.href=t.value))}},d.addEventListener("message",d.wp.receiveEmbedMessage,!1),l.addEventListener("DOMContentLoaded",function(){for(var e,t,s=l.querySelectorAll("iframe.wp-embedded-content"),r=0;r<s.length;r++)(t=(e=s[r]).getAttribute("data-secret"))||(t=Math.random().toString(36).substring(2,12),e.src+="#?secret="+t,e.setAttribute("data-secret",t)),e.contentWindow.postMessage({message:"ready",secret:t},"*")},!1)))}(window,document);
</script>

El gobierno independentista de la Generalitat debe ser el único de naturaleza democrática que hace lo posible, y un poco más, para destruir a su propia policía. Los Mossos d’Esquadra. El cuerpo de los Mossos d’Esquadra es la policía integral de Cataluña y disponen de todas las competencias ordinarias en materia de seguridad ciudadana y orden público, así como el control de la seguridad vial. És la cristalización más visible de una demanda histórica, que no se alcanzó con el Estatuto de Autonomía de la Segunda República, donde si bien el presidente de la Generalitat era la primera autoridad, también en el mando policial, los Mossos eran una pequeña unidad residual, y la seguridad corría a cargo de la policía y de la Guardia Civil, denominada a partir de 1936 como Guardia Nacional Republicana. De hecho, la policía catalana es una de las pocas “estructuras de estado”, concepto popularizado por el proceso, que realmente están disponibles y funcionan, y sin duda la de mayor dimensión y responsabilidad. A pesar de todo ello, los encontronazos, y menosprecios, cuando no indicaciones contradictorias por parte del gobierno de la Generalitat son continuadas. La anómala situación de que mientras por una parte se alentaban las manifestaciones en la calle, por otra se mandaba a la policía de Cataluña a contenerlas, para después abrir expedientes en la perspectiva de posibles sanciones por actuaciones policiales indebidas. Normalmente, la dirección política de estos cuerpos peca de intentar protegerlos, en el caso catalán tiende a funcionar en sentido inverso. El resultado es que, para amplios sectores del independentismo, lo que era “su” policía, se ha convertido en un enemigo más de su larga lista. Pero ahora esa serie de desencuentros y conflictos han alcanzado un zenit porque afecta a la salud de los propios policías, y por extensión a sus familias. Se vive la absurda situación de que 1.500 agentes, incluido el intendente mayor, se encuentran confinados en cuarentena, como sospechosos de ser portadores del coronavirus, y por falta de pruebas de contagio que lo confirmen o desmientan. En las tres últimas semanas los Mossos d’Esquadra, a pesar de desempeñar una tarea en primera línea de contagio, no han sido objeto de un solo test. No solo esto, sino que además su equipamiento de protección es claramente insuficiente, lo que supone un riego permanente para sus miembros. La policía que se encargó de vigilar el confinamiento de Igualada y otros cuatro municipios de la Conca d’Odena, tuvieron de desempeñar su tarea con poco más que una mascarilla quirúrgica, a pesar de tratarse de una zona de alto riego. El conflicto ha llegado a un nivel tal que ha comportado una reunión de todos los altos mandos del cuerpo para establecer una reivindicación común ante el gobierno. Para un mayor absurdo, el consejero Buch, responsable de la policía y de Junts per Catalunya, acusa a la consejera Vergés, d’ERC responsable de Sanidad, de la falta de pruebas de diagnóstico ante la desaparición olímpica de Torra. ¿Puede concebirse en un gobierno la presencia pública de dos consejeros sin la intervención del presidente? ¿Qué y a quién manda realmente Torra? ¿O es en realidad un simple influencer que se limita a opinar en sus twits? La crisis se ha multiplicado porque simultáneamente se ha producido otro maltrato. Cuando el gobierno estableció una paga extra para los cuerpos que están en primera línea de la lucha contra el virus, se “olvidaron” de la policía, lo cual no deja de ser un indicador de en qué medida la tienen presente. Lo sorprendente del caso es que a pesar de conflictos de esta magnitud y de resultados pésimos en la gestión del Coronavirus, que convierte a Cataluña, junto con Madrid, en uno de los territorios con más muertos por habitante de toda Europa, el independentismo parece seguir registrando buenos apoyos electorales. Claro que también existe una explicación para esta anomalía: las alternativas no son precisamente para lanzar cohetes. ¿Podríamos llamar a esto un callejón sin salida? Más información sobre el coronavirus en ESPECIAL CORONAVIRUS
