{"version":"1.0","provider_name":"Converses a Catalunya","provider_url":"https:\/\/conversesacatalunya.cat\/es\/","title":"Un est\u00fapido impuesto ambiental - Converses a Catalunya","type":"rich","width":600,"height":338,"html":"<blockquote class=\"wp-embedded-content\" data-secret=\"sThHXkNPxa\"><a href=\"https:\/\/conversesacatalunya.cat\/es\/un-estupido-impuesto-ambiental\/\">Un est\u00fapido impuesto ambiental<\/a><\/blockquote><iframe sandbox=\"allow-scripts\" security=\"restricted\" src=\"https:\/\/conversesacatalunya.cat\/es\/un-estupido-impuesto-ambiental\/embed\/#?secret=sThHXkNPxa\" width=\"600\" height=\"338\" title=\"\u00abUn est\u00fapido impuesto ambiental\u00bb \u2014 Converses a Catalunya\" data-secret=\"sThHXkNPxa\" frameborder=\"0\" marginwidth=\"0\" marginheight=\"0\" scrolling=\"no\" class=\"wp-embedded-content\"><\/iframe><script>\n\/*! This file is auto-generated *\/\n!function(d,l){\"use strict\";l.querySelector&&d.addEventListener&&\"undefined\"!=typeof URL&&(d.wp=d.wp||{},d.wp.receiveEmbedMessage||(d.wp.receiveEmbedMessage=function(e){var t=e.data;if((t||t.secret||t.message||t.value)&&!\/[^a-zA-Z0-9]\/.test(t.secret)){for(var s,r,n,a=l.querySelectorAll('iframe[data-secret=\"'+t.secret+'\"]'),o=l.querySelectorAll('blockquote[data-secret=\"'+t.secret+'\"]'),c=new RegExp(\"^https?:$\",\"i\"),i=0;i<o.length;i++)o[i].style.display=\"none\";for(i=0;i<a.length;i++)s=a[i],e.source===s.contentWindow&&(s.removeAttribute(\"style\"),\"height\"===t.message?(1e3<(r=parseInt(t.value,10))?r=1e3:~~r<200&&(r=200),s.height=r):\"link\"===t.message&&(r=new URL(s.getAttribute(\"src\")),n=new URL(t.value),c.test(n.protocol))&&n.host===r.host&&l.activeElement===s&&(d.top.location.href=t.value))}},d.addEventListener(\"message\",d.wp.receiveEmbedMessage,!1),l.addEventListener(\"DOMContentLoaded\",function(){for(var e,t,s=l.querySelectorAll(\"iframe.wp-embedded-content\"),r=0;r<s.length;r++)(t=(e=s[r]).getAttribute(\"data-secret\"))||(t=Math.random().toString(36).substring(2,12),e.src+=\"#?secret=\"+t,e.setAttribute(\"data-secret\",t)),e.contentWindow.postMessage({message:\"ready\",secret:t},\"*\")},!1)))}(window,document);\n<\/script>\n","thumbnail_url":"https:\/\/conversesacatalunya.cat\/wp-content\/uploads\/2020\/01\/contaminaci\u00f3-ac\u00fastica-1024x576.jpg","thumbnail_width":1024,"thumbnail_height":576,"description":"Est\u00e1 visto que las pol\u00edticas medioambientales de quienes nos gobiernan en Barcelona y la Generalitat compiten en su car\u00e1cter injusto. El caso de Barcelona lo trat\u00e9 en un art\u00edculo anterior (2 de diciembre). Ahora la Generalitat practica una arbitrariedad semejante por la v\u00eda de los impuestos a los veh\u00edculos (ley 9\/2019, de 23 de diciembre), prescindiendo de si circulan mucho o poco, y s\u00f3lo en funci\u00f3n del tipo y el a\u00f1o. Ambos gobiernos llegan tarde y despu\u00e9s de a\u00f1os de inoperancia quieren corregir una situaci\u00f3n indeseable, la contaminaci\u00f3n, con soluciones inequitativas y discriminatorias. La Generalitat castiga a los veh\u00edculos antiguos que no tienen edad para ser cl\u00e1sicos. Tambi\u00e9n al mundo rural, donde abundan coches viejos que circulan poco, \u00fatiles para cortos desplazamientos locales con independencia de los kil\u00f3metros que recorran. Un Seat 600 N de 1957 tributar\u00e1 98 euros el primer a\u00f1o y 159,60 euros el segundo, \u00a1m\u00e1s que un Ferrari de 670 caballos! Goya ya lo dej\u00f3 grabado hace doscientos veinte a\u00f1os: los sue\u00f1os de la raz\u00f3n producen monstruos. El problema radica en forzar la fiscalidad persiguiendo un buen fin, pero con un m\u00e9todo equivocado. No son los veh\u00edculos los que contaminan, sino el combustible que consumen. Un litro de gasolina emite 2.196 gramos de CO2. A m\u00e1s consumo, m\u00e1s impacto. Lo l\u00f3gico es limpiar la atm\u00f3sfera incrementando la presi\u00f3n fiscal sobre los combustibles, de manera que pague m\u00e1s quien m\u00e1s contamine. Esa es la l\u00f3gica, \u00bfo no? Era la soluci\u00f3n para Catalunya y tambi\u00e9n para Barcelona. \u00bfPor qu\u00e9 no se ha hecho? Se puede dudar de que sea competencialmente posible que el Parlament legisle sobre este tipo de impuesto. Pero incluso en este supuesto, puede lograrse aprovechando la actual coyuntura de negociaciones con el Gobierno espa\u00f1ol. Se tratar\u00eda de aplicar el art\u00edculo 150.1 de la Constituci\u00f3n y conseguir, para esta ocasi\u00f3n y esta ley, la capacidad de aplicar este impuesto, sin que ello fuera \u00f3bice para que el Estado lo hiciera m\u00e1s adelante con car\u00e1cter general. Los ingresos deber\u00edan dirigirse a incentivar el cambio a veh\u00edculos h\u00edbridos y el\u00e9ctricos, y generalizar los puntos de recarga, al mismo tiempo que obrando as\u00ed no se castigaba a quienes hacen un uso escaso de su coche. Pero claro, esto ser\u00eda pensar primero en las personas."}

Un estúpido impuesto ambiental - Converses a Catalunya

<blockquote class="wp-embedded-content" data-secret="sThHXkNPxa"><a href="https://conversesacatalunya.cat/es/un-estupido-impuesto-ambiental/">Un estúpido impuesto ambiental</a></blockquote><iframe sandbox="allow-scripts" security="restricted" src="https://conversesacatalunya.cat/es/un-estupido-impuesto-ambiental/embed/#?secret=sThHXkNPxa" width="600" height="338" title="«Un estúpido impuesto ambiental» — Converses a Catalunya" data-secret="sThHXkNPxa" frameborder="0" marginwidth="0" marginheight="0" scrolling="no" class="wp-embedded-content"></iframe><script>
/*! This file is auto-generated */
!function(d,l){"use strict";l.querySelector&&d.addEventListener&&"undefined"!=typeof URL&&(d.wp=d.wp||{},d.wp.receiveEmbedMessage||(d.wp.receiveEmbedMessage=function(e){var t=e.data;if((t||t.secret||t.message||t.value)&&!/[^a-zA-Z0-9]/.test(t.secret)){for(var s,r,n,a=l.querySelectorAll('iframe[data-secret="'+t.secret+'"]'),o=l.querySelectorAll('blockquote[data-secret="'+t.secret+'"]'),c=new RegExp("^https?:$","i"),i=0;i<o.length;i++)o[i].style.display="none";for(i=0;i<a.length;i++)s=a[i],e.source===s.contentWindow&&(s.removeAttribute("style"),"height"===t.message?(1e3<(r=parseInt(t.value,10))?r=1e3:~~r<200&&(r=200),s.height=r):"link"===t.message&&(r=new URL(s.getAttribute("src")),n=new URL(t.value),c.test(n.protocol))&&n.host===r.host&&l.activeElement===s&&(d.top.location.href=t.value))}},d.addEventListener("message",d.wp.receiveEmbedMessage,!1),l.addEventListener("DOMContentLoaded",function(){for(var e,t,s=l.querySelectorAll("iframe.wp-embedded-content"),r=0;r<s.length;r++)(t=(e=s[r]).getAttribute("data-secret"))||(t=Math.random().toString(36).substring(2,12),e.src+="#?secret="+t,e.setAttribute("data-secret",t)),e.contentWindow.postMessage({message:"ready",secret:t},"*")},!1)))}(window,document);
</script>

https://conversesacatalunya.cat/wp-content/uploads/2020/01/contaminació-acústica-1024x576.jpg

Está visto que las políticas medioambientales de quienes nos gobiernan en Barcelona y la Generalitat compiten en su carácter injusto. El caso de Barcelona lo traté en un artículo anterior (2 de diciembre). Ahora la Generalitat practica una arbitrariedad semejante por la vía de los impuestos a los vehículos (ley 9/2019, de 23 de diciembre), prescindiendo de si circulan mucho o poco, y sólo en función del tipo y el año. Ambos gobiernos llegan tarde y después de años de inoperancia quieren corregir una situación indeseable, la contaminación, con soluciones inequitativas y discriminatorias. La Generalitat castiga a los vehículos antiguos que no tienen edad para ser clásicos. También al mundo rural, donde abundan coches viejos que circulan poco, útiles para cortos desplazamientos locales con independencia de los kilómetros que recorran. Un Seat 600 N de 1957 tributará 98 euros el primer año y 159,60 euros el segundo, ¡más que un Ferrari de 670 caballos! Goya ya lo dejó grabado hace doscientos veinte años: los sueños de la razón producen monstruos. El problema radica en forzar la fiscalidad persiguiendo un buen fin, pero con un método equivocado. No son los vehículos los que contaminan, sino el combustible que consumen. Un litro de gasolina emite 2.196 gramos de CO2. A más consumo, más impacto. Lo lógico es limpiar la atmósfera incrementando la presión fiscal sobre los combustibles, de manera que pague más quien más contamine. Esa es la lógica, ¿o no? Era la solución para Catalunya y también para Barcelona. ¿Por qué no se ha hecho? Se puede dudar de que sea competencialmente posible que el Parlament legisle sobre este tipo de impuesto. Pero incluso en este supuesto, puede lograrse aprovechando la actual coyuntura de negociaciones con el Gobierno español. Se trataría de aplicar el artículo 150.1 de la Constitución y conseguir, para esta ocasión y esta ley, la capacidad de aplicar este impuesto, sin que ello fuera óbice para que el Estado lo hiciera más adelante con carácter general. Los ingresos deberían dirigirse a incentivar el cambio a vehículos híbridos y eléctricos, y generalizar los puntos de recarga, al mismo tiempo que obrando así no se castigaba a quienes hacen un uso escaso de su coche. Pero claro, esto sería pensar primero en las personas.
