{"version":"1.0","provider_name":"Converses a Catalunya","provider_url":"https:\/\/conversesacatalunya.cat\/es\/","title":"TV3, Toni Soler y la Virgen del Roc\u00edo - Converses a Catalunya","type":"rich","width":600,"height":338,"html":"<blockquote class=\"wp-embedded-content\" data-secret=\"43ubap6uiL\"><a href=\"https:\/\/conversesacatalunya.cat\/es\/tv3-toni-soler-y-la-virgen-del-rocio\/\">TV3, Toni Soler y la Virgen del Roc\u00edo<\/a><\/blockquote><iframe sandbox=\"allow-scripts\" security=\"restricted\" src=\"https:\/\/conversesacatalunya.cat\/es\/tv3-toni-soler-y-la-virgen-del-rocio\/embed\/#?secret=43ubap6uiL\" width=\"600\" height=\"338\" title=\"\u00abTV3, Toni Soler y la Virgen del Roc\u00edo\u00bb \u2014 Converses a Catalunya\" data-secret=\"43ubap6uiL\" frameborder=\"0\" marginwidth=\"0\" marginheight=\"0\" scrolling=\"no\" class=\"wp-embedded-content\"><\/iframe><script>\n\/*! This file is auto-generated *\/\n!function(d,l){\"use strict\";l.querySelector&&d.addEventListener&&\"undefined\"!=typeof URL&&(d.wp=d.wp||{},d.wp.receiveEmbedMessage||(d.wp.receiveEmbedMessage=function(e){var t=e.data;if((t||t.secret||t.message||t.value)&&!\/[^a-zA-Z0-9]\/.test(t.secret)){for(var s,r,n,a=l.querySelectorAll('iframe[data-secret=\"'+t.secret+'\"]'),o=l.querySelectorAll('blockquote[data-secret=\"'+t.secret+'\"]'),c=new RegExp(\"^https?:$\",\"i\"),i=0;i<o.length;i++)o[i].style.display=\"none\";for(i=0;i<a.length;i++)s=a[i],e.source===s.contentWindow&&(s.removeAttribute(\"style\"),\"height\"===t.message?(1e3<(r=parseInt(t.value,10))?r=1e3:~~r<200&&(r=200),s.height=r):\"link\"===t.message&&(r=new URL(s.getAttribute(\"src\")),n=new URL(t.value),c.test(n.protocol))&&n.host===r.host&&l.activeElement===s&&(d.top.location.href=t.value))}},d.addEventListener(\"message\",d.wp.receiveEmbedMessage,!1),l.addEventListener(\"DOMContentLoaded\",function(){for(var e,t,s=l.querySelectorAll(\"iframe.wp-embedded-content\"),r=0;r<s.length;r++)(t=(e=s[r]).getAttribute(\"data-secret\"))||(t=Math.random().toString(36).substring(2,12),e.src+=\"#?secret=\"+t,e.setAttribute(\"data-secret\",t)),e.contentWindow.postMessage({message:\"ready\",secret:t},\"*\")},!1)))}(window,document);\n<\/script>\n","thumbnail_url":"https:\/\/conversesacatalunya.cat\/wp-content\/uploads\/2023\/04\/tv3-parodia-virgen-rocio.jpg","thumbnail_width":1200,"thumbnail_height":622,"description":"Nuestra sociedad, marcada por la\u00a0cultura de la desvinculaci\u00f3n, vive bajo graves y da\u00f1inas contradicciones que las propias instituciones y determinados comportamientos de grupos de poder generan. Es lo que ha pasado con TV3, Toni Soler y la Virgen del Roc\u00edo. Un tipo de contradicci\u00f3n espectacular es el de la existencia de una\u00a0censura creciente\u00a0y muy agresiva ante obras y autores del pasado y del presente, porque no son pol\u00edticamente correctos, hasta el extremo de reescribir sus textos, algo que ni tan siquiera practic\u00f3 la censura franquista, y\u00a0a la vez un crecimiento del escarnio sobre Dios, la Virgen y otras vivencias religiosas, bajo el pretexto de la\u00a0 libertad de expresi\u00f3n. Cuando en un mismo r\u00e9gimen pol\u00edtico se da la censura y la libertad mas radical de expresi\u00f3n en funci\u00f3n de la naturaleza del sujeto, puede dudarse de que se trate de una democracia. Hoy, las bromas de\u00a0Chiquito de la Calzada\u00a0sobre los \u201cmariquitas\u201d ser\u00edan pasto de juzgado, y nadie osa, ni siquiera ironizar, con los \u201ctrans\u201d, la mujer y el feminismo. Ni\u00a0 sobre el Islam, si bien en este caso es por otras razones nada vinculadas a la ley. Los castigos y los privilegios se\u00f1alan d\u00f3nde est\u00e1 el poder. Pero cuando se refiere a la fe cristiana, solo cuenta la llamada libertad de expresi\u00f3n, concebida en estos casos como el poder ilimitado para ofender deliberadamente, provocar la burla, \u201cse\u00f1alar\u201d negativamente a los cristianos. Todo esto es muy grave porque se\u00f1ala la existencia de unos ciudadanos que, debido a sus creencias, poseen menos derechos. Pero todav\u00eda lo es m\u00e1s, si el atropello se comete desde una\u00a0televisi\u00f3n p\u00fablica, y una vez ha estallado el esc\u00e1ndalo, no solo no existe ninguna actitud de expresar su pesar por la ofensa que han creado, sino que los responsables se regodean aprovechando su poder en la propia televisi\u00f3n, y se dedican a acusar a quienes los han criticado. Todo esto es muy da\u00f1ino para la convivencia y el recto uso de las leyes, pero es lo que ha sucedido\u00a0en Catalunya, en su\u00a0televisi\u00f3n auton\u00f3mica, TV3,\u00a0con la\u00a0parodia de la Virgen del Roc\u00edo\u00a0en el programa \u00abEst\u00e1 passant\u00bb de Toni Soler y Jair Dom\u00ednguez, constitutivo de una ofensa muy grave a las creencias religiosas de los cat\u00f3licos y de las otras confesiones cristianas: evidentemente por el tratamiento ofensivo dado a la Virgen, pero tambi\u00e9n al propio Dios, por la forma como el programa trat\u00f3 la figura del ni\u00f1o Jes\u00fas. Es denigrante para los cristianos y blasfema. Es un ejercicio inaceptable de fobia cat\u00f3lica y una ofensa deliberada al sentimiento religioso de una parte importante de la poblaci\u00f3n de Catalu\u00f1a, y de toda Espa\u00f1a. De hecho, ofende a todo el mundo concernido por la fe cat\u00f3lica y ortodoxa en el caso de la Virgen, y a los cristianos en el tratamiento al ni\u00f1o Jes\u00fas, aunque entiendo que incluso otras sensibilidades religiosas puedan sentirse maltratadas por la forma chabacana y grosera de la ofensa. Tambi\u00e9n constituye una manifestaci\u00f3n de fobia sobre el habla y cultura andaluza, particularmente divisiva en el caso de Catalu\u00f1a, donde una parte de sus ciudadanos la consideran como propia, adem\u00e1s de su dimensi\u00f3n m\u00e1s amplia en Andaluc\u00eda y el conjunto de Espa\u00f1a. Y es tambi\u00e9n un da\u00f1o dif\u00edcil de reparar para el prestigio de Catalu\u00f1a y de sus instituciones. No cabe duda de que este caso se har\u00e1 presente en los informes anuales sobre cristianofobia del Observatorio espa\u00f1ol y europeo. Pero es que, adem\u00e1s, la presentaci\u00f3n del hecho como algo \u201ccatal\u00e1n\u201d y no solo propio de unos\u00a0oportunistas sectarios\u00a0auspiciados por TV3, que ni de lejos expresan la realidad catalana, est\u00e1 ya a la orden del d\u00eda. Y como los malos tienden a hacer da\u00f1o, los autores del conflicto, para defenderse, se refugian precisamente en aquel \u00faltimo hecho. Ellos solo bromean, y son los mal intencionados que, por razones pol\u00edticas, lo utilizan para\u00a0atacar a Catalu\u00f1a. Por eso es evidente la necesidad de aislar el foco e identificar con claridad a los responsables. La\u00a0Tarraconense, la conferencia Episcopal de los Obispos de Catalunya, se ha pronunciado se\u00f1alando la gravedad del hecho. Y en este \u00e1mbito, es bien \u00fatil la\u00a0declaraci\u00f3n\u00a0de e-Cristians, primero por la claridad y contundencia, pero sobre todo porque recuerda algo muy importante que parece que todos olvidan: El pleno del\u00a0Consejo Audiovisual de Catalunya\u00a0(CAC), aprob\u00f3 el 9 de mayo de\u00a02002\u00a0los \u00abCriterios para el tratamiento del hecho religioso en los programas de entretenimiento\u00ab. Era la conclusi\u00f3n de un largo proceso iniciado por\u00a0e-Cristians y\u00a0concretado en la iniciativa de presentar diversos informes jur\u00eddicos a fin de establecer una autorregulaci\u00f3n, debido a las desconsideraciones y ofensas de la televisi\u00f3n p\u00fablica de Catalu\u00f1a hacia el hecho religioso cat\u00f3lico. Aquellos \u201cCriterios\u201d fueron el resultado\u00a0y siguen vigentes. Establecen, entre otras cuestiones: \u2022\u00a0Respeto a todas las Confesiones o Entidades religiosas, as\u00ed consideradas y reconocidas por el ordenamiento jur\u00eddico. \u2022\u00a0Respetar los sentimientos individuales y colectivos, de forma que, no se utilicen indebidamente,\u00a0aunque se haga en clave de humor, aquellos s\u00edmbolos representativos para las personas que profesan una confesi\u00f3n religiosa. \u2022\u00a0Actuar con especial responsabilidad y rigor en el caso de\u00a0expresiones que puedan suscitar discriminaciones por motivos religiosos. \u2022\u00a0Rechazar que,\u00a0en virtud de la libertad de expresi\u00f3n, se emitan apelativos o expresiones formalmente injuriosas,\u00a0desconectadas de la cr\u00edtica leg\u00edtima e innecesarias para el mensaje que se quiere difundir y que pueda producir un da\u00f1o injustificado al prestigio de las instituciones religiosas o a la dignidad de las personas que las representan. Los operadores deben\u00a0ser conscientes\u00a0a priori -dada la sociedad cada vez m\u00e1s plural, heterog\u00e9nea, multicultural y secularizada- mediante el establecimiento de c\u00f3digos deontol\u00f3gicos,\u00a0de la actitud a adoptar en cuanto al tratamiento de las creencias o de los s\u00edmbolos religiosos en los programas de entretenimiento\u00a0y de su posterior\u00a0repercusi\u00f3n y alcance que este tendr\u00e1 en el conjunto de la ciudadan\u00eda. Todos estos criterios han sido gravemente conculcados por la parodia de la Virgen del Roc\u00edo del programa \u00abEst\u00e0 passant\u00bb de Toni Soler y Jair Dom\u00ednguez. Lo primero que hay que exigir es acatamiento hacia las propias normas que el CAC se dot\u00f3, y que TV3 asumi\u00f3.\u00a0Este respeto obliga. Si no son capaces de respetarse a s\u00ed mismos en..."}

TV3, Toni Soler y la Virgen del Rocío - Converses a Catalunya

<blockquote class="wp-embedded-content" data-secret="43ubap6uiL"><a href="https://conversesacatalunya.cat/es/tv3-toni-soler-y-la-virgen-del-rocio/">TV3, Toni Soler y la Virgen del Rocío</a></blockquote><iframe sandbox="allow-scripts" security="restricted" src="https://conversesacatalunya.cat/es/tv3-toni-soler-y-la-virgen-del-rocio/embed/#?secret=43ubap6uiL" width="600" height="338" title="«TV3, Toni Soler y la Virgen del Rocío» — Converses a Catalunya" data-secret="43ubap6uiL" frameborder="0" marginwidth="0" marginheight="0" scrolling="no" class="wp-embedded-content"></iframe><script>
/*! This file is auto-generated */
!function(d,l){"use strict";l.querySelector&&d.addEventListener&&"undefined"!=typeof URL&&(d.wp=d.wp||{},d.wp.receiveEmbedMessage||(d.wp.receiveEmbedMessage=function(e){var t=e.data;if((t||t.secret||t.message||t.value)&&!/[^a-zA-Z0-9]/.test(t.secret)){for(var s,r,n,a=l.querySelectorAll('iframe[data-secret="'+t.secret+'"]'),o=l.querySelectorAll('blockquote[data-secret="'+t.secret+'"]'),c=new RegExp("^https?:$","i"),i=0;i<o.length;i++)o[i].style.display="none";for(i=0;i<a.length;i++)s=a[i],e.source===s.contentWindow&&(s.removeAttribute("style"),"height"===t.message?(1e3<(r=parseInt(t.value,10))?r=1e3:~~r<200&&(r=200),s.height=r):"link"===t.message&&(r=new URL(s.getAttribute("src")),n=new URL(t.value),c.test(n.protocol))&&n.host===r.host&&l.activeElement===s&&(d.top.location.href=t.value))}},d.addEventListener("message",d.wp.receiveEmbedMessage,!1),l.addEventListener("DOMContentLoaded",function(){for(var e,t,s=l.querySelectorAll("iframe.wp-embedded-content"),r=0;r<s.length;r++)(t=(e=s[r]).getAttribute("data-secret"))||(t=Math.random().toString(36).substring(2,12),e.src+="#?secret="+t,e.setAttribute("data-secret",t)),e.contentWindow.postMessage({message:"ready",secret:t},"*")},!1)))}(window,document);
</script>

Nuestra sociedad, marcada por la cultura de la desvinculación, vive bajo graves y dañinas contradicciones que las propias instituciones y determinados comportamientos de grupos de poder generan. Es lo que ha pasado con TV3, Toni Soler y la Virgen del Rocío. Un tipo de contradicción espectacular es el de la existencia de una censura creciente y muy agresiva ante obras y autores del pasado y del presente, porque no son políticamente correctos, hasta el extremo de reescribir sus textos, algo que ni tan siquiera practicó la censura franquista, y a la vez un crecimiento del escarnio sobre Dios, la Virgen y otras vivencias religiosas, bajo el pretexto de la  libertad de expresión. Cuando en un mismo régimen político se da la censura y la libertad mas radical de expresión en función de la naturaleza del sujeto, puede dudarse de que se trate de una democracia. Hoy, las bromas de Chiquito de la Calzada sobre los “mariquitas” serían pasto de juzgado, y nadie osa, ni siquiera ironizar, con los “trans”, la mujer y el feminismo. Ni  sobre el Islam, si bien en este caso es por otras razones nada vinculadas a la ley. Los castigos y los privilegios señalan dónde está el poder. Pero cuando se refiere a la fe cristiana, solo cuenta la llamada libertad de expresión, concebida en estos casos como el poder ilimitado para ofender deliberadamente, provocar la burla, “señalar” negativamente a los cristianos. Todo esto es muy grave porque señala la existencia de unos ciudadanos que, debido a sus creencias, poseen menos derechos. Pero todavía lo es más, si el atropello se comete desde una televisión pública, y una vez ha estallado el escándalo, no solo no existe ninguna actitud de expresar su pesar por la ofensa que han creado, sino que los responsables se regodean aprovechando su poder en la propia televisión, y se dedican a acusar a quienes los han criticado. Todo esto es muy dañino para la convivencia y el recto uso de las leyes, pero es lo que ha sucedido en Catalunya, en su televisión autonómica, TV3, con la parodia de la Virgen del Rocío en el programa «Está passant» de Toni Soler y Jair Domínguez, constitutivo de una ofensa muy grave a las creencias religiosas de los católicos y de las otras confesiones cristianas: evidentemente por el tratamiento ofensivo dado a la Virgen, pero también al propio Dios, por la forma como el programa trató la figura del niño Jesús. Es denigrante para los cristianos y blasfema. Es un ejercicio inaceptable de fobia católica y una ofensa deliberada al sentimiento religioso de una parte importante de la población de Cataluña, y de toda España. De hecho, ofende a todo el mundo concernido por la fe católica y ortodoxa en el caso de la Virgen, y a los cristianos en el tratamiento al niño Jesús, aunque entiendo que incluso otras sensibilidades religiosas puedan sentirse maltratadas por la forma chabacana y grosera de la ofensa. También constituye una manifestación de fobia sobre el habla y cultura andaluza, particularmente divisiva en el caso de Cataluña, donde una parte de sus ciudadanos la consideran como propia, además de su dimensión más amplia en Andalucía y el conjunto de España. Y es también un daño difícil de reparar para el prestigio de Cataluña y de sus instituciones. No cabe duda de que este caso se hará presente en los informes anuales sobre cristianofobia del Observatorio español y europeo. Pero es que, además, la presentación del hecho como algo “catalán” y no solo propio de unos oportunistas sectarios auspiciados por TV3, que ni de lejos expresan la realidad catalana, está ya a la orden del día. Y como los malos tienden a hacer daño, los autores del conflicto, para defenderse, se refugian precisamente en aquel último hecho. Ellos solo bromean, y son los mal intencionados que, por razones políticas, lo utilizan para atacar a Cataluña. Por eso es evidente la necesidad de aislar el foco e identificar con claridad a los responsables. La Tarraconense, la conferencia Episcopal de los Obispos de Catalunya, se ha pronunciado señalando la gravedad del hecho. Y en este ámbito, es bien útil la declaración de e-Cristians, primero por la claridad y contundencia, pero sobre todo porque recuerda algo muy importante que parece que todos olvidan: El pleno del Consejo Audiovisual de Catalunya (CAC), aprobó el 9 de mayo de 2002 los «Criterios para el tratamiento del hecho religioso en los programas de entretenimiento«. Era la conclusión de un largo proceso iniciado por e-Cristians y concretado en la iniciativa de presentar diversos informes jurídicos a fin de establecer una autorregulación, debido a las desconsideraciones y ofensas de la televisión pública de Cataluña hacia el hecho religioso católico. Aquellos “Criterios” fueron el resultado y siguen vigentes. Establecen, entre otras cuestiones: • Respeto a todas las Confesiones o Entidades religiosas, así consideradas y reconocidas por el ordenamiento jurídico. • Respetar los sentimientos individuales y colectivos, de forma que, no se utilicen indebidamente, aunque se haga en clave de humor, aquellos símbolos representativos para las personas que profesan una confesión religiosa. • Actuar con especial responsabilidad y rigor en el caso de expresiones que puedan suscitar discriminaciones por motivos religiosos. • Rechazar que, en virtud de la libertad de expresión, se emitan apelativos o expresiones formalmente injuriosas, desconectadas de la crítica legítima e innecesarias para el mensaje que se quiere difundir y que pueda producir un daño injustificado al prestigio de las instituciones religiosas o a la dignidad de las personas que las representan. Los operadores deben ser conscientes a priori -dada la sociedad cada vez más plural, heterogénea, multicultural y secularizada- mediante el establecimiento de códigos deontológicos, de la actitud a adoptar en cuanto al tratamiento de las creencias o de los símbolos religiosos en los programas de entretenimiento y de su posterior repercusión y alcance que este tendrá en el conjunto de la ciudadanía. Todos estos criterios han sido gravemente conculcados por la parodia de la Virgen del Rocío del programa «Està passant» de Toni Soler y Jair Domínguez. Lo primero que hay que exigir es acatamiento hacia las propias normas que el CAC se dotó, y que TV3 asumió. Este respeto obliga. Si no son capaces de respetarse a sí mismos en...
