{"version":"1.0","provider_name":"Converses a Catalunya","provider_url":"https:\/\/conversesacatalunya.cat\/es\/","title":"TV3 profundiza su cr\u00edtica contra la Generalitat - Converses a Catalunya","type":"rich","width":600,"height":338,"html":"<blockquote class=\"wp-embedded-content\" data-secret=\"bl4fVI6o2B\"><a href=\"https:\/\/conversesacatalunya.cat\/es\/tv3-profundiza-su-critica-contra-la-generalitat\/\">TV3 profundiza su cr\u00edtica contra la Generalitat<\/a><\/blockquote><iframe sandbox=\"allow-scripts\" security=\"restricted\" src=\"https:\/\/conversesacatalunya.cat\/es\/tv3-profundiza-su-critica-contra-la-generalitat\/embed\/#?secret=bl4fVI6o2B\" width=\"600\" height=\"338\" title=\"\u00abTV3 profundiza su cr\u00edtica contra la Generalitat\u00bb \u2014 Converses a Catalunya\" data-secret=\"bl4fVI6o2B\" frameborder=\"0\" marginwidth=\"0\" marginheight=\"0\" scrolling=\"no\" class=\"wp-embedded-content\"><\/iframe><script>\n\/*! This file is auto-generated *\/\n!function(d,l){\"use strict\";l.querySelector&&d.addEventListener&&\"undefined\"!=typeof URL&&(d.wp=d.wp||{},d.wp.receiveEmbedMessage||(d.wp.receiveEmbedMessage=function(e){var t=e.data;if((t||t.secret||t.message||t.value)&&!\/[^a-zA-Z0-9]\/.test(t.secret)){for(var s,r,n,a=l.querySelectorAll('iframe[data-secret=\"'+t.secret+'\"]'),o=l.querySelectorAll('blockquote[data-secret=\"'+t.secret+'\"]'),c=new RegExp(\"^https?:$\",\"i\"),i=0;i<o.length;i++)o[i].style.display=\"none\";for(i=0;i<a.length;i++)s=a[i],e.source===s.contentWindow&&(s.removeAttribute(\"style\"),\"height\"===t.message?(1e3<(r=parseInt(t.value,10))?r=1e3:~~r<200&&(r=200),s.height=r):\"link\"===t.message&&(r=new URL(s.getAttribute(\"src\")),n=new URL(t.value),c.test(n.protocol))&&n.host===r.host&&l.activeElement===s&&(d.top.location.href=t.value))}},d.addEventListener(\"message\",d.wp.receiveEmbedMessage,!1),l.addEventListener(\"DOMContentLoaded\",function(){for(var e,t,s=l.querySelectorAll(\"iframe.wp-embedded-content\"),r=0;r<s.length;r++)(t=(e=s[r]).getAttribute(\"data-secret\"))||(t=Math.random().toString(36).substring(2,12),e.src+=\"#?secret=\"+t,e.setAttribute(\"data-secret\",t)),e.contentWindow.postMessage({message:\"ready\",secret:t},\"*\")},!1)))}(window,document);\n<\/script>\n","thumbnail_url":"https:\/\/conversesacatalunya.cat\/wp-content\/uploads\/2020\/05\/perpinya.jpeg","thumbnail_width":1920,"thumbnail_height":1280,"description":"De una manera nada habitual, TV3 ha emitido con pocos d\u00edas de diferencia dos importantes reportajes que dejan en mal lugar al gobierno de la Generalitat. El primero fue emitido en el programa \u00abPlanta baixa\u00ab, que es un producto contratado por la Corporaci\u00f3 Catalana de Mitjans Audiovisuals y, por tanto, no producido por los estudios de la televisi\u00f3n p\u00fablica catalana. En este programa se inform\u00f3 detalladamente de que la Generalitat incumpli\u00f3 su propio plan contra las pandemias, que data de 2010. Fue aprobado con motivo de la crisis de la Gripe A y ten\u00eda por objetivo dar una respuesta preestablecida cuando se produc\u00edan crisis de esta naturaleza. De acuerdo con el plan, el gobierno deber\u00eda haber empezado a aplicar medidas a partir del momento en que la Organizaci\u00f3n Mundial de la Salud (OMS) se\u00f1alara una alerta, cosa que hizo el 30 de enero, y tambi\u00e9n cuando se observaran casos en el entorno geogr\u00e1fico inmediato de Catalu\u00f1a y en el mismo pa\u00eds. El 22 de febrero ya se daba la circunstancia de la fuerte incidencia en Italia, y el 26 de febrero ya se hab\u00edan identificado casos aislados en Catalu\u00f1a. De acuerdo con esta situaci\u00f3n, el plan deber\u00eda haber sido activado el 22 de febrero por la situaci\u00f3n de Italia, cumpliendo sus criterios. Pero no lo hicieron hasta el 3 de marzo. Esta diferencia se atribuye a que el 29 de febrero estaba convocado por Puigdemont el gran acto en Perpi\u00f1\u00e1n que no se habr\u00eda podido realizar si se hubiera activado el PROFICAT (este es el nombre del plan) el d\u00eda 22 de febrero. Las primeras medidas que adopt\u00f3 la Generalitat no se llevaron a cabo hasta el d\u00eda 11 de marzo y el 12 se anunci\u00f3 la suspensi\u00f3n de clases en las escuelas y universidades, y el 13 el confinamiento de Igualada. Este hecho pondr\u00eda de relieve que el gobierno catal\u00e1n incumpli\u00f3 deliberadamente su propia planificaci\u00f3n por una raz\u00f3n pol\u00edtica. Es evidente que, si las medidas se hubieran adoptado a partir del 22 de febrero, la contenci\u00f3n que habr\u00eda alcanzado Catalu\u00f1a habr\u00eda sido extraordinaria. El segundo gran impacto cr\u00edtico de TV3 ha sido el reportaje en el programa \u00ab30 minuts\u00bb de este pasado domingo, dedicado a lo que ha sucedido en las residencias de ancianos. El programa, de una gran dureza por los hechos que muestra, presenta las residencias como una especie de reductos aislados en los que no lleg\u00f3 ning\u00fan tipo de atenci\u00f3n hasta entrado el mes de abril. El programa muestra que no dispon\u00edan de material de protecci\u00f3n para el personal ni se hicieron tests para separar a los portadores de los que no lo eran, ni se las dot\u00f3 de material m\u00e9dico para poder atender los casos graves. Este hecho se ve agravado porque desde Salut se negaba el traslado de enfermos a los hospitales. Como afirmaba la directora de una residencia: \u00abLas entidades p\u00fablicas nos dejaron tirados\u00bb. La situaci\u00f3n fue realmente tr\u00e1gica y ha dejado secuelas entre la gente mayor y sus cuidadores, que por cierto no fueron considerados personal necesario en la lucha contra la pandemia. Hab\u00eda ancianos que mor\u00edan en 48 horas. Por tel\u00e9fono la Generalitat daba instrucciones se\u00f1alando que se deb\u00eda aislar a los abuelos en sus habitaciones por falta de tests, porque el departamento dec\u00eda que no dispon\u00eda de material. Aislar a una persona de 85 a\u00f1os o m\u00e1s, que sufre serias disminuciones f\u00edsicas y cognitivas, en una peque\u00f1a habitaci\u00f3n de residencia a lo largo de 15 d\u00edas, sin pr\u00e1cticamente ninguna relaci\u00f3n con el exterior, ha sido una prueba cruel que s\u00f3lo hac\u00eda que angustiar a la gente mayor y a los propios cuidadores. A pesar de ser un foco conocido de contagio y de contar con m\u00faltiples casos, el Institut Catal\u00e0 de la Salut (ICS) no estableci\u00f3 ninguna organizaci\u00f3n espec\u00edfica para que un equipo de m\u00e9dicos pudiera revisar la situaci\u00f3n en estos centros. Les dieron el mismo trato que a un domicilio privado y, por lo tanto, se hac\u00eda cargo el m\u00e9dico del ICS de la zona. El resultado es que la asistencia m\u00e9dica lleg\u00f3 con retraso. El material de protecci\u00f3n no empez\u00f3 a llegar hasta abril, y aunque de manera espor\u00e1dica. Las residencias no dispon\u00edan ni de ox\u00edgeno, ni de elementos paliativos para ayudar a los pacientes. No existen datos sobre la mortalidad inducida sobre patolog\u00edas diferentes al coronavirus por el estr\u00e9s generado por la combinaci\u00f3n de confinamiento y falta de atenci\u00f3n m\u00e9dica. El resultado ha sido un elevado n\u00famero de personas contagiadas y de ancianos muertos, m\u00e1s de 3.000. Queda por explicar por qu\u00e9 el gobierno de Catalu\u00f1a no adopt\u00f3 algunas de aquellas medidas que habr\u00edan podido atenuar la cat\u00e1strofe. M\u00e1s informaci\u00f3n sobre el coronavirus en ESPECIAL CORONAVIRUS"}

TV3 profundiza su crítica contra la Generalitat - Converses a Catalunya

<blockquote class="wp-embedded-content" data-secret="bl4fVI6o2B"><a href="https://conversesacatalunya.cat/es/tv3-profundiza-su-critica-contra-la-generalitat/">TV3 profundiza su crítica contra la Generalitat</a></blockquote><iframe sandbox="allow-scripts" security="restricted" src="https://conversesacatalunya.cat/es/tv3-profundiza-su-critica-contra-la-generalitat/embed/#?secret=bl4fVI6o2B" width="600" height="338" title="«TV3 profundiza su crítica contra la Generalitat» — Converses a Catalunya" data-secret="bl4fVI6o2B" frameborder="0" marginwidth="0" marginheight="0" scrolling="no" class="wp-embedded-content"></iframe><script>
/*! This file is auto-generated */
!function(d,l){"use strict";l.querySelector&&d.addEventListener&&"undefined"!=typeof URL&&(d.wp=d.wp||{},d.wp.receiveEmbedMessage||(d.wp.receiveEmbedMessage=function(e){var t=e.data;if((t||t.secret||t.message||t.value)&&!/[^a-zA-Z0-9]/.test(t.secret)){for(var s,r,n,a=l.querySelectorAll('iframe[data-secret="'+t.secret+'"]'),o=l.querySelectorAll('blockquote[data-secret="'+t.secret+'"]'),c=new RegExp("^https?:$","i"),i=0;i<o.length;i++)o[i].style.display="none";for(i=0;i<a.length;i++)s=a[i],e.source===s.contentWindow&&(s.removeAttribute("style"),"height"===t.message?(1e3<(r=parseInt(t.value,10))?r=1e3:~~r<200&&(r=200),s.height=r):"link"===t.message&&(r=new URL(s.getAttribute("src")),n=new URL(t.value),c.test(n.protocol))&&n.host===r.host&&l.activeElement===s&&(d.top.location.href=t.value))}},d.addEventListener("message",d.wp.receiveEmbedMessage,!1),l.addEventListener("DOMContentLoaded",function(){for(var e,t,s=l.querySelectorAll("iframe.wp-embedded-content"),r=0;r<s.length;r++)(t=(e=s[r]).getAttribute("data-secret"))||(t=Math.random().toString(36).substring(2,12),e.src+="#?secret="+t,e.setAttribute("data-secret",t)),e.contentWindow.postMessage({message:"ready",secret:t},"*")},!1)))}(window,document);
</script>

De una manera nada habitual, TV3 ha emitido con pocos días de diferencia dos importantes reportajes que dejan en mal lugar al gobierno de la Generalitat. El primero fue emitido en el programa «Planta baixa«, que es un producto contratado por la Corporació Catalana de Mitjans Audiovisuals y, por tanto, no producido por los estudios de la televisión pública catalana. En este programa se informó detalladamente de que la Generalitat incumplió su propio plan contra las pandemias, que data de 2010. Fue aprobado con motivo de la crisis de la Gripe A y tenía por objetivo dar una respuesta preestablecida cuando se producían crisis de esta naturaleza. De acuerdo con el plan, el gobierno debería haber empezado a aplicar medidas a partir del momento en que la Organización Mundial de la Salud (OMS) señalara una alerta, cosa que hizo el 30 de enero, y también cuando se observaran casos en el entorno geográfico inmediato de Cataluña y en el mismo país. El 22 de febrero ya se daba la circunstancia de la fuerte incidencia en Italia, y el 26 de febrero ya se habían identificado casos aislados en Cataluña. De acuerdo con esta situación, el plan debería haber sido activado el 22 de febrero por la situación de Italia, cumpliendo sus criterios. Pero no lo hicieron hasta el 3 de marzo. Esta diferencia se atribuye a que el 29 de febrero estaba convocado por Puigdemont el gran acto en Perpiñán que no se habría podido realizar si se hubiera activado el PROFICAT (este es el nombre del plan) el día 22 de febrero. Las primeras medidas que adoptó la Generalitat no se llevaron a cabo hasta el día 11 de marzo y el 12 se anunció la suspensión de clases en las escuelas y universidades, y el 13 el confinamiento de Igualada. Este hecho pondría de relieve que el gobierno catalán incumplió deliberadamente su propia planificación por una razón política. Es evidente que, si las medidas se hubieran adoptado a partir del 22 de febrero, la contención que habría alcanzado Cataluña habría sido extraordinaria. El segundo gran impacto crítico de TV3 ha sido el reportaje en el programa «30 minuts» de este pasado domingo, dedicado a lo que ha sucedido en las residencias de ancianos. El programa, de una gran dureza por los hechos que muestra, presenta las residencias como una especie de reductos aislados en los que no llegó ningún tipo de atención hasta entrado el mes de abril. El programa muestra que no disponían de material de protección para el personal ni se hicieron tests para separar a los portadores de los que no lo eran, ni se las dotó de material médico para poder atender los casos graves. Este hecho se ve agravado porque desde Salut se negaba el traslado de enfermos a los hospitales. Como afirmaba la directora de una residencia: «Las entidades públicas nos dejaron tirados». La situación fue realmente trágica y ha dejado secuelas entre la gente mayor y sus cuidadores, que por cierto no fueron considerados personal necesario en la lucha contra la pandemia. Había ancianos que morían en 48 horas. Por teléfono la Generalitat daba instrucciones señalando que se debía aislar a los abuelos en sus habitaciones por falta de tests, porque el departamento decía que no disponía de material. Aislar a una persona de 85 años o más, que sufre serias disminuciones físicas y cognitivas, en una pequeña habitación de residencia a lo largo de 15 días, sin prácticamente ninguna relación con el exterior, ha sido una prueba cruel que sólo hacía que angustiar a la gente mayor y a los propios cuidadores. A pesar de ser un foco conocido de contagio y de contar con múltiples casos, el Institut Català de la Salut (ICS) no estableció ninguna organización específica para que un equipo de médicos pudiera revisar la situación en estos centros. Les dieron el mismo trato que a un domicilio privado y, por lo tanto, se hacía cargo el médico del ICS de la zona. El resultado es que la asistencia médica llegó con retraso. El material de protección no empezó a llegar hasta abril, y aunque de manera esporádica. Las residencias no disponían ni de oxígeno, ni de elementos paliativos para ayudar a los pacientes. No existen datos sobre la mortalidad inducida sobre patologías diferentes al coronavirus por el estrés generado por la combinación de confinamiento y falta de atención médica. El resultado ha sido un elevado número de personas contagiadas y de ancianos muertos, más de 3.000. Queda por explicar por qué el gobierno de Cataluña no adoptó algunas de aquellas medidas que habrían podido atenuar la catástrofe. Más información sobre el coronavirus en ESPECIAL CORONAVIRUS
