{"version":"1.0","provider_name":"Converses a Catalunya","provider_url":"https:\/\/conversesacatalunya.cat\/es\/","title":"Sin que Trump haya cumplido todav\u00eda ninguna amenaza, Europa busca gastar m\u00e1s en defensa - Converses a Catalunya","type":"rich","width":600,"height":338,"html":"<blockquote class=\"wp-embedded-content\" data-secret=\"ZCfCufUmFr\"><a href=\"https:\/\/conversesacatalunya.cat\/es\/trump-europa-defensa\/\">Sin que Trump haya cumplido todav\u00eda ninguna amenaza, Europa busca gastar m\u00e1s en defensa<\/a><\/blockquote><iframe sandbox=\"allow-scripts\" security=\"restricted\" src=\"https:\/\/conversesacatalunya.cat\/es\/trump-europa-defensa\/embed\/#?secret=ZCfCufUmFr\" width=\"600\" height=\"338\" title=\"\u00abSin que Trump haya cumplido todav\u00eda ninguna amenaza, Europa busca gastar m\u00e1s en defensa\u00bb \u2014 Converses a Catalunya\" data-secret=\"ZCfCufUmFr\" frameborder=\"0\" marginwidth=\"0\" marginheight=\"0\" scrolling=\"no\" class=\"wp-embedded-content\"><\/iframe><script>\n\/*! This file is auto-generated *\/\n!function(d,l){\"use strict\";l.querySelector&&d.addEventListener&&\"undefined\"!=typeof URL&&(d.wp=d.wp||{},d.wp.receiveEmbedMessage||(d.wp.receiveEmbedMessage=function(e){var t=e.data;if((t||t.secret||t.message||t.value)&&!\/[^a-zA-Z0-9]\/.test(t.secret)){for(var s,r,n,a=l.querySelectorAll('iframe[data-secret=\"'+t.secret+'\"]'),o=l.querySelectorAll('blockquote[data-secret=\"'+t.secret+'\"]'),c=new RegExp(\"^https?:$\",\"i\"),i=0;i<o.length;i++)o[i].style.display=\"none\";for(i=0;i<a.length;i++)s=a[i],e.source===s.contentWindow&&(s.removeAttribute(\"style\"),\"height\"===t.message?(1e3<(r=parseInt(t.value,10))?r=1e3:~~r<200&&(r=200),s.height=r):\"link\"===t.message&&(r=new URL(s.getAttribute(\"src\")),n=new URL(t.value),c.test(n.protocol))&&n.host===r.host&&l.activeElement===s&&(d.top.location.href=t.value))}},d.addEventListener(\"message\",d.wp.receiveEmbedMessage,!1),l.addEventListener(\"DOMContentLoaded\",function(){for(var e,t,s=l.querySelectorAll(\"iframe.wp-embedded-content\"),r=0;r<s.length;r++)(t=(e=s[r]).getAttribute(\"data-secret\"))||(t=Math.random().toString(36).substring(2,12),e.src+=\"#?secret=\"+t,e.setAttribute(\"data-secret\",t)),e.contentWindow.postMessage({message:\"ready\",secret:t},\"*\")},!1)))}(window,document);\n<\/script>\n","thumbnail_url":"https:\/\/conversesacatalunya.cat\/wp-content\/uploads\/2025\/01\/Voeux-aux-Armees-2025-du-president-de-la-Republique.jpg","thumbnail_width":1585,"thumbnail_height":890,"description":"Hace unas semanas ya\u00a0hablamos\u00a0de la voluntad de la administraci\u00f3n Trump de que todos los miembros de la Alianza Atl\u00e1ntica\u00a0aumentaran su gasto en defensa hasta el 5% del Producto Interior Bruto\u00a0(PIB). El 23 de enero, durante su intervenci\u00f3n telem\u00e1tica en el foro de Davos, el ya presidente estadounidense\u00a0confirm\u00f3\u00a0este objetivo. Aunque cueste creerlo, algunos pa\u00edses de Europa del Este, como\u00a0Polonia, ya ten\u00edan previsto desde hace tiempo llegar a ese umbral que parece desmedido -el objetivo actual es del 2% y todav\u00eda hay pa\u00edses (en el frente a los cuales Espa\u00f1a) que se encuentran muy lejos de llegar. Desde un punto de vista hist\u00f3rico, un 5% no resulta tan desmedido si se tiene en cuenta que\u00a0a finales de la Guerra Fr\u00eda, los aliados europeos de la OTAN gastaban de media un 3,8% de su PIB en defensa, seg\u00fan los datos que\u00a0anunci\u00f3\u00a0el pasado diciembre el propio secretario general de la Alianza, el neerland\u00e9s Mark Rutte. Pero tambi\u00e9n debe tenerse en cuenta que entonces los pa\u00edses europeos destinaban mucho menos dinero a otras partidas presupuestarias, como las pensiones o servicios sociales de todo tipo, y que su deuda p\u00fablica era mucho menor que la actual. En cualquier caso, numerosos l\u00edderes europeos han reforzado en los \u00faltimos meses su discurso en favor de incrementar el gasto militar. El 20 de enero, el presidente franc\u00e9s Emmanuel Macron (quien, por cierto, a\u00fan no ha logrado aprobar los presupuestos) se sum\u00f3 al carro y apunt\u00f3 que\u00a0Francia deber\u00eda ir m\u00e1s all\u00e1 del 2%. Su razonamiento contemplaba la posibilidad de que Estados Unidos retirara en parte o totalmente sus fuerzas de Europa para desplegarlas en el Pac\u00edfico. Macron record\u00f3 que su pa\u00eds ya gastaba m\u00e1s del 2% en la actualidad (en la realidad, llega por los pelos, qued\u00e1ndose en 2024 en un 2,06%), pero se pregunt\u00f3 si este nivel \u201ces suficiente para conseguir la masa, profundidad e innovaci\u00f3n para defendernos solos en una confrontaci\u00f3n mayor. \u00bfEs suficiente para organizarnos a una escala europea y disponer de los medios para luchar?\u201d. El presidente de Francia se sumaba as\u00ed a otras capitales europeas que\u00a0van exactamente en la direcci\u00f3n que Trump ha establecido, sin que el presidente estadounidense haya todav\u00eda realizado ninguna amenaza de las que ha formulado a los europeos repetidamente durante los \u00faltimos meses, como incrementar dr\u00e1sticamente aranceles a las exportaciones europeas hacia Estados Unidos. Macron tambi\u00e9n pidi\u00f3 a Europa que apostara m\u00e1s decididamente por la\u00a0creaci\u00f3n de campeones europeos de la industria de defensa, en vez de seguir \u201cfinanciando igual a todos\u201d, lo que ha dado como resultado una fragmentaci\u00f3n excesiva de los sistemas de armas actualmente en servicio en el Viejo Continente. El nuevo secretario de defensa de Estados Unidos, Pete Hegseth, ha advertido por su parte que velar\u00eda para que los aliados demostraran su compromiso hacia el art\u00edculo 3 de la Alianza Atl\u00e1ntica, que exige a sus miembros estar \u00absuficientemente preparados\u00bb para hacer frente a un conflicto. Se espera que en la cumbre de la OTAN en La Haya, prevista en junio de 2025, se confirme un nuevo objetivo que podr\u00eda ser de m\u00e1s del 3%, seg\u00fan\u00a0admiti\u00f3\u00a0Rutte."}

Sin que Trump haya cumplido todavía ninguna amenaza, Europa busca gastar más en defensa - Converses a Catalunya

<blockquote class="wp-embedded-content" data-secret="ZCfCufUmFr"><a href="https://conversesacatalunya.cat/es/trump-europa-defensa/">Sin que Trump haya cumplido todavía ninguna amenaza, Europa busca gastar más en defensa</a></blockquote><iframe sandbox="allow-scripts" security="restricted" src="https://conversesacatalunya.cat/es/trump-europa-defensa/embed/#?secret=ZCfCufUmFr" width="600" height="338" title="«Sin que Trump haya cumplido todavía ninguna amenaza, Europa busca gastar más en defensa» — Converses a Catalunya" data-secret="ZCfCufUmFr" frameborder="0" marginwidth="0" marginheight="0" scrolling="no" class="wp-embedded-content"></iframe><script>
/*! This file is auto-generated */
!function(d,l){"use strict";l.querySelector&&d.addEventListener&&"undefined"!=typeof URL&&(d.wp=d.wp||{},d.wp.receiveEmbedMessage||(d.wp.receiveEmbedMessage=function(e){var t=e.data;if((t||t.secret||t.message||t.value)&&!/[^a-zA-Z0-9]/.test(t.secret)){for(var s,r,n,a=l.querySelectorAll('iframe[data-secret="'+t.secret+'"]'),o=l.querySelectorAll('blockquote[data-secret="'+t.secret+'"]'),c=new RegExp("^https?:$","i"),i=0;i<o.length;i++)o[i].style.display="none";for(i=0;i<a.length;i++)s=a[i],e.source===s.contentWindow&&(s.removeAttribute("style"),"height"===t.message?(1e3<(r=parseInt(t.value,10))?r=1e3:~~r<200&&(r=200),s.height=r):"link"===t.message&&(r=new URL(s.getAttribute("src")),n=new URL(t.value),c.test(n.protocol))&&n.host===r.host&&l.activeElement===s&&(d.top.location.href=t.value))}},d.addEventListener("message",d.wp.receiveEmbedMessage,!1),l.addEventListener("DOMContentLoaded",function(){for(var e,t,s=l.querySelectorAll("iframe.wp-embedded-content"),r=0;r<s.length;r++)(t=(e=s[r]).getAttribute("data-secret"))||(t=Math.random().toString(36).substring(2,12),e.src+="#?secret="+t,e.setAttribute("data-secret",t)),e.contentWindow.postMessage({message:"ready",secret:t},"*")},!1)))}(window,document);
</script>

Hace unas semanas ya hablamos de la voluntad de la administración Trump de que todos los miembros de la Alianza Atlántica aumentaran su gasto en defensa hasta el 5% del Producto Interior Bruto (PIB). El 23 de enero, durante su intervención telemática en el foro de Davos, el ya presidente estadounidense confirmó este objetivo. Aunque cueste creerlo, algunos países de Europa del Este, como Polonia, ya tenían previsto desde hace tiempo llegar a ese umbral que parece desmedido -el objetivo actual es del 2% y todavía hay países (en el frente a los cuales España) que se encuentran muy lejos de llegar. Desde un punto de vista histórico, un 5% no resulta tan desmedido si se tiene en cuenta que a finales de la Guerra Fría, los aliados europeos de la OTAN gastaban de media un 3,8% de su PIB en defensa, según los datos que anunció el pasado diciembre el propio secretario general de la Alianza, el neerlandés Mark Rutte. Pero también debe tenerse en cuenta que entonces los países europeos destinaban mucho menos dinero a otras partidas presupuestarias, como las pensiones o servicios sociales de todo tipo, y que su deuda pública era mucho menor que la actual. En cualquier caso, numerosos líderes europeos han reforzado en los últimos meses su discurso en favor de incrementar el gasto militar. El 20 de enero, el presidente francés Emmanuel Macron (quien, por cierto, aún no ha logrado aprobar los presupuestos) se sumó al carro y apuntó que Francia debería ir más allá del 2%. Su razonamiento contemplaba la posibilidad de que Estados Unidos retirara en parte o totalmente sus fuerzas de Europa para desplegarlas en el Pacífico. Macron recordó que su país ya gastaba más del 2% en la actualidad (en la realidad, llega por los pelos, quedándose en 2024 en un 2,06%), pero se preguntó si este nivel “es suficiente para conseguir la masa, profundidad e innovación para defendernos solos en una confrontación mayor. ¿Es suficiente para organizarnos a una escala europea y disponer de los medios para luchar?”. El presidente de Francia se sumaba así a otras capitales europeas que van exactamente en la dirección que Trump ha establecido, sin que el presidente estadounidense haya todavía realizado ninguna amenaza de las que ha formulado a los europeos repetidamente durante los últimos meses, como incrementar drásticamente aranceles a las exportaciones europeas hacia Estados Unidos. Macron también pidió a Europa que apostara más decididamente por la creación de campeones europeos de la industria de defensa, en vez de seguir “financiando igual a todos”, lo que ha dado como resultado una fragmentación excesiva de los sistemas de armas actualmente en servicio en el Viejo Continente. El nuevo secretario de defensa de Estados Unidos, Pete Hegseth, ha advertido por su parte que velaría para que los aliados demostraran su compromiso hacia el artículo 3 de la Alianza Atlántica, que exige a sus miembros estar «suficientemente preparados» para hacer frente a un conflicto. Se espera que en la cumbre de la OTAN en La Haya, prevista en junio de 2025, se confirme un nuevo objetivo que podría ser de más del 3%, según admitió Rutte.
