{"version":"1.0","provider_name":"Converses a Catalunya","provider_url":"https:\/\/conversesacatalunya.cat\/es\/","title":"Tristeza y esperanza - Converses a Catalunya","type":"rich","width":600,"height":338,"html":"<blockquote class=\"wp-embedded-content\" data-secret=\"DAhsfOeD81\"><a href=\"https:\/\/conversesacatalunya.cat\/es\/tristeza-y-esperanza\/\">Tristeza y esperanza<\/a><\/blockquote><iframe sandbox=\"allow-scripts\" security=\"restricted\" src=\"https:\/\/conversesacatalunya.cat\/es\/tristeza-y-esperanza\/embed\/#?secret=DAhsfOeD81\" width=\"600\" height=\"338\" title=\"\u00abTristeza y esperanza\u00bb \u2014 Converses a Catalunya\" data-secret=\"DAhsfOeD81\" frameborder=\"0\" marginwidth=\"0\" marginheight=\"0\" scrolling=\"no\" class=\"wp-embedded-content\"><\/iframe><script>\n\/*! This file is auto-generated *\/\n!function(d,l){\"use strict\";l.querySelector&&d.addEventListener&&\"undefined\"!=typeof URL&&(d.wp=d.wp||{},d.wp.receiveEmbedMessage||(d.wp.receiveEmbedMessage=function(e){var t=e.data;if((t||t.secret||t.message||t.value)&&!\/[^a-zA-Z0-9]\/.test(t.secret)){for(var s,r,n,a=l.querySelectorAll('iframe[data-secret=\"'+t.secret+'\"]'),o=l.querySelectorAll('blockquote[data-secret=\"'+t.secret+'\"]'),c=new RegExp(\"^https?:$\",\"i\"),i=0;i<o.length;i++)o[i].style.display=\"none\";for(i=0;i<a.length;i++)s=a[i],e.source===s.contentWindow&&(s.removeAttribute(\"style\"),\"height\"===t.message?(1e3<(r=parseInt(t.value,10))?r=1e3:~~r<200&&(r=200),s.height=r):\"link\"===t.message&&(r=new URL(s.getAttribute(\"src\")),n=new URL(t.value),c.test(n.protocol))&&n.host===r.host&&l.activeElement===s&&(d.top.location.href=t.value))}},d.addEventListener(\"message\",d.wp.receiveEmbedMessage,!1),l.addEventListener(\"DOMContentLoaded\",function(){for(var e,t,s=l.querySelectorAll(\"iframe.wp-embedded-content\"),r=0;r<s.length;r++)(t=(e=s[r]).getAttribute(\"data-secret\"))||(t=Math.random().toString(36).substring(2,12),e.src+=\"#?secret=\"+t,e.setAttribute(\"data-secret\",t)),e.contentWindow.postMessage({message:\"ready\",secret:t},\"*\")},!1)))}(window,document);\n<\/script>\n","thumbnail_url":"https:\/\/conversesacatalunya.cat\/wp-content\/uploads\/2019\/11\/Portes-obertes-del-catalanisme.jpg","thumbnail_width":472,"thumbnail_height":206,"description":"Transcribimos, por su inter\u00e9s, el an\u00e1lisis de Mario Romeo, presidente de Portes Obertes del Catalanisme, sobre la situaci\u00f3n pol\u00edtica en Catalunya, publicado en el diario El Pa\u00eds el domingo, 10 de noviembre de 2019. La primera sensaci\u00f3n que me viene a la cabeza al analizar la situaci\u00f3n que vive Catalu\u00f1a es la tristeza. Por razones pol\u00edticas, sociales, econ\u00f3micas, culturales, incluso sentimentales. Hemos pasado de\u00a0la revoluci\u00f3n dels somriures, del \u00abno hemos lanzado ni un solo papel al suelo\u00bb, a la tristeza y preocupaci\u00f3n que embarga a catalanes y espa\u00f1oles de todos los \u00e1mbitos del pensamiento por la situaci\u00f3n que se ha creado. La pregunta es recurrente, pero necesaria: \u00bfc\u00f3mo hemos llegado hasta aqu\u00ed? Se han cometido muchos errores y puede haber responsabilidades compartidas, pero es evidente que los l\u00edderes del \u00abprocesismo\u00bb (algo muy diferente al independentismo como planteamiento ideol\u00f3gico) han alimentado la v\u00eda del callej\u00f3n sin salida. Creo que la mayor\u00eda de los actuales l\u00edderes deber\u00edan abandonar la pol\u00edtica por su manifiesta incompetencia. Conocida la sentencia, se abren tiempos nuevos en los que el di\u00e1logo deber\u00eda sustituir el cansino mon\u00f3logo de quienes pretenden arrogarse en exclusiva la representaci\u00f3n de la sociedad catalana. Deberemos ponernos de acuerdo sobre qu\u00e9 se quiere hablar y en qu\u00e9 condiciones, pero me permito se\u00f1alar que el problema, a largo plazo, no tendr\u00e1 soluci\u00f3n hasta que en Catalu\u00f1a no se tome conciencia plena de que la autodeterminaci\u00f3n y la independencia no tienen recorrido. Por la firmeza con que el estado democr\u00e1tico abordar\u00e1 esta cuesti\u00f3n, por la posici\u00f3n que mantendr\u00e1 Europa y porque la opci\u00f3n independentista y el supuesto anhelo mayoritario de la secesi\u00f3n, no tiene consenso en una Catalu\u00f1a diversa y plural, no tiene la mayor\u00eda que sus l\u00edderes presumen. Pocos ciudadanos consideran que el\u00a0proc\u00e9s\u00a0terminar\u00e1 con la independencia. Sin darles m\u00e1s valor que ser reflejo de la opini\u00f3n ciudadana en un momento determinado, las encuestas van repitiendo una y otra vez que la mayor\u00eda de catalanes apuesta por reforzar el autogobierno y continuar dentro de Espa\u00f1a. As\u00ed lo se\u00f1ala tambi\u00e9n el \u00faltimo sondeo de una entidad acad\u00e9mica solvente como el Instituto de Ciencias Pol\u00edticas y Sociales de Barcelona realizado cuando era conocida la sentencia contra los l\u00edderes independentistas En ese largo plazo ser\u00e1 fundamental tambi\u00e9n la posici\u00f3n del conjunto de la sociedad espa\u00f1ola y de sus instituciones pol\u00edticas y sociales, abordando la necesidad de reconocer plenamente la diversidad y pluralidad de Espa\u00f1a. Pero \u00bfqu\u00e9 hacemos en el corto plazo? Creo que todos, desde las diferentes posiciones pol\u00edticas, sociales, institucionales, deber\u00edamos trabajar por crear un nuevo clima pol\u00edtico que desemboque en una propuesta formulada y acordada en el Parlamento de Catalu\u00f1a que permita satisfacer a una gran mayor\u00eda de catalanes. Para ello y casi como cuesti\u00f3n previa ser\u00e1 importante terminar con el actual proceso de banalizaci\u00f3n de las instituciones catalanas: el Presidente, el Parlament y el Consell Executiu que forman la Generalitat de Catalunya, entroncada directamente con la legitimidad republicana. A mi entender es evidente que debe abordarse la salida de la c\u00e1rcel de los pol\u00edticos presos, de acuerdo con las condiciones que marca la Ley General Penitenciaria, y deben buscarse espacios de consenso en los que sea posible articular la diferencia. En este sentido es fundamental poder garantizar la neutralidad efectiva de todos los medios de comunicaci\u00f3n de titularidad p\u00fablica en Catalu\u00f1a, comenzando por TV3 y Catalunya Radio que ha de reflejar la pluralidad de la sociedad catalana. Pienso tambi\u00e9n que en la pr\u00f3xima legislatura del Parlamento se deber\u00eda trabajar para tener una Ley Electoral propia de Catalu\u00f1a que permita acercar al m\u00e1ximo posible la mayor\u00eda social y la mayor\u00eda parlamentaria. Mientras tanto es evidente que hay un campo posible de colaboraci\u00f3n en torno a los problemas reales de la ciudadan\u00eda. Organizaciones sociales, econ\u00f3micas, educativas y culturales de todo tipo piden a un Govern paralizado que tome medidas efectivas. Comenzar a plantear temas cotidianos es un modo de dialogar. Publicado en el diario El Pa\u00eds el 10 de noviembre de 2019"}

Transcribimos, por su interés, el análisis de Mario Romeo, presidente de Portes Obertes del Catalanisme, sobre la situación política en Catalunya, publicado en el diario El País el domingo, 10 de noviembre de 2019. La primera sensación que me viene a la cabeza al analizar la situación que vive Cataluña es la tristeza. Por razones políticas, sociales, económicas, culturales, incluso sentimentales. Hemos pasado de la revolución dels somriures, del «no hemos lanzado ni un solo papel al suelo», a la tristeza y preocupación que embarga a catalanes y españoles de todos los ámbitos del pensamiento por la situación que se ha creado. La pregunta es recurrente, pero necesaria: ¿cómo hemos llegado hasta aquí? Se han cometido muchos errores y puede haber responsabilidades compartidas, pero es evidente que los líderes del «procesismo» (algo muy diferente al independentismo como planteamiento ideológico) han alimentado la vía del callejón sin salida. Creo que la mayoría de los actuales líderes deberían abandonar la política por su manifiesta incompetencia. Conocida la sentencia, se abren tiempos nuevos en los que el diálogo debería sustituir el cansino monólogo de quienes pretenden arrogarse en exclusiva la representación de la sociedad catalana. Deberemos ponernos de acuerdo sobre qué se quiere hablar y en qué condiciones, pero me permito señalar que el problema, a largo plazo, no tendrá solución hasta que en Cataluña no se tome conciencia plena de que la autodeterminación y la independencia no tienen recorrido. Por la firmeza con que el estado democrático abordará esta cuestión, por la posición que mantendrá Europa y porque la opción independentista y el supuesto anhelo mayoritario de la secesión, no tiene consenso en una Cataluña diversa y plural, no tiene la mayoría que sus líderes presumen. Pocos ciudadanos consideran que el procés terminará con la independencia. Sin darles más valor que ser reflejo de la opinión ciudadana en un momento determinado, las encuestas van repitiendo una y otra vez que la mayoría de catalanes apuesta por reforzar el autogobierno y continuar dentro de España. Así lo señala también el último sondeo de una entidad académica solvente como el Instituto de Ciencias Políticas y Sociales de Barcelona realizado cuando era conocida la sentencia contra los líderes independentistas En ese largo plazo será fundamental también la posición del conjunto de la sociedad española y de sus instituciones políticas y sociales, abordando la necesidad de reconocer plenamente la diversidad y pluralidad de España. Pero ¿qué hacemos en el corto plazo? Creo que todos, desde las diferentes posiciones políticas, sociales, institucionales, deberíamos trabajar por crear un nuevo clima político que desemboque en una propuesta formulada y acordada en el Parlamento de Cataluña que permita satisfacer a una gran mayoría de catalanes. Para ello y casi como cuestión previa será importante terminar con el actual proceso de banalización de las instituciones catalanas: el Presidente, el Parlament y el Consell Executiu que forman la Generalitat de Catalunya, entroncada directamente con la legitimidad republicana. A mi entender es evidente que debe abordarse la salida de la cárcel de los políticos presos, de acuerdo con las condiciones que marca la Ley General Penitenciaria, y deben buscarse espacios de consenso en los que sea posible articular la diferencia. En este sentido es fundamental poder garantizar la neutralidad efectiva de todos los medios de comunicación de titularidad pública en Cataluña, comenzando por TV3 y Catalunya Radio que ha de reflejar la pluralidad de la sociedad catalana. Pienso también que en la próxima legislatura del Parlamento se debería trabajar para tener una Ley Electoral propia de Cataluña que permita acercar al máximo posible la mayoría social y la mayoría parlamentaria. Mientras tanto es evidente que hay un campo posible de colaboración en torno a los problemas reales de la ciudadanía. Organizaciones sociales, económicas, educativas y culturales de todo tipo piden a un Govern paralizado que tome medidas efectivas. Comenzar a plantear temas cotidianos es un modo de dialogar. Publicado en el diario El País el 10 de noviembre de 2019
