{"version":"1.0","provider_name":"Converses a Catalunya","provider_url":"https:\/\/conversesacatalunya.cat\/es\/","title":"Teatre Borr\u00e0s: \"El sopar dels idiotes\" - Converses a Catalunya","type":"rich","width":600,"height":338,"html":"<blockquote class=\"wp-embedded-content\" data-secret=\"D9PD7pATNd\"><a href=\"https:\/\/conversesacatalunya.cat\/es\/teatre-borras-el-sopar-dels-idiotes\/\">Teatre Borr\u00e0s: \u00abEl sopar dels idiotes\u00bb<\/a><\/blockquote><iframe sandbox=\"allow-scripts\" security=\"restricted\" src=\"https:\/\/conversesacatalunya.cat\/es\/teatre-borras-el-sopar-dels-idiotes\/embed\/#?secret=D9PD7pATNd\" width=\"600\" height=\"338\" title=\"\u00abTeatre Borr\u00e0s: \u00abEl sopar dels idiotes\u00bb\u00bb \u2014 Converses a Catalunya\" data-secret=\"D9PD7pATNd\" frameborder=\"0\" marginwidth=\"0\" marginheight=\"0\" scrolling=\"no\" class=\"wp-embedded-content\"><\/iframe><script>\n\/*! This file is auto-generated *\/\n!function(d,l){\"use strict\";l.querySelector&&d.addEventListener&&\"undefined\"!=typeof URL&&(d.wp=d.wp||{},d.wp.receiveEmbedMessage||(d.wp.receiveEmbedMessage=function(e){var t=e.data;if((t||t.secret||t.message||t.value)&&!\/[^a-zA-Z0-9]\/.test(t.secret)){for(var s,r,n,a=l.querySelectorAll('iframe[data-secret=\"'+t.secret+'\"]'),o=l.querySelectorAll('blockquote[data-secret=\"'+t.secret+'\"]'),c=new RegExp(\"^https?:$\",\"i\"),i=0;i<o.length;i++)o[i].style.display=\"none\";for(i=0;i<a.length;i++)s=a[i],e.source===s.contentWindow&&(s.removeAttribute(\"style\"),\"height\"===t.message?(1e3<(r=parseInt(t.value,10))?r=1e3:~~r<200&&(r=200),s.height=r):\"link\"===t.message&&(r=new URL(s.getAttribute(\"src\")),n=new URL(t.value),c.test(n.protocol))&&n.host===r.host&&l.activeElement===s&&(d.top.location.href=t.value))}},d.addEventListener(\"message\",d.wp.receiveEmbedMessage,!1),l.addEventListener(\"DOMContentLoaded\",function(){for(var e,t,s=l.querySelectorAll(\"iframe.wp-embedded-content\"),r=0;r<s.length;r++)(t=(e=s[r]).getAttribute(\"data-secret\"))||(t=Math.random().toString(36).substring(2,12),e.src+=\"#?secret=\"+t,e.setAttribute(\"data-secret\",t)),e.contentWindow.postMessage({message:\"ready\",secret:t},\"*\")},!1)))}(window,document);\n<\/script>\n","thumbnail_url":"https:\/\/conversesacatalunya.cat\/wp-content\/uploads\/2022\/02\/idiotes.760x428.90a144e0.jpg","thumbnail_width":760,"thumbnail_height":428,"description":"\u00abLa cena de los idiotas\u00bb, de Francis Veber, se ha convertido en uno de los cl\u00e1sicos del humor m\u00e1s representados con \u00e9xito en todo el mundo. Vuelve a nuestros escenarios para ofrecernos una divertid\u00edsima cr\u00edtica de una sociedad en la que no es f\u00e1cil saber qui\u00e9n es realmente el idiota. Un grupo de amigos organiza peri\u00f3dicamente una \u201ccena de los idiotas\u201d, en la que invitan a personas aparentemente est\u00fapidas por pura diversi\u00f3n. La experiencia se rompe el d\u00eda en que uno de los amigos sufre un ataque de lumbalgia y se enfrenta cara a cara con las vivencias y reflexiones personales del m\u00e1s idiota, y acaba d\u00e1ndose cuenta de que \u00e9l tambi\u00e9n forma parte de esta categor\u00eda. HORARIOS D\u00edas Horas Precios Observaciones Mi\u00e9rcoles, jueves y viernes a las 20.00 h Entrada general de: 22 a 26 \u20ac (+ gastos de gesti\u00f3n) Duraci\u00f3n: 1 h 40 minutos S\u00e1bado a las 17.00 hy a las 20.00 h Domingo a las 17.00 h Se celebra y se venden las entradas en el Teatre Borr\u00e0shasta el 27 de febrero de 2022."}

Teatre Borràs: "El sopar dels idiotes" - Converses a Catalunya

<blockquote class="wp-embedded-content" data-secret="D9PD7pATNd"><a href="https://conversesacatalunya.cat/es/teatre-borras-el-sopar-dels-idiotes/">Teatre Borràs: «El sopar dels idiotes»</a></blockquote><iframe sandbox="allow-scripts" security="restricted" src="https://conversesacatalunya.cat/es/teatre-borras-el-sopar-dels-idiotes/embed/#?secret=D9PD7pATNd" width="600" height="338" title="«Teatre Borràs: «El sopar dels idiotes»» — Converses a Catalunya" data-secret="D9PD7pATNd" frameborder="0" marginwidth="0" marginheight="0" scrolling="no" class="wp-embedded-content"></iframe><script>
/*! This file is auto-generated */
!function(d,l){"use strict";l.querySelector&&d.addEventListener&&"undefined"!=typeof URL&&(d.wp=d.wp||{},d.wp.receiveEmbedMessage||(d.wp.receiveEmbedMessage=function(e){var t=e.data;if((t||t.secret||t.message||t.value)&&!/[^a-zA-Z0-9]/.test(t.secret)){for(var s,r,n,a=l.querySelectorAll('iframe[data-secret="'+t.secret+'"]'),o=l.querySelectorAll('blockquote[data-secret="'+t.secret+'"]'),c=new RegExp("^https?:$","i"),i=0;i<o.length;i++)o[i].style.display="none";for(i=0;i<a.length;i++)s=a[i],e.source===s.contentWindow&&(s.removeAttribute("style"),"height"===t.message?(1e3<(r=parseInt(t.value,10))?r=1e3:~~r<200&&(r=200),s.height=r):"link"===t.message&&(r=new URL(s.getAttribute("src")),n=new URL(t.value),c.test(n.protocol))&&n.host===r.host&&l.activeElement===s&&(d.top.location.href=t.value))}},d.addEventListener("message",d.wp.receiveEmbedMessage,!1),l.addEventListener("DOMContentLoaded",function(){for(var e,t,s=l.querySelectorAll("iframe.wp-embedded-content"),r=0;r<s.length;r++)(t=(e=s[r]).getAttribute("data-secret"))||(t=Math.random().toString(36).substring(2,12),e.src+="#?secret="+t,e.setAttribute("data-secret",t)),e.contentWindow.postMessage({message:"ready",secret:t},"*")},!1)))}(window,document);
</script>

«La cena de los idiotas», de Francis Veber, se ha convertido en uno de los clásicos del humor más representados con éxito en todo el mundo. Vuelve a nuestros escenarios para ofrecernos una divertidísima crítica de una sociedad en la que no es fácil saber quién es realmente el idiota. Un grupo de amigos organiza periódicamente una “cena de los idiotas”, en la que invitan a personas aparentemente estúpidas por pura diversión. La experiencia se rompe el día en que uno de los amigos sufre un ataque de lumbalgia y se enfrenta cara a cara con las vivencias y reflexiones personales del más idiota, y acaba dándose cuenta de que él también forma parte de esta categoría. HORARIOS Días Horas Precios Observaciones Miércoles, jueves y viernes a las 20.00 h Entrada general de: 22 a 26 € (+ gastos de gestión) Duración: 1 h 40 minutos Sábado a las 17.00 hy a las 20.00 h Domingo a las 17.00 h Se celebra y se venden las entradas en el Teatre Borràshasta el 27 de febrero de 2022.
