{"version":"1.0","provider_name":"Converses a Catalunya","provider_url":"https:\/\/conversesacatalunya.cat\/es\/","title":"Sus improvisaciones nos costar\u00e1n caras. - Converses a Catalunya","type":"rich","width":600,"height":338,"html":"<blockquote class=\"wp-embedded-content\" data-secret=\"R4dNL4HNJ1\"><a href=\"https:\/\/conversesacatalunya.cat\/es\/sus-improvisaciones-nos-costaran-caras\/\">Sus improvisaciones nos costar\u00e1n caras.<\/a><\/blockquote><iframe sandbox=\"allow-scripts\" security=\"restricted\" src=\"https:\/\/conversesacatalunya.cat\/es\/sus-improvisaciones-nos-costaran-caras\/embed\/#?secret=R4dNL4HNJ1\" width=\"600\" height=\"338\" title=\"\u00abSus improvisaciones nos costar\u00e1n caras.\u00bb \u2014 Converses a Catalunya\" data-secret=\"R4dNL4HNJ1\" frameborder=\"0\" marginwidth=\"0\" marginheight=\"0\" scrolling=\"no\" class=\"wp-embedded-content\"><\/iframe><script>\n\/*! This file is auto-generated *\/\n!function(d,l){\"use strict\";l.querySelector&&d.addEventListener&&\"undefined\"!=typeof URL&&(d.wp=d.wp||{},d.wp.receiveEmbedMessage||(d.wp.receiveEmbedMessage=function(e){var t=e.data;if((t||t.secret||t.message||t.value)&&!\/[^a-zA-Z0-9]\/.test(t.secret)){for(var s,r,n,a=l.querySelectorAll('iframe[data-secret=\"'+t.secret+'\"]'),o=l.querySelectorAll('blockquote[data-secret=\"'+t.secret+'\"]'),c=new RegExp(\"^https?:$\",\"i\"),i=0;i<o.length;i++)o[i].style.display=\"none\";for(i=0;i<a.length;i++)s=a[i],e.source===s.contentWindow&&(s.removeAttribute(\"style\"),\"height\"===t.message?(1e3<(r=parseInt(t.value,10))?r=1e3:~~r<200&&(r=200),s.height=r):\"link\"===t.message&&(r=new URL(s.getAttribute(\"src\")),n=new URL(t.value),c.test(n.protocol))&&n.host===r.host&&l.activeElement===s&&(d.top.location.href=t.value))}},d.addEventListener(\"message\",d.wp.receiveEmbedMessage,!1),l.addEventListener(\"DOMContentLoaded\",function(){for(var e,t,s=l.querySelectorAll(\"iframe.wp-embedded-content\"),r=0;r<s.length;r++)(t=(e=s[r]).getAttribute(\"data-secret\"))||(t=Math.random().toString(36).substring(2,12),e.src+=\"#?secret=\"+t,e.setAttribute(\"data-secret\",t)),e.contentWindow.postMessage({message:\"ready\",secret:t},\"*\")},!1)))}(window,document);\n<\/script>\n","thumbnail_url":"https:\/\/conversesacatalunya.cat\/wp-content\/uploads\/2020\/08\/clase_colegio.jpg","thumbnail_width":680,"thumbnail_height":453,"description":"Ahora resulta ser que, en el inicio de la segunda ola de la pandemia, el Departamento de Educaci\u00f3n en la Generalitat de Catalunya repara que no tiene suficientes ordenadores y que como el mercado est\u00e1 muy tensado por m\u00faltiples demandas, es muy dif\u00edcil obtenerlos. Se dan cuenta ahora de algo que deb\u00edan tener previsto desde mayo o desde junio, desde el momento en que ten\u00edan claro que el curso terminaba, era necesario empezar otro y que previsiblemente en un momento determinado las clases, en mayor o menor medida, deber\u00edan realizarse a distancia. Confiados en una posible segunda ola en oto\u00f1o, han pasado por alto que todo se precipitara y ahora, a pocos d\u00edas del inicio del curso escolar, nos encontramos con este dato tan expresivo de la escasa capacidad de prevenir y realizar que est\u00e1n demostrando nuestras administraciones desde que empez\u00f3 la pandemia. Pero no se trata solo de esto, sino de las grandes incertidumbres de c\u00f3mo se va a iniciar y desarrollar el curso. Hubo semanas atr\u00e1s una rueda de prensa,\u00a0 muy formal, en la que el Conseller Bargall\u00f3 present\u00f3 el plan para iniciar las actividades escolares. No hab\u00edan pasado tres d\u00edas cuando desde Sanidad se cuestionaban las medidas anunciadas. En otras palabras: el Departamento de Educaci\u00f3n en la Generalitat de Catalunya no present\u00f3 su plan despu\u00e9s de haberlo elaborado juntamente con el otro departamento competente en esta materia, el de Sanidad. Ahora todo son idas y vueltas, planteamientos y replanteamientos que dejan en la mayor de las incertidumbres a los padres. Es literalmente escandaloso. Ahora ya no existe ni la excusa de que la pandemia los cogi\u00f3 a todos por sorpresa, lo cual es relativamente cierto porque se vino anunciando desde semanas antes. Ahora se trataba simplemente de prever, programar y realizar, y no son capaces. Es un ejemplo paradigm\u00e1tico de la indefensi\u00f3n en que vivimos el que los tres departamentos afectados de la Generalitat, primero Treball y Benestar con la tragedia de las residencias para la gente mayor. Despu\u00e9s la incapacidad del Departamento de Sanidad que ha llevado a la sustituci\u00f3n de hecho, aunque no formal, de la Consejera Alba Verg\u00e9s. Y finalmente Ensenyament que demuestra que es incapaz de programar un curso escolar y mantener correctamente informados al profesorado y a los padres, a la mancomunidad educativa. Estos hechos tienen una doble relevancia pol\u00edtica. Primero porque demuestra una vez m\u00e1s la incapacidad del gobierno de Catalu\u00f1a para hacerlo mejor que el desastre de gesti\u00f3n que sigue exhibiendo el gobierno espa\u00f1ol. La segunda raz\u00f3n radica en el hecho de que los tres departamentos pertenecen a ERC, y que el fracaso de cada uno de ellos se lleva por delante la estrategia republicana de exhibir capacidad de gobierno para demostrar las virtudes de su partido. &nbsp;"}

Sus improvisaciones nos costarán caras. - Converses a Catalunya

<blockquote class="wp-embedded-content" data-secret="R4dNL4HNJ1"><a href="https://conversesacatalunya.cat/es/sus-improvisaciones-nos-costaran-caras/">Sus improvisaciones nos costarán caras.</a></blockquote><iframe sandbox="allow-scripts" security="restricted" src="https://conversesacatalunya.cat/es/sus-improvisaciones-nos-costaran-caras/embed/#?secret=R4dNL4HNJ1" width="600" height="338" title="«Sus improvisaciones nos costarán caras.» — Converses a Catalunya" data-secret="R4dNL4HNJ1" frameborder="0" marginwidth="0" marginheight="0" scrolling="no" class="wp-embedded-content"></iframe><script>
/*! This file is auto-generated */
!function(d,l){"use strict";l.querySelector&&d.addEventListener&&"undefined"!=typeof URL&&(d.wp=d.wp||{},d.wp.receiveEmbedMessage||(d.wp.receiveEmbedMessage=function(e){var t=e.data;if((t||t.secret||t.message||t.value)&&!/[^a-zA-Z0-9]/.test(t.secret)){for(var s,r,n,a=l.querySelectorAll('iframe[data-secret="'+t.secret+'"]'),o=l.querySelectorAll('blockquote[data-secret="'+t.secret+'"]'),c=new RegExp("^https?:$","i"),i=0;i<o.length;i++)o[i].style.display="none";for(i=0;i<a.length;i++)s=a[i],e.source===s.contentWindow&&(s.removeAttribute("style"),"height"===t.message?(1e3<(r=parseInt(t.value,10))?r=1e3:~~r<200&&(r=200),s.height=r):"link"===t.message&&(r=new URL(s.getAttribute("src")),n=new URL(t.value),c.test(n.protocol))&&n.host===r.host&&l.activeElement===s&&(d.top.location.href=t.value))}},d.addEventListener("message",d.wp.receiveEmbedMessage,!1),l.addEventListener("DOMContentLoaded",function(){for(var e,t,s=l.querySelectorAll("iframe.wp-embedded-content"),r=0;r<s.length;r++)(t=(e=s[r]).getAttribute("data-secret"))||(t=Math.random().toString(36).substring(2,12),e.src+="#?secret="+t,e.setAttribute("data-secret",t)),e.contentWindow.postMessage({message:"ready",secret:t},"*")},!1)))}(window,document);
</script>

Ahora resulta ser que, en el inicio de la segunda ola de la pandemia, el Departamento de Educación en la Generalitat de Catalunya repara que no tiene suficientes ordenadores y que como el mercado está muy tensado por múltiples demandas, es muy difícil obtenerlos. Se dan cuenta ahora de algo que debían tener previsto desde mayo o desde junio, desde el momento en que tenían claro que el curso terminaba, era necesario empezar otro y que previsiblemente en un momento determinado las clases, en mayor o menor medida, deberían realizarse a distancia. Confiados en una posible segunda ola en otoño, han pasado por alto que todo se precipitara y ahora, a pocos días del inicio del curso escolar, nos encontramos con este dato tan expresivo de la escasa capacidad de prevenir y realizar que están demostrando nuestras administraciones desde que empezó la pandemia. Pero no se trata solo de esto, sino de las grandes incertidumbres de cómo se va a iniciar y desarrollar el curso. Hubo semanas atrás una rueda de prensa,  muy formal, en la que el Conseller Bargalló presentó el plan para iniciar las actividades escolares. No habían pasado tres días cuando desde Sanidad se cuestionaban las medidas anunciadas. En otras palabras: el Departamento de Educación en la Generalitat de Catalunya no presentó su plan después de haberlo elaborado juntamente con el otro departamento competente en esta materia, el de Sanidad. Ahora todo son idas y vueltas, planteamientos y replanteamientos que dejan en la mayor de las incertidumbres a los padres. Es literalmente escandaloso. Ahora ya no existe ni la excusa de que la pandemia los cogió a todos por sorpresa, lo cual es relativamente cierto porque se vino anunciando desde semanas antes. Ahora se trataba simplemente de prever, programar y realizar, y no son capaces. Es un ejemplo paradigmático de la indefensión en que vivimos el que los tres departamentos afectados de la Generalitat, primero Treball y Benestar con la tragedia de las residencias para la gente mayor. Después la incapacidad del Departamento de Sanidad que ha llevado a la sustitución de hecho, aunque no formal, de la Consejera Alba Vergés. Y finalmente Ensenyament que demuestra que es incapaz de programar un curso escolar y mantener correctamente informados al profesorado y a los padres, a la mancomunidad educativa. Estos hechos tienen una doble relevancia política. Primero porque demuestra una vez más la incapacidad del gobierno de Cataluña para hacerlo mejor que el desastre de gestión que sigue exhibiendo el gobierno español. La segunda razón radica en el hecho de que los tres departamentos pertenecen a ERC, y que el fracaso de cada uno de ellos se lleva por delante la estrategia republicana de exhibir capacidad de gobierno para demostrar las virtudes de su partido. &nbsp;
