{"version":"1.0","provider_name":"Converses a Catalunya","provider_url":"https:\/\/conversesacatalunya.cat\/es\/","title":"S\u00e1nchez, un gobierno cada vez m\u00e1s quemado - Converses a Catalunya","type":"rich","width":600,"height":338,"html":"<blockquote class=\"wp-embedded-content\" data-secret=\"Wh1YIS6la7\"><a href=\"https:\/\/conversesacatalunya.cat\/es\/sanchez-un-gobierno-cada-vez-mas-quemado\/\">S\u00e1nchez, un gobierno cada vez m\u00e1s quemado<\/a><\/blockquote><iframe sandbox=\"allow-scripts\" security=\"restricted\" src=\"https:\/\/conversesacatalunya.cat\/es\/sanchez-un-gobierno-cada-vez-mas-quemado\/embed\/#?secret=Wh1YIS6la7\" width=\"600\" height=\"338\" title=\"\u00abS\u00e1nchez, un gobierno cada vez m\u00e1s quemado\u00bb \u2014 Converses a Catalunya\" data-secret=\"Wh1YIS6la7\" frameborder=\"0\" marginwidth=\"0\" marginheight=\"0\" scrolling=\"no\" class=\"wp-embedded-content\"><\/iframe><script>\n\/*! This file is auto-generated *\/\n!function(d,l){\"use strict\";l.querySelector&&d.addEventListener&&\"undefined\"!=typeof URL&&(d.wp=d.wp||{},d.wp.receiveEmbedMessage||(d.wp.receiveEmbedMessage=function(e){var t=e.data;if((t||t.secret||t.message||t.value)&&!\/[^a-zA-Z0-9]\/.test(t.secret)){for(var s,r,n,a=l.querySelectorAll('iframe[data-secret=\"'+t.secret+'\"]'),o=l.querySelectorAll('blockquote[data-secret=\"'+t.secret+'\"]'),c=new RegExp(\"^https?:$\",\"i\"),i=0;i<o.length;i++)o[i].style.display=\"none\";for(i=0;i<a.length;i++)s=a[i],e.source===s.contentWindow&&(s.removeAttribute(\"style\"),\"height\"===t.message?(1e3<(r=parseInt(t.value,10))?r=1e3:~~r<200&&(r=200),s.height=r):\"link\"===t.message&&(r=new URL(s.getAttribute(\"src\")),n=new URL(t.value),c.test(n.protocol))&&n.host===r.host&&l.activeElement===s&&(d.top.location.href=t.value))}},d.addEventListener(\"message\",d.wp.receiveEmbedMessage,!1),l.addEventListener(\"DOMContentLoaded\",function(){for(var e,t,s=l.querySelectorAll(\"iframe.wp-embedded-content\"),r=0;r<s.length;r++)(t=(e=s[r]).getAttribute(\"data-secret\"))||(t=Math.random().toString(36).substring(2,12),e.src+=\"#?secret=\"+t,e.setAttribute(\"data-secret\",t)),e.contentWindow.postMessage({message:\"ready\",secret:t},\"*\")},!1)))}(window,document);\n<\/script>\n","thumbnail_url":"https:\/\/conversesacatalunya.cat\/wp-content\/uploads\/2020\/06\/sanchez.jpg","thumbnail_width":1200,"thumbnail_height":737,"description":"Se presupone que los gobiernos tienen como misi\u00f3n fundamental resolver los problemas de la gente, o al menos intentarlo. La cuesti\u00f3n es que, en el caso del gobierno S\u00e1nchez, su capacidad para crearse problemas dif\u00edcilmente le deja margen para resolver los de los dem\u00e1s. Un buen ejemplo son estos tres \u00faltimos d\u00edas, cuando un tema estrella del gobierno, el ingreso m\u00ednimo vital, ha quedado oscurecido por dos conflictos provocados por ministros del gobierno. Hay que decir, por otra parte, que esta ayuda m\u00ednima para las personas que m\u00e1s lo puedan necesitar pr\u00e1cticamente no es discutida por nadie, excepto por Vox, pero que al final ha resultado una v\u00eda que constituir\u00e1 en s\u00ed misma un nuevo problema al esquivar el hecho de hacer depender esta ayuda de la Seguridad Social y no de los servicios sociales. El resultado es un modelo de dif\u00edcil control y que no podr\u00e1 llevarse a cabo por falta de gente sobre el terreno. El objetivo \u00faltimo de esta medida no es la de paliar una situaci\u00f3n dif\u00edcil cronific\u00e1ndola, sino velar a fin de que la persona pueda, m\u00e1s tarde o m\u00e1s temprano, reincorporarse a un puesto de trabajo y resolver otros problemas vitales. Y esta tarea es imposible sin contar con un buen sistema de servicios sociales. Pero, como ha imperado una visi\u00f3n centralizada, y las comunidades aut\u00f3nomas tienen competencia exclusiva en esta materia, se ha optado por la v\u00eda de la Seguridad Social. El segundo problema que plantea es el privilegio otorgado en el Pa\u00eds Vasco y Navarra, que s\u00ed que gestionar\u00e1n la ayuda directamente. Una consecuencia m\u00e1s de la necesidad de apoyo que S\u00e1nchez tiene del PNV, pero que sin duda pasa factura al resto de Espa\u00f1a. Pero m\u00e1s all\u00e1 de este hecho, en dos d\u00edas sucesivos, dos ministros han sido puestos en la picota. Una ha sido Irene Montero, ministra de Igualdad, al darse a conocer el corte del v\u00eddeo en el que dejaba constancia de que el gobierno sab\u00eda que el coronavirus estaba bien presente, hasta el extremo que serv\u00eda para explicar una menor afluencia en las manifestaciones feministas del 8M. Montero en s\u00ed misma no tiene un ministerio importante, pero no se puede olvidar la singular circunstancia, porque se da por primera vez en la historia, de que es pareja del vicepresidente y l\u00edder de la otra formaci\u00f3n coligada con el PSOE. El segundo ministro afectado y que dif\u00edcilmente podr\u00e1 mantener su posici\u00f3n con un gran desgaste es el caso de Grande-Marlaska. Este s\u00ed que ocupa una cartera importante y, por tanto, su sustituci\u00f3n crea una verdadera crisis de gobierno. \u00bfC\u00f3mo mantener un ministro que evidentemente ha dicho en sede parlamentaria cosas que nada tienen que ver con lo que en realidad sucedi\u00f3 con la destituci\u00f3n fulminante del coronel de la Guardia Civil P\u00e9rez de los Cobos? Hace dif\u00edcil su continuidad. El hecho de que tres de las cuatro asociaciones de la magistratura la hayan descualificado, todav\u00eda lo sit\u00faa en un escenario m\u00e1s dif\u00edcil, m\u00e1s cuando se trata, como en el caso de Grande-Marlaska, de un juez, lo que agrava el enga\u00f1o a que ha sometido al Congreso y al Senado. En un \u00e1mbito menor, pero no carente de significaci\u00f3n, est\u00e1n las discrepancias entre el ministro de transportes y n\u00famero dos del PSOE, \u00c1balos, y el ministro de Sanidad, Illa. Uno afirma que a partir del d\u00eda 1 se podr\u00e1 viajar entre diferentes regiones que est\u00e9n en la misma fase 3, y al d\u00eda siguiente Illa niega esta posibilidad hasta que se haya vuelto a la normalidad. Mucho m\u00e1s complicado para Illa y el doctor Sim\u00f3n es aguantar el rid\u00edculo y a la vez tr\u00e1gico baile de muertos que se est\u00e1 produciendo estos \u00faltimos d\u00edas. Por ejemplo, con fecha de ayer, si se suma d\u00eda a d\u00eda la cifra de muertos de las siete \u00faltimas jornadas dada por el Ministerio de Sanidad, no cuadra ni de lejos con la misma cifra agregada de los \u00faltimos siete d\u00edas dada por ellos mismos. Este hecho ya hizo enrojecer al presidente del gobierno ante la pregunta del corresponsal del New York Times, al decir que Espa\u00f1a era el \u00fanico pa\u00eds del mundo donde de un d\u00eda para otro hab\u00edan desaparecido 2.000 personas muertas. M\u00e1s informaci\u00f3n sobre el coronavirus en ESPECIAL CORONAVIRUS"}

Sánchez, un gobierno cada vez más quemado - Converses a Catalunya

<blockquote class="wp-embedded-content" data-secret="Wh1YIS6la7"><a href="https://conversesacatalunya.cat/es/sanchez-un-gobierno-cada-vez-mas-quemado/">Sánchez, un gobierno cada vez más quemado</a></blockquote><iframe sandbox="allow-scripts" security="restricted" src="https://conversesacatalunya.cat/es/sanchez-un-gobierno-cada-vez-mas-quemado/embed/#?secret=Wh1YIS6la7" width="600" height="338" title="«Sánchez, un gobierno cada vez más quemado» — Converses a Catalunya" data-secret="Wh1YIS6la7" frameborder="0" marginwidth="0" marginheight="0" scrolling="no" class="wp-embedded-content"></iframe><script>
/*! This file is auto-generated */
!function(d,l){"use strict";l.querySelector&&d.addEventListener&&"undefined"!=typeof URL&&(d.wp=d.wp||{},d.wp.receiveEmbedMessage||(d.wp.receiveEmbedMessage=function(e){var t=e.data;if((t||t.secret||t.message||t.value)&&!/[^a-zA-Z0-9]/.test(t.secret)){for(var s,r,n,a=l.querySelectorAll('iframe[data-secret="'+t.secret+'"]'),o=l.querySelectorAll('blockquote[data-secret="'+t.secret+'"]'),c=new RegExp("^https?:$","i"),i=0;i<o.length;i++)o[i].style.display="none";for(i=0;i<a.length;i++)s=a[i],e.source===s.contentWindow&&(s.removeAttribute("style"),"height"===t.message?(1e3<(r=parseInt(t.value,10))?r=1e3:~~r<200&&(r=200),s.height=r):"link"===t.message&&(r=new URL(s.getAttribute("src")),n=new URL(t.value),c.test(n.protocol))&&n.host===r.host&&l.activeElement===s&&(d.top.location.href=t.value))}},d.addEventListener("message",d.wp.receiveEmbedMessage,!1),l.addEventListener("DOMContentLoaded",function(){for(var e,t,s=l.querySelectorAll("iframe.wp-embedded-content"),r=0;r<s.length;r++)(t=(e=s[r]).getAttribute("data-secret"))||(t=Math.random().toString(36).substring(2,12),e.src+="#?secret="+t,e.setAttribute("data-secret",t)),e.contentWindow.postMessage({message:"ready",secret:t},"*")},!1)))}(window,document);
</script>

Se presupone que los gobiernos tienen como misión fundamental resolver los problemas de la gente, o al menos intentarlo. La cuestión es que, en el caso del gobierno Sánchez, su capacidad para crearse problemas difícilmente le deja margen para resolver los de los demás. Un buen ejemplo son estos tres últimos días, cuando un tema estrella del gobierno, el ingreso mínimo vital, ha quedado oscurecido por dos conflictos provocados por ministros del gobierno. Hay que decir, por otra parte, que esta ayuda mínima para las personas que más lo puedan necesitar prácticamente no es discutida por nadie, excepto por Vox, pero que al final ha resultado una vía que constituirá en sí misma un nuevo problema al esquivar el hecho de hacer depender esta ayuda de la Seguridad Social y no de los servicios sociales. El resultado es un modelo de difícil control y que no podrá llevarse a cabo por falta de gente sobre el terreno. El objetivo último de esta medida no es la de paliar una situación difícil cronificándola, sino velar a fin de que la persona pueda, más tarde o más temprano, reincorporarse a un puesto de trabajo y resolver otros problemas vitales. Y esta tarea es imposible sin contar con un buen sistema de servicios sociales. Pero, como ha imperado una visión centralizada, y las comunidades autónomas tienen competencia exclusiva en esta materia, se ha optado por la vía de la Seguridad Social. El segundo problema que plantea es el privilegio otorgado en el País Vasco y Navarra, que sí que gestionarán la ayuda directamente. Una consecuencia más de la necesidad de apoyo que Sánchez tiene del PNV, pero que sin duda pasa factura al resto de España. Pero más allá de este hecho, en dos días sucesivos, dos ministros han sido puestos en la picota. Una ha sido Irene Montero, ministra de Igualdad, al darse a conocer el corte del vídeo en el que dejaba constancia de que el gobierno sabía que el coronavirus estaba bien presente, hasta el extremo que servía para explicar una menor afluencia en las manifestaciones feministas del 8M. Montero en sí misma no tiene un ministerio importante, pero no se puede olvidar la singular circunstancia, porque se da por primera vez en la historia, de que es pareja del vicepresidente y líder de la otra formación coligada con el PSOE. El segundo ministro afectado y que difícilmente podrá mantener su posición con un gran desgaste es el caso de Grande-Marlaska. Este sí que ocupa una cartera importante y, por tanto, su sustitución crea una verdadera crisis de gobierno. ¿Cómo mantener un ministro que evidentemente ha dicho en sede parlamentaria cosas que nada tienen que ver con lo que en realidad sucedió con la destitución fulminante del coronel de la Guardia Civil Pérez de los Cobos? Hace difícil su continuidad. El hecho de que tres de las cuatro asociaciones de la magistratura la hayan descualificado, todavía lo sitúa en un escenario más difícil, más cuando se trata, como en el caso de Grande-Marlaska, de un juez, lo que agrava el engaño a que ha sometido al Congreso y al Senado. En un ámbito menor, pero no carente de significación, están las discrepancias entre el ministro de transportes y número dos del PSOE, Ábalos, y el ministro de Sanidad, Illa. Uno afirma que a partir del día 1 se podrá viajar entre diferentes regiones que estén en la misma fase 3, y al día siguiente Illa niega esta posibilidad hasta que se haya vuelto a la normalidad. Mucho más complicado para Illa y el doctor Simón es aguantar el ridículo y a la vez trágico baile de muertos que se está produciendo estos últimos días. Por ejemplo, con fecha de ayer, si se suma día a día la cifra de muertos de las siete últimas jornadas dada por el Ministerio de Sanidad, no cuadra ni de lejos con la misma cifra agregada de los últimos siete días dada por ellos mismos. Este hecho ya hizo enrojecer al presidente del gobierno ante la pregunta del corresponsal del New York Times, al decir que España era el único país del mundo donde de un día para otro habían desaparecido 2.000 personas muertas. Más información sobre el coronavirus en ESPECIAL CORONAVIRUS
