{"version":"1.0","provider_name":"Converses a Catalunya","provider_url":"https:\/\/conversesacatalunya.cat\/es\/","title":"S\u00e1nchez, pir\u00f3mano de la UE - Converses a Catalunya","type":"rich","width":600,"height":338,"html":"<blockquote class=\"wp-embedded-content\" data-secret=\"VcXcnrq77I\"><a href=\"https:\/\/conversesacatalunya.cat\/es\/sanchez-piromano-de-la-ue\/\">S\u00e1nchez, pir\u00f3mano de la UE<\/a><\/blockquote><iframe sandbox=\"allow-scripts\" security=\"restricted\" src=\"https:\/\/conversesacatalunya.cat\/es\/sanchez-piromano-de-la-ue\/embed\/#?secret=VcXcnrq77I\" width=\"600\" height=\"338\" title=\"\u00abS\u00e1nchez, pir\u00f3mano de la UE\u00bb \u2014 Converses a Catalunya\" data-secret=\"VcXcnrq77I\" frameborder=\"0\" marginwidth=\"0\" marginheight=\"0\" scrolling=\"no\" class=\"wp-embedded-content\"><\/iframe><script>\n\/*! This file is auto-generated *\/\n!function(d,l){\"use strict\";l.querySelector&&d.addEventListener&&\"undefined\"!=typeof URL&&(d.wp=d.wp||{},d.wp.receiveEmbedMessage||(d.wp.receiveEmbedMessage=function(e){var t=e.data;if((t||t.secret||t.message||t.value)&&!\/[^a-zA-Z0-9]\/.test(t.secret)){for(var s,r,n,a=l.querySelectorAll('iframe[data-secret=\"'+t.secret+'\"]'),o=l.querySelectorAll('blockquote[data-secret=\"'+t.secret+'\"]'),c=new RegExp(\"^https?:$\",\"i\"),i=0;i<o.length;i++)o[i].style.display=\"none\";for(i=0;i<a.length;i++)s=a[i],e.source===s.contentWindow&&(s.removeAttribute(\"style\"),\"height\"===t.message?(1e3<(r=parseInt(t.value,10))?r=1e3:~~r<200&&(r=200),s.height=r):\"link\"===t.message&&(r=new URL(s.getAttribute(\"src\")),n=new URL(t.value),c.test(n.protocol))&&n.host===r.host&&l.activeElement===s&&(d.top.location.href=t.value))}},d.addEventListener(\"message\",d.wp.receiveEmbedMessage,!1),l.addEventListener(\"DOMContentLoaded\",function(){for(var e,t,s=l.querySelectorAll(\"iframe.wp-embedded-content\"),r=0;r<s.length;r++)(t=(e=s[r]).getAttribute(\"data-secret\"))||(t=Math.random().toString(36).substring(2,12),e.src+=\"#?secret=\"+t,e.setAttribute(\"data-secret\",t)),e.contentWindow.postMessage({message:\"ready\",secret:t},\"*\")},!1)))}(window,document);\n<\/script>\n","thumbnail_url":"https:\/\/conversesacatalunya.cat\/wp-content\/uploads\/2023\/12\/sanchez-ue.jpeg","thumbnail_width":990,"thumbnail_height":556,"description":"Era la \u00faltima, de hecho la primera, comparecencia de S\u00e1nchez como presidente de turno de la UE frente al Parlamento Europeo.\u00a0Y era la primera porque la preceptiva presentaci\u00f3n del programa en el inicio de su mandato de 6 meses no se produjo.\u00a0Pero est\u00e1 claro, en las actuales coordenadas pol\u00edticas espa\u00f1olas, aflor\u00f3 el tema de la amnist\u00eda y la particular forma de gobernar que tiene el presidente espa\u00f1ol.\u00a0Y entonces estall\u00f3 una bomba radioactiva, cuyos efectos est\u00e1n por ver. El momento concreto de la explosi\u00f3n fue cuando el portavoz del PPE y miembro destacado de la CSU alemana, Weber, le criticaba por la cuesti\u00f3n de la amnist\u00eda desde la perspectiva europea, el espa\u00f1ol le respondi\u00f3 en estos t\u00e9rminos: \u201c \u00bfusted quiere ser c\u00f3mplice de la alianza con la extrema derecha? \u00c9ste es el proyecto europeo que usted defiende SR? \u00bfWeber?\u00a0\u00bfEste es su proyecto para Alemania?\u00a0\u00bfVolver a las calles y plazas de Berl\u00edn el nombre de los l\u00edderes del Tercer Reich? Aqu\u00ed S\u00e1nchez traspas\u00f3 una l\u00ednea muy peligrosa.\u00a0La de acusar al principal partido alem\u00e1n, el dem\u00f3crata cristiano, de\u00a0connivencia con la \u00e9poca nazi.\u00a0Nunca un debate pol\u00edtico en Europa se produjo en estos t\u00e9rminos.\u00a0Y S\u00e1nchez demostr\u00f3 que no ten\u00eda reparos en rebasar todos los l\u00edmites.\u00a0Como en t\u00e9rminos elogiosos para el autor, narraba un periodista del Ara, David Mir\u00f3: \u00abdefinitivamente, S\u00e1nchez es el pol\u00edtico de izquierda europeo que m\u00e1s ha interiorizado conceptos como guerra cultural o la estrategia de la polarizaci\u00f3n\u00bb. Hay gente, incluso periodistas, que ven en t\u00e9rminos elogiosos que la pol\u00edtica se transforme en una guerra cultural y que se fundamente en la polarizaci\u00f3n, y ven como un m\u00e9rito que\u00a0S\u00e1nchez sea el portador de esa bandera\u00a0frente a una izquierda europea mucho m\u00e1s prudente y mucho m\u00e1s consensuadora. Recordemos que los equilibrios para mantener la Uni\u00f3n se han basado hist\u00f3ricamente en el buen entendimiento entre Francia y Alemania, cada vez m\u00e1s debilitado, y en los consensos alcanzados por las dos principales fuerzas europeas, la democracia cristina, transformada hoy en el PPE, m\u00e1s el editamiento de algunos partidos de derechas y la deca\u00edda socialdemocracia. Ahora S\u00e1nchez, cabalgando sobre sus\u00a0necesidades internas de justificar la amnist\u00eda y las alianzas con la extrema izquierda, proyecta esta necesidad y como dice \u00e9l la convierte en virtud, presentando la opci\u00f3n de una nueva izquierda europea que ya no es la social democracia del consenso, sino el bloque de la progres\u00eda, que basa su instinto de poder en la guerra cultural y la polarizaci\u00f3n a base de presentar continuamente al PP a escala europea o espa\u00f1ola como una organizaci\u00f3n protofascista aliada con el fascismo, que son todos los grupos a la derecha. Quienes gobiernan en Italia, en Hungr\u00eda, quienes participan en el gobierno en Finlandia, quienes apoyan al gobierno de Suecia, quienes han gobernado y gobiernan en coalici\u00f3n en Austria, en fin un amplio entendimiento de partidos de gobierno que sea capaz , lo est\u00e1n haciendo bastante mejor que juzgar por los resultados que lo que ha hecho S\u00e1nchez en 5 a\u00f1os en Espa\u00f1a.\u00a0El presidente espa\u00f1ol intenta as\u00ed matar dos p\u00e1jaros de un tiro: que la izquierda europea lo apoye sin fisuras en su pol\u00edtica espa\u00f1ola, y liderar al mismo tiempo una reconversi\u00f3n de esa izquierda continental. De paso, ya estas alturas, S\u00e1nchez consigue otra cosa que es tener ligados y bien ligados no ya a Aragon\u00e9s y a Junqueras, que ya los ten\u00eda, sino a Puigdemont y JxCat.\u00a0Ahora la persona y su organizaci\u00f3n comparten con la izquierda la condici\u00f3n exponente de impotencia pol\u00edtica: producir una amenaza por minuto, con lo que consigue inmunizar a todo el mundo que es peligroso y al mismo tiempo no generar ning\u00fan peligro real para que S\u00e1nchez siga gobernando. A todo esto hay que a\u00f1adirle la nueva\u00a0crisis con los jueces, consecuencia del discurso de la portavoz de Junts en el pleno de la c\u00e1mara, M\u00edriam Nogueras, que acus\u00f3 con nombres y apellidos a una serie de magistrados, diciendo que \u201cen un pa\u00eds normal ser\u00edan destituidos y juzgados de inmediato, pero en el reino de Espa\u00f1a tienen v\u00eda libre para seguir retorciendo la ley y los derechos.\u00a0V\u00eda libre para acusar a muchos independentistas catalanes de terroristas s\u00f3lo por ser independentistas\u2026 son una serie de personas indecentes que deber\u00edan ser destituidas y procesadas\u201d.\u00a0La reacci\u00f3n fue inmediata, el presidente del Tribunal Supremo suspendi\u00f3 una entrevista con el ministro de justicia Bola\u00f1os y todas las asociaciones de jueces y magistrados, con la excepci\u00f3n de la uni\u00f3n progresista de fiscales, condenaron las declaraciones.\u00a0Tenemos as\u00ed abierta una\u00a0en\u00e9sima crisis entre instancias del estado. Y si por si fuera poco, tambi\u00e9n el mismo d\u00eda se acredita que las grandes cifras del gobierno no cuadran.\u00a0El Airef inform\u00f3 que el plan de Montero para reducir el d\u00e9ficit no estaba fundamentado y no cumpl\u00eda los m\u00ednimos que exige la ley, e inst\u00f3 al gobierno a presentar un plan con contenido y forma. Por otra parte, la OCDE advirti\u00f3 sobre la situaci\u00f3n de las pensiones por observar una clara\u00a0descompensaci\u00f3n entre los ingresos y los gastos, que har\u00e1 crecer el d\u00e9ficit porque \u00e9stos crecen mucho m\u00e1s r\u00e1pido que los ingresos.\u00a0Estamos, por tanto, doblemente avisados.\u00a0No importa, porque ambas cuestiones no tienen consecuencias por ahora mismo, por tanto, el gobierno seguir\u00e1 gastando porque en el futuro uno u otro ya vendr\u00e1 con el capazo a recoger los destrozos. &nbsp;"}

Sánchez, pirómano de la UE - Converses a Catalunya

<blockquote class="wp-embedded-content" data-secret="VcXcnrq77I"><a href="https://conversesacatalunya.cat/es/sanchez-piromano-de-la-ue/">Sánchez, pirómano de la UE</a></blockquote><iframe sandbox="allow-scripts" security="restricted" src="https://conversesacatalunya.cat/es/sanchez-piromano-de-la-ue/embed/#?secret=VcXcnrq77I" width="600" height="338" title="«Sánchez, pirómano de la UE» — Converses a Catalunya" data-secret="VcXcnrq77I" frameborder="0" marginwidth="0" marginheight="0" scrolling="no" class="wp-embedded-content"></iframe><script>
/*! This file is auto-generated */
!function(d,l){"use strict";l.querySelector&&d.addEventListener&&"undefined"!=typeof URL&&(d.wp=d.wp||{},d.wp.receiveEmbedMessage||(d.wp.receiveEmbedMessage=function(e){var t=e.data;if((t||t.secret||t.message||t.value)&&!/[^a-zA-Z0-9]/.test(t.secret)){for(var s,r,n,a=l.querySelectorAll('iframe[data-secret="'+t.secret+'"]'),o=l.querySelectorAll('blockquote[data-secret="'+t.secret+'"]'),c=new RegExp("^https?:$","i"),i=0;i<o.length;i++)o[i].style.display="none";for(i=0;i<a.length;i++)s=a[i],e.source===s.contentWindow&&(s.removeAttribute("style"),"height"===t.message?(1e3<(r=parseInt(t.value,10))?r=1e3:~~r<200&&(r=200),s.height=r):"link"===t.message&&(r=new URL(s.getAttribute("src")),n=new URL(t.value),c.test(n.protocol))&&n.host===r.host&&l.activeElement===s&&(d.top.location.href=t.value))}},d.addEventListener("message",d.wp.receiveEmbedMessage,!1),l.addEventListener("DOMContentLoaded",function(){for(var e,t,s=l.querySelectorAll("iframe.wp-embedded-content"),r=0;r<s.length;r++)(t=(e=s[r]).getAttribute("data-secret"))||(t=Math.random().toString(36).substring(2,12),e.src+="#?secret="+t,e.setAttribute("data-secret",t)),e.contentWindow.postMessage({message:"ready",secret:t},"*")},!1)))}(window,document);
</script>

Era la última, de hecho la primera, comparecencia de Sánchez como presidente de turno de la UE frente al Parlamento Europeo. Y era la primera porque la preceptiva presentación del programa en el inicio de su mandato de 6 meses no se produjo. Pero está claro, en las actuales coordenadas políticas españolas, afloró el tema de la amnistía y la particular forma de gobernar que tiene el presidente español. Y entonces estalló una bomba radioactiva, cuyos efectos están por ver. El momento concreto de la explosión fue cuando el portavoz del PPE y miembro destacado de la CSU alemana, Weber, le criticaba por la cuestión de la amnistía desde la perspectiva europea, el español le respondió en estos términos: “ ¿usted quiere ser cómplice de la alianza con la extrema derecha? Éste es el proyecto europeo que usted defiende SR? ¿Weber? ¿Este es su proyecto para Alemania? ¿Volver a las calles y plazas de Berlín el nombre de los líderes del Tercer Reich? Aquí Sánchez traspasó una línea muy peligrosa. La de acusar al principal partido alemán, el demócrata cristiano, de connivencia con la época nazi. Nunca un debate político en Europa se produjo en estos términos. Y Sánchez demostró que no tenía reparos en rebasar todos los límites. Como en términos elogiosos para el autor, narraba un periodista del Ara, David Miró: «definitivamente, Sánchez es el político de izquierda europeo que más ha interiorizado conceptos como guerra cultural o la estrategia de la polarización». Hay gente, incluso periodistas, que ven en términos elogiosos que la política se transforme en una guerra cultural y que se fundamente en la polarización, y ven como un mérito que Sánchez sea el portador de esa bandera frente a una izquierda europea mucho más prudente y mucho más consensuadora. Recordemos que los equilibrios para mantener la Unión se han basado históricamente en el buen entendimiento entre Francia y Alemania, cada vez más debilitado, y en los consensos alcanzados por las dos principales fuerzas europeas, la democracia cristina, transformada hoy en el PPE, más el editamiento de algunos partidos de derechas y la decaída socialdemocracia. Ahora Sánchez, cabalgando sobre sus necesidades internas de justificar la amnistía y las alianzas con la extrema izquierda, proyecta esta necesidad y como dice él la convierte en virtud, presentando la opción de una nueva izquierda europea que ya no es la social democracia del consenso, sino el bloque de la progresía, que basa su instinto de poder en la guerra cultural y la polarización a base de presentar continuamente al PP a escala europea o española como una organización protofascista aliada con el fascismo, que son todos los grupos a la derecha. Quienes gobiernan en Italia, en Hungría, quienes participan en el gobierno en Finlandia, quienes apoyan al gobierno de Suecia, quienes han gobernado y gobiernan en coalición en Austria, en fin un amplio entendimiento de partidos de gobierno que sea capaz , lo están haciendo bastante mejor que juzgar por los resultados que lo que ha hecho Sánchez en 5 años en España. El presidente español intenta así matar dos pájaros de un tiro: que la izquierda europea lo apoye sin fisuras en su política española, y liderar al mismo tiempo una reconversión de esa izquierda continental. De paso, ya estas alturas, Sánchez consigue otra cosa que es tener ligados y bien ligados no ya a Aragonés y a Junqueras, que ya los tenía, sino a Puigdemont y JxCat. Ahora la persona y su organización comparten con la izquierda la condición exponente de impotencia política: producir una amenaza por minuto, con lo que consigue inmunizar a todo el mundo que es peligroso y al mismo tiempo no generar ningún peligro real para que Sánchez siga gobernando. A todo esto hay que añadirle la nueva crisis con los jueces, consecuencia del discurso de la portavoz de Junts en el pleno de la cámara, Míriam Nogueras, que acusó con nombres y apellidos a una serie de magistrados, diciendo que “en un país normal serían destituidos y juzgados de inmediato, pero en el reino de España tienen vía libre para seguir retorciendo la ley y los derechos. Vía libre para acusar a muchos independentistas catalanes de terroristas sólo por ser independentistas… son una serie de personas indecentes que deberían ser destituidas y procesadas”. La reacción fue inmediata, el presidente del Tribunal Supremo suspendió una entrevista con el ministro de justicia Bolaños y todas las asociaciones de jueces y magistrados, con la excepción de la unión progresista de fiscales, condenaron las declaraciones. Tenemos así abierta una enésima crisis entre instancias del estado. Y si por si fuera poco, también el mismo día se acredita que las grandes cifras del gobierno no cuadran. El Airef informó que el plan de Montero para reducir el déficit no estaba fundamentado y no cumplía los mínimos que exige la ley, e instó al gobierno a presentar un plan con contenido y forma. Por otra parte, la OCDE advirtió sobre la situación de las pensiones por observar una clara descompensación entre los ingresos y los gastos, que hará crecer el déficit porque éstos crecen mucho más rápido que los ingresos. Estamos, por tanto, doblemente avisados. No importa, porque ambas cuestiones no tienen consecuencias por ahora mismo, por tanto, el gobierno seguirá gastando porque en el futuro uno u otro ya vendrá con el capazo a recoger los destrozos. &nbsp;
