{"version":"1.0","provider_name":"Converses a Catalunya","provider_url":"https:\/\/conversesacatalunya.cat\/es\/","title":"Resultados de la encuesta anterior: \u00bfIr\u00e1s a votar en las pr\u00f3ximas elecciones al Parlamento de Catalu\u00f1a el 14 de febrero de 2021? - Converses a Catalunya","type":"rich","width":600,"height":338,"html":"<blockquote class=\"wp-embedded-content\" data-secret=\"WQq3gPpe9j\"><a href=\"https:\/\/conversesacatalunya.cat\/es\/resultados-encuesta-14-de-febrer-de-2021\/\">Resultados de la encuesta anterior: \u00bfIr\u00e1s a votar en las pr\u00f3ximas elecciones al Parlamento de Catalu\u00f1a el 14 de febrero de 2021?<\/a><\/blockquote><iframe sandbox=\"allow-scripts\" security=\"restricted\" src=\"https:\/\/conversesacatalunya.cat\/es\/resultados-encuesta-14-de-febrer-de-2021\/embed\/#?secret=WQq3gPpe9j\" width=\"600\" height=\"338\" title=\"\u00abResultados de la encuesta anterior: \u00bfIr\u00e1s a votar en las pr\u00f3ximas elecciones al Parlamento de Catalu\u00f1a el 14 de febrero de 2021?\u00bb \u2014 Converses a Catalunya\" data-secret=\"WQq3gPpe9j\" frameborder=\"0\" marginwidth=\"0\" marginheight=\"0\" scrolling=\"no\" class=\"wp-embedded-content\"><\/iframe><script>\n\/*! This file is auto-generated *\/\n!function(d,l){\"use strict\";l.querySelector&&d.addEventListener&&\"undefined\"!=typeof URL&&(d.wp=d.wp||{},d.wp.receiveEmbedMessage||(d.wp.receiveEmbedMessage=function(e){var t=e.data;if((t||t.secret||t.message||t.value)&&!\/[^a-zA-Z0-9]\/.test(t.secret)){for(var s,r,n,a=l.querySelectorAll('iframe[data-secret=\"'+t.secret+'\"]'),o=l.querySelectorAll('blockquote[data-secret=\"'+t.secret+'\"]'),c=new RegExp(\"^https?:$\",\"i\"),i=0;i<o.length;i++)o[i].style.display=\"none\";for(i=0;i<a.length;i++)s=a[i],e.source===s.contentWindow&&(s.removeAttribute(\"style\"),\"height\"===t.message?(1e3<(r=parseInt(t.value,10))?r=1e3:~~r<200&&(r=200),s.height=r):\"link\"===t.message&&(r=new URL(s.getAttribute(\"src\")),n=new URL(t.value),c.test(n.protocol))&&n.host===r.host&&l.activeElement===s&&(d.top.location.href=t.value))}},d.addEventListener(\"message\",d.wp.receiveEmbedMessage,!1),l.addEventListener(\"DOMContentLoaded\",function(){for(var e,t,s=l.querySelectorAll(\"iframe.wp-embedded-content\"),r=0;r<s.length;r++)(t=(e=s[r]).getAttribute(\"data-secret\"))||(t=Math.random().toString(36).substring(2,12),e.src+=\"#?secret=\"+t,e.setAttribute(\"data-secret\",t)),e.contentWindow.postMessage({message:\"ready\",secret:t},\"*\")},!1)))}(window,document);\n<\/script>\n","thumbnail_url":"https:\/\/conversesacatalunya.cat\/wp-content\/uploads\/2020\/12\/14-febrer-eleccions.jpg","thumbnail_width":1280,"thumbnail_height":720,"description":"En la encuesta anterior: \u00bfIr\u00e1s a votar en las pr\u00f3ximas elecciones al Parlamento de Catalu\u00f1a el 14 de febrero de 2021? los resultados han sido los siguientes: S\u00ed un 75% No un 17% No lo s\u00e9 un 8% Parece que a estas alturas, nuestros votantes tienen claro que ir\u00e1n a votar.\u00a0S\u00f3lo un 25% dice que no o que no lo sabe. Estos resultados se contradicen con lo que se est\u00e1 hablando \u00faltimamente, tanto en las encuestas como en las tertulias pol\u00edticas, sobre el alto nivel de abstenci\u00f3n entre los votantes de todos los partidos pol\u00edticos. Habr\u00e1 que ver si de aqu\u00ed al 14 de febrero cambia la tendencia. &nbsp;"}

Resultados de la encuesta anterior: ¿Irás a votar en las próximas elecciones al Parlamento de Cataluña el 14 de febrero de 2021? - Converses a Catalunya

<blockquote class="wp-embedded-content" data-secret="WQq3gPpe9j"><a href="https://conversesacatalunya.cat/es/resultados-encuesta-14-de-febrer-de-2021/">Resultados de la encuesta anterior: ¿Irás a votar en las próximas elecciones al Parlamento de Cataluña el 14 de febrero de 2021?</a></blockquote><iframe sandbox="allow-scripts" security="restricted" src="https://conversesacatalunya.cat/es/resultados-encuesta-14-de-febrer-de-2021/embed/#?secret=WQq3gPpe9j" width="600" height="338" title="«Resultados de la encuesta anterior: ¿Irás a votar en las próximas elecciones al Parlamento de Cataluña el 14 de febrero de 2021?» — Converses a Catalunya" data-secret="WQq3gPpe9j" frameborder="0" marginwidth="0" marginheight="0" scrolling="no" class="wp-embedded-content"></iframe><script>
/*! This file is auto-generated */
!function(d,l){"use strict";l.querySelector&&d.addEventListener&&"undefined"!=typeof URL&&(d.wp=d.wp||{},d.wp.receiveEmbedMessage||(d.wp.receiveEmbedMessage=function(e){var t=e.data;if((t||t.secret||t.message||t.value)&&!/[^a-zA-Z0-9]/.test(t.secret)){for(var s,r,n,a=l.querySelectorAll('iframe[data-secret="'+t.secret+'"]'),o=l.querySelectorAll('blockquote[data-secret="'+t.secret+'"]'),c=new RegExp("^https?:$","i"),i=0;i<o.length;i++)o[i].style.display="none";for(i=0;i<a.length;i++)s=a[i],e.source===s.contentWindow&&(s.removeAttribute("style"),"height"===t.message?(1e3<(r=parseInt(t.value,10))?r=1e3:~~r<200&&(r=200),s.height=r):"link"===t.message&&(r=new URL(s.getAttribute("src")),n=new URL(t.value),c.test(n.protocol))&&n.host===r.host&&l.activeElement===s&&(d.top.location.href=t.value))}},d.addEventListener("message",d.wp.receiveEmbedMessage,!1),l.addEventListener("DOMContentLoaded",function(){for(var e,t,s=l.querySelectorAll("iframe.wp-embedded-content"),r=0;r<s.length;r++)(t=(e=s[r]).getAttribute("data-secret"))||(t=Math.random().toString(36).substring(2,12),e.src+="#?secret="+t,e.setAttribute("data-secret",t)),e.contentWindow.postMessage({message:"ready",secret:t},"*")},!1)))}(window,document);
</script>

En la encuesta anterior: ¿Irás a votar en las próximas elecciones al Parlamento de Cataluña el 14 de febrero de 2021? los resultados han sido los siguientes: Sí un 75% No un 17% No lo sé un 8% Parece que a estas alturas, nuestros votantes tienen claro que irán a votar. Sólo un 25% dice que no o que no lo sabe. Estos resultados se contradicen con lo que se está hablando últimamente, tanto en las encuestas como en las tertulias políticas, sobre el alto nivel de abstención entre los votantes de todos los partidos políticos. Habrá que ver si de aquí al 14 de febrero cambia la tendencia. &nbsp;
