{"version":"1.0","provider_name":"Converses a Catalunya","provider_url":"https:\/\/conversesacatalunya.cat\/es\/","title":"\u00bfQui\u00e9n cree que se obtendr\u00e1 la independencia? - Converses a Catalunya","type":"rich","width":600,"height":338,"html":"<blockquote class=\"wp-embedded-content\" data-secret=\"PpO1jsc6Oe\"><a href=\"https:\/\/conversesacatalunya.cat\/es\/quien-cree-que-se-obtendra-la-independencia\/\">\u00bfQui\u00e9n cree que se obtendr\u00e1 la independencia?<\/a><\/blockquote><iframe sandbox=\"allow-scripts\" security=\"restricted\" src=\"https:\/\/conversesacatalunya.cat\/es\/quien-cree-que-se-obtendra-la-independencia\/embed\/#?secret=PpO1jsc6Oe\" width=\"600\" height=\"338\" title=\"\u00ab\u00bfQui\u00e9n cree que se obtendr\u00e1 la independencia?\u00bb \u2014 Converses a Catalunya\" data-secret=\"PpO1jsc6Oe\" frameborder=\"0\" marginwidth=\"0\" marginheight=\"0\" scrolling=\"no\" class=\"wp-embedded-content\"><\/iframe><script>\n\/*! This file is auto-generated *\/\n!function(d,l){\"use strict\";l.querySelector&&d.addEventListener&&\"undefined\"!=typeof URL&&(d.wp=d.wp||{},d.wp.receiveEmbedMessage||(d.wp.receiveEmbedMessage=function(e){var t=e.data;if((t||t.secret||t.message||t.value)&&!\/[^a-zA-Z0-9]\/.test(t.secret)){for(var s,r,n,a=l.querySelectorAll('iframe[data-secret=\"'+t.secret+'\"]'),o=l.querySelectorAll('blockquote[data-secret=\"'+t.secret+'\"]'),c=new RegExp(\"^https?:$\",\"i\"),i=0;i<o.length;i++)o[i].style.display=\"none\";for(i=0;i<a.length;i++)s=a[i],e.source===s.contentWindow&&(s.removeAttribute(\"style\"),\"height\"===t.message?(1e3<(r=parseInt(t.value,10))?r=1e3:~~r<200&&(r=200),s.height=r):\"link\"===t.message&&(r=new URL(s.getAttribute(\"src\")),n=new URL(t.value),c.test(n.protocol))&&n.host===r.host&&l.activeElement===s&&(d.top.location.href=t.value))}},d.addEventListener(\"message\",d.wp.receiveEmbedMessage,!1),l.addEventListener(\"DOMContentLoaded\",function(){for(var e,t,s=l.querySelectorAll(\"iframe.wp-embedded-content\"),r=0;r<s.length;r++)(t=(e=s[r]).getAttribute(\"data-secret\"))||(t=Math.random().toString(36).substring(2,12),e.src+=\"#?secret=\"+t,e.setAttribute(\"data-secret\",t)),e.contentWindow.postMessage({message:\"ready\",secret:t},\"*\")},!1)))}(window,document);\n<\/script>\n","thumbnail_url":"https:\/\/conversesacatalunya.cat\/wp-content\/uploads\/2021\/12\/independentisme-1.jpg","thumbnail_width":750,"thumbnail_height":420,"description":"Es realmente sorprendente, pero si la encuesta del Instituto de Ciencias Pol\u00edticas y Sociales no incorpora un error monstruoso, hip\u00f3tesis que se puede descartar, cabe decir que en 2021\u00a0pr\u00e1cticamente ning\u00fan catal\u00e1n cree que se lograr\u00e1 la independencia.\u00a0As\u00ed de rotundo y concreto. El porcentaje de personas a quienes les gustar\u00eda que se alcanzara es del 29,3%, pero quienes creen que realmente acabar\u00e1 as\u00ed es s\u00f3lo un simple 8%, una proporci\u00f3n \u00ednfima. Y esa es la paradoja. El objetivo que es la bandera de los dos partidos que gobiernan la Generalitat es en realidad una ense\u00f1a en la que el 92% de\u00a0los catalanes no creen. Con contradicciones tan graves como \u00e9sta dif\u00edcilmente se puede salir adelante, por mucho tacticismo que haya en una parte del electorado, que piense que votando a los del morro fuerte obtendremos m\u00e1s rendimientos pol\u00edticos para el autogobierno. Esta reflexi\u00f3n era posible al principio del proceso. Ahora las cartas ya han sido jugadas y queda claro que\u00a0ni obtenemos m\u00e1s autogobierno, ni la Generalitat favorece una buena gesti\u00f3n. La diferencia entre lo que un sector de poblaci\u00f3n querr\u00eda, el 29% que aspirar\u00eda a la independencia, y el 8% de los que creen que puede alcanzarse, marca la diferencia entre la ilusi\u00f3n y la realidad. La gran mayor\u00eda considera que todo acabar\u00e1 con m\u00e1s autogobierno para Catalunya, pero hay que decir que han ido pasando los a\u00f1os y que esto no es as\u00ed. Tiene su l\u00f3gica porque existe un error de fondo. Los partidos independentistas deben concentrarse en la gesticulaci\u00f3n y no en la negociaci\u00f3n como hace el Partido Nacionalista Vasco que s\u00ed obtiene continuos buenos resultados. Esta diferencia es visible por el tipo de discurso que hace Rufi\u00e1n y lo que hace Aitor Esteban, el portavoz del grupo vasco. El representante de ERC teatraliza y el vasco va por trabajo. Por otra parte, tambi\u00e9n es importante contemplar la ideolog\u00eda pol\u00edtica. ERC siempre sit\u00faa por delante este factor por encima de la obtenci\u00f3n de buenos resultados negociadores para Catalu\u00f1a porque en modo alguno dejar\u00eda caer el gobierno de S\u00e1nchez. De los vascos todo el mundo sabe que les es indiferente, ya lo hicieron con Rajoy, y no era la primera vez, facilitando un gobierno que entre en crisis si no logra una respuesta adecuada a sus planteamientos. Por otro lado, los anticuerpos que generan en la pol\u00edtica espa\u00f1ola delimitan la capacidad negociadora del gobierno de turno, son mucho mayores cuando contemplan que al otro lado lo levantado es la bandera de la separaci\u00f3n de Espa\u00f1a y no la obtenci\u00f3n de determinados resultados para su autogobierno. En 2021, por tanto, s\u00f3lo el 8% cree que la independencia se alcanzar\u00e1, pr\u00e1cticamente el 30% consideran que todo acabar\u00e1 con el abandono del proceso y un 43% que culminar\u00e1 al dotar de m\u00e1s autogobierno a Catalu\u00f1a. Si esta es la opini\u00f3n de los ciudadanos, la pregunta es \u00bfpor qu\u00e9 la pol\u00edtica no se ajusta a esta realidad? \u00bfPor qu\u00e9 la carta del independentismo no pasa por el t\u00e9rmino de las ideas plat\u00f3nicas y se dedican de una vez a hacer bien su trabajo? El problema de fondo es que la soluci\u00f3n no es viable y no s\u00f3lo porque les d\u00e9 miedo arrinconar la bandera que les da votos, sino porque adem\u00e1s hay una incapacidad cong\u00e9nita para gobernar bien.\u00a0No es una exclusiva del \u00e1mbito independentista.\u00a0Basta con ver qu\u00e9 ocurre en el Ayuntamiento de Barcelona y c\u00f3mo est\u00e1 la ciudad gobernada por los seguidores de Colau y los sucesores te\u00f3ricos de Maragall, el PSC.\u00a0Y m\u00e1s all\u00e1 s\u00f3lo hay que ver c\u00f3mo de mal gobierna S\u00e1nchez para constatar que el mal profundo que sufrimos no es la bandera independentista, sino el de todo un grueso de pol\u00edticos que demuestran d\u00eda a d\u00eda con hechos que son, o irresponsables en algunas ocasiones o incapaces en otros e impotentes en su mayor\u00eda."}

¿Quién cree que se obtendrá la independencia? - Converses a Catalunya

<blockquote class="wp-embedded-content" data-secret="PpO1jsc6Oe"><a href="https://conversesacatalunya.cat/es/quien-cree-que-se-obtendra-la-independencia/">¿Quién cree que se obtendrá la independencia?</a></blockquote><iframe sandbox="allow-scripts" security="restricted" src="https://conversesacatalunya.cat/es/quien-cree-que-se-obtendra-la-independencia/embed/#?secret=PpO1jsc6Oe" width="600" height="338" title="«¿Quién cree que se obtendrá la independencia?» — Converses a Catalunya" data-secret="PpO1jsc6Oe" frameborder="0" marginwidth="0" marginheight="0" scrolling="no" class="wp-embedded-content"></iframe><script>
/*! This file is auto-generated */
!function(d,l){"use strict";l.querySelector&&d.addEventListener&&"undefined"!=typeof URL&&(d.wp=d.wp||{},d.wp.receiveEmbedMessage||(d.wp.receiveEmbedMessage=function(e){var t=e.data;if((t||t.secret||t.message||t.value)&&!/[^a-zA-Z0-9]/.test(t.secret)){for(var s,r,n,a=l.querySelectorAll('iframe[data-secret="'+t.secret+'"]'),o=l.querySelectorAll('blockquote[data-secret="'+t.secret+'"]'),c=new RegExp("^https?:$","i"),i=0;i<o.length;i++)o[i].style.display="none";for(i=0;i<a.length;i++)s=a[i],e.source===s.contentWindow&&(s.removeAttribute("style"),"height"===t.message?(1e3<(r=parseInt(t.value,10))?r=1e3:~~r<200&&(r=200),s.height=r):"link"===t.message&&(r=new URL(s.getAttribute("src")),n=new URL(t.value),c.test(n.protocol))&&n.host===r.host&&l.activeElement===s&&(d.top.location.href=t.value))}},d.addEventListener("message",d.wp.receiveEmbedMessage,!1),l.addEventListener("DOMContentLoaded",function(){for(var e,t,s=l.querySelectorAll("iframe.wp-embedded-content"),r=0;r<s.length;r++)(t=(e=s[r]).getAttribute("data-secret"))||(t=Math.random().toString(36).substring(2,12),e.src+="#?secret="+t,e.setAttribute("data-secret",t)),e.contentWindow.postMessage({message:"ready",secret:t},"*")},!1)))}(window,document);
</script>

Es realmente sorprendente, pero si la encuesta del Instituto de Ciencias Políticas y Sociales no incorpora un error monstruoso, hipótesis que se puede descartar, cabe decir que en 2021 prácticamente ningún catalán cree que se logrará la independencia. Así de rotundo y concreto. El porcentaje de personas a quienes les gustaría que se alcanzara es del 29,3%, pero quienes creen que realmente acabará así es sólo un simple 8%, una proporción ínfima. Y esa es la paradoja. El objetivo que es la bandera de los dos partidos que gobiernan la Generalitat es en realidad una enseña en la que el 92% de los catalanes no creen. Con contradicciones tan graves como ésta difícilmente se puede salir adelante, por mucho tacticismo que haya en una parte del electorado, que piense que votando a los del morro fuerte obtendremos más rendimientos políticos para el autogobierno. Esta reflexión era posible al principio del proceso. Ahora las cartas ya han sido jugadas y queda claro que ni obtenemos más autogobierno, ni la Generalitat favorece una buena gestión. La diferencia entre lo que un sector de población querría, el 29% que aspiraría a la independencia, y el 8% de los que creen que puede alcanzarse, marca la diferencia entre la ilusión y la realidad. La gran mayoría considera que todo acabará con más autogobierno para Catalunya, pero hay que decir que han ido pasando los años y que esto no es así. Tiene su lógica porque existe un error de fondo. Los partidos independentistas deben concentrarse en la gesticulación y no en la negociación como hace el Partido Nacionalista Vasco que sí obtiene continuos buenos resultados. Esta diferencia es visible por el tipo de discurso que hace Rufián y lo que hace Aitor Esteban, el portavoz del grupo vasco. El representante de ERC teatraliza y el vasco va por trabajo. Por otra parte, también es importante contemplar la ideología política. ERC siempre sitúa por delante este factor por encima de la obtención de buenos resultados negociadores para Cataluña porque en modo alguno dejaría caer el gobierno de Sánchez. De los vascos todo el mundo sabe que les es indiferente, ya lo hicieron con Rajoy, y no era la primera vez, facilitando un gobierno que entre en crisis si no logra una respuesta adecuada a sus planteamientos. Por otro lado, los anticuerpos que generan en la política española delimitan la capacidad negociadora del gobierno de turno, son mucho mayores cuando contemplan que al otro lado lo levantado es la bandera de la separación de España y no la obtención de determinados resultados para su autogobierno. En 2021, por tanto, sólo el 8% cree que la independencia se alcanzará, prácticamente el 30% consideran que todo acabará con el abandono del proceso y un 43% que culminará al dotar de más autogobierno a Cataluña. Si esta es la opinión de los ciudadanos, la pregunta es ¿por qué la política no se ajusta a esta realidad? ¿Por qué la carta del independentismo no pasa por el término de las ideas platónicas y se dedican de una vez a hacer bien su trabajo? El problema de fondo es que la solución no es viable y no sólo porque les dé miedo arrinconar la bandera que les da votos, sino porque además hay una incapacidad congénita para gobernar bien. No es una exclusiva del ámbito independentista. Basta con ver qué ocurre en el Ayuntamiento de Barcelona y cómo está la ciudad gobernada por los seguidores de Colau y los sucesores teóricos de Maragall, el PSC. Y más allá sólo hay que ver cómo de mal gobierna Sánchez para constatar que el mal profundo que sufrimos no es la bandera independentista, sino el de todo un grueso de políticos que demuestran día a día con hechos que son, o irresponsables en algunas ocasiones o incapaces en otros e impotentes en su mayoría.
