{"version":"1.0","provider_name":"Converses a Catalunya","provider_url":"https:\/\/conversesacatalunya.cat\/es\/","title":"Catalu\u00f1a, tenemos un problema: se llama inmigraci\u00f3n. 12 hechos - Converses a Catalunya","type":"rich","width":600,"height":338,"html":"<blockquote class=\"wp-embedded-content\" data-secret=\"Uzmlg2kQ0H\"><a href=\"https:\/\/conversesacatalunya.cat\/es\/problema-inmigracion-cataluna\/\">Catalu\u00f1a, tenemos un problema: se llama inmigraci\u00f3n. 12 hechos<\/a><\/blockquote><iframe sandbox=\"allow-scripts\" security=\"restricted\" src=\"https:\/\/conversesacatalunya.cat\/es\/problema-inmigracion-cataluna\/embed\/#?secret=Uzmlg2kQ0H\" width=\"600\" height=\"338\" title=\"\u00abCatalu\u00f1a, tenemos un problema: se llama inmigraci\u00f3n. 12 hechos\u00bb \u2014 Converses a Catalunya\" data-secret=\"Uzmlg2kQ0H\" frameborder=\"0\" marginwidth=\"0\" marginheight=\"0\" scrolling=\"no\" class=\"wp-embedded-content\"><\/iframe><script>\n\/*! This file is auto-generated *\/\n!function(d,l){\"use strict\";l.querySelector&&d.addEventListener&&\"undefined\"!=typeof URL&&(d.wp=d.wp||{},d.wp.receiveEmbedMessage||(d.wp.receiveEmbedMessage=function(e){var t=e.data;if((t||t.secret||t.message||t.value)&&!\/[^a-zA-Z0-9]\/.test(t.secret)){for(var s,r,n,a=l.querySelectorAll('iframe[data-secret=\"'+t.secret+'\"]'),o=l.querySelectorAll('blockquote[data-secret=\"'+t.secret+'\"]'),c=new RegExp(\"^https?:$\",\"i\"),i=0;i<o.length;i++)o[i].style.display=\"none\";for(i=0;i<a.length;i++)s=a[i],e.source===s.contentWindow&&(s.removeAttribute(\"style\"),\"height\"===t.message?(1e3<(r=parseInt(t.value,10))?r=1e3:~~r<200&&(r=200),s.height=r):\"link\"===t.message&&(r=new URL(s.getAttribute(\"src\")),n=new URL(t.value),c.test(n.protocol))&&n.host===r.host&&l.activeElement===s&&(d.top.location.href=t.value))}},d.addEventListener(\"message\",d.wp.receiveEmbedMessage,!1),l.addEventListener(\"DOMContentLoaded\",function(){for(var e,t,s=l.querySelectorAll(\"iframe.wp-embedded-content\"),r=0;r<s.length;r++)(t=(e=s[r]).getAttribute(\"data-secret\"))||(t=Math.random().toString(36).substring(2,12),e.src+=\"#?secret=\"+t,e.setAttribute(\"data-secret\",t)),e.contentWindow.postMessage({message:\"ready\",secret:t},\"*\")},!1)))}(window,document);\n<\/script>\n","thumbnail_url":"https:\/\/conversesacatalunya.cat\/wp-content\/uploads\/2024\/02\/immigracio-1.jpg","thumbnail_width":1000,"thumbnail_height":560,"description":"En Suecia, 1 de cada 5 habitantes ha nacido en el extranjero, le sigue Alemania con el 16%, Espa\u00f1a con el 14%, Reino Unido el 13,7%, Pa\u00edses Bajos el 13,4%, Francia el 12,8 %, Portugal con 10,8% e Italia con 10,4%. Pues bien, en Catalu\u00f1a el porcentaje es del 21%, superior al sueco. Existe un importante contingente de\u00a0inmigraci\u00f3n ilegal que no aparece reflejado en las cifras. Barcelona\u00a0tiene ya 1,7 millones de habitantes, registra la mayor proporci\u00f3n de inmigrantes de toda Espa\u00f1a y una de las mayores de Europa. El 27% de su poblaci\u00f3n ha nacido en el extranjero. Si a esa cifra le a\u00f1adimos los hijos nacidos aqu\u00ed, avanzamos hacia un escenario donde\u00a0la tercera parte de las personas que viven en Barcelona es de origen inmigratorio\u00a0o de padres de esa naturaleza. Y en determinados grupos en edad laboral m\u00e1s joven, los comprendidos entre los 25 y los 45 a\u00f1os, la proporci\u00f3n de extranjeros representa ya casi el 50%. En los siete primeros meses del a\u00f1o 2022, la poblaci\u00f3n de la capital de Catalu\u00f1a ha crecido en 40.000 personas, una cifra superior a toda la suma de los 6 a\u00f1os anteriores.\u00a0El 85% del crecimiento son inmigrantes,\u00a0con la caracter\u00edstica de que la mayor\u00eda, casi 30.000, son de fuera de la UE. Este crecimiento no se distribuye de forma regular, sino que se concentra en barrios como el G\u00f2tic, Bon Pastor, el Bes\u00f2s, el Maresme, y en parte de Nou Barris (Porta, en concreto); en otros t\u00e9rminos, la\u00a0concentraci\u00f3n se produce en barrios de bajo nivel de renta, y esto ya nos da indicaci\u00f3n de lo que est\u00e1 ocurriendo en la ciudad. El cambio es radical con lo que ten\u00edamos a principios de siglo, el espectro demogr\u00e1fico y social de la ciudad ha variado de forma sustancial. Y \u00e9sta es una segunda caracter\u00edstica que no se puede pasar por alto. Hay un\u00a0acelerado proceso de sustituci\u00f3n de poblaci\u00f3n que tiene y tendr\u00e1 a\u00fan m\u00e1s consecuencias. Las mujeres aut\u00f3ctonas tienen pocos hijos. Su tasa de fecundidad es de algo m\u00e1s de 1,1 y la tasa de natalidad ha ido disminuyendo hasta llegar a 8,77 nacimientos por cada 1.000 habitantes. Una magnitud realmente peque\u00f1a para una ciudad que se quiere din\u00e1mica y tambi\u00e9n es fruto del progresivo envejecimiento de la poblaci\u00f3n que, como veremos, tambi\u00e9n tiene otras consecuencias. Los nacidos en el Barcelon\u00e8s son ya minor\u00eda y su cifra ha menguado en 100.000 personas desde inicios de siglo. El porcentaje de ni\u00f1os nacidos con uno o dos padres inmigrantes en 2022, factor que se\u00f1ala la evoluci\u00f3n futura de la poblaci\u00f3n, est\u00e1 encabezado por Catalunya, porque sus provincias ocupan los primeros puestos. Girona 53,7% (1a), Lleida 49,3% (2a), Barcelona 49,2% (3a), Tarragona 47,5% (5a). Para el conjunto de Espa\u00f1a, su magnitud es del 36,7%. En Madrid se alcanza el 43,3%. El\u00a0alumnado de origen inmigrante\u00a0de primera y segunda generaci\u00f3n es ya de\u00a01 por cada 4 alumnos en Catalu\u00f1a, 1 de cada 5 en Baleares, al igual que en Madrid y Navarra, el 19% en Murcia y el 17% en Valencia y en Arag\u00f3n, como los m\u00e1s destacados. De hecho, Catalu\u00f1a y Melilla presentan el mismo rango de proporci\u00f3n (24% y 26%). En Catalu\u00f1a con datos de 2021 hay 1,6 millones de habitantes nacidos en el extranjero y 0,6 millones con uno o dos padres nacidos en el extranjero. El conjunto significa 2,2 millones, esto es, un 27% de la poblaci\u00f3n total, que crece adem\u00e1s a un ritmo vertiginoso por efectos de la inmigraci\u00f3n continuada y de la reducci\u00f3n tambi\u00e9n acelerada de la poblaci\u00f3n aut\u00f3ctona. De hecho, ahora en Catalunya\u00a0s\u00f3lo 2,6 millones de habitantes tienen a los dos padres nacidos en el pa\u00eds. Es poco. Es una magnitud que se acerca mucho ya a la de los nacidos en el extranjero o con padres de ese origen. Querer negar que existe un proceso de sustituci\u00f3n de gran magnitud es negar la evidencia. Lo que, adem\u00e1s, es muy importante en la capital de Catalu\u00f1a, y es clamoroso en determinadas poblaciones, como en Guissona, donde el 49% de la poblaci\u00f3n es extranjera. Los datos del CED permiten ver desde 1900 la creciente evoluci\u00f3n de la inmigraci\u00f3n y sus respectivos v\u00e9rtices. El primero de ellos se produce en 1901 con un crecimiento inmigratorio de 6.055 personas en el a\u00f1o m\u00e1ximo. El segundo v\u00e9rtice se da en 1927 con un incremento en el v\u00e9rtice de 32.716. El tercero, en 1966, con 84.195 personas de incremento inmigratorio. Pero las dos puntas anuales mayores de m\u00e1s de 100.000 personas se dan a principios del presente siglo. Todo ello afecta mucho\u00a0a la lengua catalana. Cada vez es m\u00e1s dif\u00edcil o\u00edr hablar catal\u00e1n en Barcelona y ser atendido a la primera en catal\u00e1n y, por tanto, este hecho tiene una clara consecuencia sobre la difusi\u00f3n de la cultura de Catalu\u00f1a. Tambi\u00e9n se hace sentir, como es l\u00f3gico, en la\u00a0productividad de Barcelona\u00a0y su \u00e1rea metropolitana. La menor de todas las de Europa, s\u00f3lo Atenas presenta una menor productividad. Este hecho liga mal con la idea de una ciudad muy tecnol\u00f3gica."}

Cataluña, tenemos un problema: se llama inmigración. 12 hechos - Converses a Catalunya

<blockquote class="wp-embedded-content" data-secret="Uzmlg2kQ0H"><a href="https://conversesacatalunya.cat/es/problema-inmigracion-cataluna/">Cataluña, tenemos un problema: se llama inmigración. 12 hechos</a></blockquote><iframe sandbox="allow-scripts" security="restricted" src="https://conversesacatalunya.cat/es/problema-inmigracion-cataluna/embed/#?secret=Uzmlg2kQ0H" width="600" height="338" title="«Cataluña, tenemos un problema: se llama inmigración. 12 hechos» — Converses a Catalunya" data-secret="Uzmlg2kQ0H" frameborder="0" marginwidth="0" marginheight="0" scrolling="no" class="wp-embedded-content"></iframe><script>
/*! This file is auto-generated */
!function(d,l){"use strict";l.querySelector&&d.addEventListener&&"undefined"!=typeof URL&&(d.wp=d.wp||{},d.wp.receiveEmbedMessage||(d.wp.receiveEmbedMessage=function(e){var t=e.data;if((t||t.secret||t.message||t.value)&&!/[^a-zA-Z0-9]/.test(t.secret)){for(var s,r,n,a=l.querySelectorAll('iframe[data-secret="'+t.secret+'"]'),o=l.querySelectorAll('blockquote[data-secret="'+t.secret+'"]'),c=new RegExp("^https?:$","i"),i=0;i<o.length;i++)o[i].style.display="none";for(i=0;i<a.length;i++)s=a[i],e.source===s.contentWindow&&(s.removeAttribute("style"),"height"===t.message?(1e3<(r=parseInt(t.value,10))?r=1e3:~~r<200&&(r=200),s.height=r):"link"===t.message&&(r=new URL(s.getAttribute("src")),n=new URL(t.value),c.test(n.protocol))&&n.host===r.host&&l.activeElement===s&&(d.top.location.href=t.value))}},d.addEventListener("message",d.wp.receiveEmbedMessage,!1),l.addEventListener("DOMContentLoaded",function(){for(var e,t,s=l.querySelectorAll("iframe.wp-embedded-content"),r=0;r<s.length;r++)(t=(e=s[r]).getAttribute("data-secret"))||(t=Math.random().toString(36).substring(2,12),e.src+="#?secret="+t,e.setAttribute("data-secret",t)),e.contentWindow.postMessage({message:"ready",secret:t},"*")},!1)))}(window,document);
</script>

En Suecia, 1 de cada 5 habitantes ha nacido en el extranjero, le sigue Alemania con el 16%, España con el 14%, Reino Unido el 13,7%, Países Bajos el 13,4%, Francia el 12,8 %, Portugal con 10,8% e Italia con 10,4%. Pues bien, en Cataluña el porcentaje es del 21%, superior al sueco. Existe un importante contingente de inmigración ilegal que no aparece reflejado en las cifras. Barcelona tiene ya 1,7 millones de habitantes, registra la mayor proporción de inmigrantes de toda España y una de las mayores de Europa. El 27% de su población ha nacido en el extranjero. Si a esa cifra le añadimos los hijos nacidos aquí, avanzamos hacia un escenario donde la tercera parte de las personas que viven en Barcelona es de origen inmigratorio o de padres de esa naturaleza. Y en determinados grupos en edad laboral más joven, los comprendidos entre los 25 y los 45 años, la proporción de extranjeros representa ya casi el 50%. En los siete primeros meses del año 2022, la población de la capital de Cataluña ha crecido en 40.000 personas, una cifra superior a toda la suma de los 6 años anteriores. El 85% del crecimiento son inmigrantes, con la característica de que la mayoría, casi 30.000, son de fuera de la UE. Este crecimiento no se distribuye de forma regular, sino que se concentra en barrios como el Gòtic, Bon Pastor, el Besòs, el Maresme, y en parte de Nou Barris (Porta, en concreto); en otros términos, la concentración se produce en barrios de bajo nivel de renta, y esto ya nos da indicación de lo que está ocurriendo en la ciudad. El cambio es radical con lo que teníamos a principios de siglo, el espectro demográfico y social de la ciudad ha variado de forma sustancial. Y ésta es una segunda característica que no se puede pasar por alto. Hay un acelerado proceso de sustitución de población que tiene y tendrá aún más consecuencias. Las mujeres autóctonas tienen pocos hijos. Su tasa de fecundidad es de algo más de 1,1 y la tasa de natalidad ha ido disminuyendo hasta llegar a 8,77 nacimientos por cada 1.000 habitantes. Una magnitud realmente pequeña para una ciudad que se quiere dinámica y también es fruto del progresivo envejecimiento de la población que, como veremos, también tiene otras consecuencias. Los nacidos en el Barcelonès son ya minoría y su cifra ha menguado en 100.000 personas desde inicios de siglo. El porcentaje de niños nacidos con uno o dos padres inmigrantes en 2022, factor que señala la evolución futura de la población, está encabezado por Catalunya, porque sus provincias ocupan los primeros puestos. Girona 53,7% (1a), Lleida 49,3% (2a), Barcelona 49,2% (3a), Tarragona 47,5% (5a). Para el conjunto de España, su magnitud es del 36,7%. En Madrid se alcanza el 43,3%. El alumnado de origen inmigrante de primera y segunda generación es ya de 1 por cada 4 alumnos en Cataluña, 1 de cada 5 en Baleares, al igual que en Madrid y Navarra, el 19% en Murcia y el 17% en Valencia y en Aragón, como los más destacados. De hecho, Cataluña y Melilla presentan el mismo rango de proporción (24% y 26%). En Cataluña con datos de 2021 hay 1,6 millones de habitantes nacidos en el extranjero y 0,6 millones con uno o dos padres nacidos en el extranjero. El conjunto significa 2,2 millones, esto es, un 27% de la población total, que crece además a un ritmo vertiginoso por efectos de la inmigración continuada y de la reducción también acelerada de la población autóctona. De hecho, ahora en Catalunya sólo 2,6 millones de habitantes tienen a los dos padres nacidos en el país. Es poco. Es una magnitud que se acerca mucho ya a la de los nacidos en el extranjero o con padres de ese origen. Querer negar que existe un proceso de sustitución de gran magnitud es negar la evidencia. Lo que, además, es muy importante en la capital de Cataluña, y es clamoroso en determinadas poblaciones, como en Guissona, donde el 49% de la población es extranjera. Los datos del CED permiten ver desde 1900 la creciente evolución de la inmigración y sus respectivos vértices. El primero de ellos se produce en 1901 con un crecimiento inmigratorio de 6.055 personas en el año máximo. El segundo vértice se da en 1927 con un incremento en el vértice de 32.716. El tercero, en 1966, con 84.195 personas de incremento inmigratorio. Pero las dos puntas anuales mayores de más de 100.000 personas se dan a principios del presente siglo. Todo ello afecta mucho a la lengua catalana. Cada vez es más difícil oír hablar catalán en Barcelona y ser atendido a la primera en catalán y, por tanto, este hecho tiene una clara consecuencia sobre la difusión de la cultura de Cataluña. También se hace sentir, como es lógico, en la productividad de Barcelona y su área metropolitana. La menor de todas las de Europa, sólo Atenas presenta una menor productividad. Este hecho liga mal con la idea de una ciudad muy tecnológica.
