{"version":"1.0","provider_name":"Converses a Catalunya","provider_url":"https:\/\/conversesacatalunya.cat\/es\/","title":"Poder judicial: luces y sombras de un acuerdo - Converses a Catalunya","type":"rich","width":600,"height":338,"html":"<blockquote class=\"wp-embedded-content\" data-secret=\"4sz0ouXtvp\"><a href=\"https:\/\/conversesacatalunya.cat\/es\/poder-judicial-luces-y-sombras-de-un-acuerdo\/\">Poder judicial: luces y sombras de un acuerdo<\/a><\/blockquote><iframe sandbox=\"allow-scripts\" security=\"restricted\" src=\"https:\/\/conversesacatalunya.cat\/es\/poder-judicial-luces-y-sombras-de-un-acuerdo\/embed\/#?secret=4sz0ouXtvp\" width=\"600\" height=\"338\" title=\"\u00abPoder judicial: luces y sombras de un acuerdo\u00bb \u2014 Converses a Catalunya\" data-secret=\"4sz0ouXtvp\" frameborder=\"0\" marginwidth=\"0\" marginheight=\"0\" scrolling=\"no\" class=\"wp-embedded-content\"><\/iframe><script>\n\/*! This file is auto-generated *\/\n!function(d,l){\"use strict\";l.querySelector&&d.addEventListener&&\"undefined\"!=typeof URL&&(d.wp=d.wp||{},d.wp.receiveEmbedMessage||(d.wp.receiveEmbedMessage=function(e){var t=e.data;if((t||t.secret||t.message||t.value)&&!\/[^a-zA-Z0-9]\/.test(t.secret)){for(var s,r,n,a=l.querySelectorAll('iframe[data-secret=\"'+t.secret+'\"]'),o=l.querySelectorAll('blockquote[data-secret=\"'+t.secret+'\"]'),c=new RegExp(\"^https?:$\",\"i\"),i=0;i<o.length;i++)o[i].style.display=\"none\";for(i=0;i<a.length;i++)s=a[i],e.source===s.contentWindow&&(s.removeAttribute(\"style\"),\"height\"===t.message?(1e3<(r=parseInt(t.value,10))?r=1e3:~~r<200&&(r=200),s.height=r):\"link\"===t.message&&(r=new URL(s.getAttribute(\"src\")),n=new URL(t.value),c.test(n.protocol))&&n.host===r.host&&l.activeElement===s&&(d.top.location.href=t.value))}},d.addEventListener(\"message\",d.wp.receiveEmbedMessage,!1),l.addEventListener(\"DOMContentLoaded\",function(){for(var e,t,s=l.querySelectorAll(\"iframe.wp-embedded-content\"),r=0;r<s.length;r++)(t=(e=s[r]).getAttribute(\"data-secret\"))||(t=Math.random().toString(36).substring(2,12),e.src+=\"#?secret=\"+t,e.setAttribute(\"data-secret\",t)),e.contentWindow.postMessage({message:\"ready\",secret:t},\"*\")},!1)))}(window,document);\n<\/script>\n","thumbnail_url":"https:\/\/conversesacatalunya.cat\/wp-content\/uploads\/2024\/06\/RENOVACIO-CGPJ-1.jpg","thumbnail_width":686,"thumbnail_height":411,"description":"Lo m\u00e1s positivo del acuerdo Lo m\u00e1s positivo del acuerdo alcanzado por el PP y el gobierno S\u00e1nchez para\u00a0renovar el Consejo General del Poder Judicial\u00a0es el pacto en s\u00ed mismo. La paralizaci\u00f3n de los nombramientos a consecuencia de la represalia adoptada por el gobierno de impedirlos legalmente como un elemento de presi\u00f3n para conseguir la renovaci\u00f3n, ha llevado a la justicia espa\u00f1ola a una situaci\u00f3n l\u00edmite o incluso m\u00e1s all\u00e1. De hecho, la administraci\u00f3n de justicia ya sufr\u00eda y sufre profundos problemas que ese pacto no va a resolver. El pa\u00eds se ha acostumbrado a funcionar con esta tercera pata del estado de derecho en una situaci\u00f3n muy deficiente, lo que es muy negativo. Cambios en el sistema de elecci\u00f3n Adem\u00e1s, existe un acuerdo para cambiar el sistema de elecci\u00f3n. En principio, si se realiza, ser\u00e1 la \u00faltima vez que los miembros del CGPJ son elegidos por los dos partidos mayoritarios. Sin embargo, hay que decir que el acuerdo no tiene una clara garant\u00eda de cumplirse. El pacto consiste en que el nuevo Consejo elaborar\u00e1 una propuesta que ser\u00e1 presentada al gobierno, al Congreso y al Senado para ser transformada en ley. A partir de ah\u00ed, entrar\u00e1 en una nueva fase en la que los jueces elegir\u00edan a sus representantes sin intromisiones de los partidos. Esto ser\u00e1 dentro de seis meses, y habr\u00e1 que ver si ese compromiso llega a buen puerto o fracasa como otros. Nuevo CGPJ y la representaci\u00f3n territorial En todo caso, lo que s\u00ed es cierto es que existe un\u00a0nuevo CGPJ acordado por ambos partidos. Por la parte de los jueces hay 7 miembros que pertenecen a la Asociaci\u00f3n Profesional de la Magistratura, por 3 de Jueces por la Democracia, que es la organizaci\u00f3n minoritaria favorable al gobierno. De estos 3 jueces progubernamentales, 2, Carlos Hugo Preciado y Jos\u00e9 Mar\u00eda Fern\u00e1ndez, son jueces en Barcelona. Si se le a\u00f1ade Luc\u00eda Avil\u00e9s, magistrada del juzgado de lo penal de Matar\u00f3 y experta en violencia de g\u00e9nero, resulta que la circunscripci\u00f3n de Barcelona es la que aporta un mayor n\u00famero de miembros de signo gubernamental. En esta ocasi\u00f3n, a diferencia de los casos precedentes, en el CGPJ no habr\u00e1 nadie cercano a las filas de los partidos nacionalistas, ni vascos ni catalanes. En este sentido, el peso extraordinario de los diputados de este signo en el congreso, de los que depende la mayor\u00eda del gobierno, una vez m\u00e1s no tienen traducci\u00f3n en las correlaciones de gobierno que se originan en \u00e1mbitos del estado. Seg\u00fan La Vanguardia, los jueces de la Asociaci\u00f3n Profesional de la Magistratura (APM) son 5, por tanto, entre los medios de comunicaci\u00f3n no existe un criterio compartido de qu\u00e9 es uno y de qu\u00e9 es el otro. Sin embargo, el resultado parece muy equilibrado, si bien siguen presentes magistrados de trayectoria pol\u00edtica muy clara. Es el caso de In\u00e9s Mar\u00eda Herreros, fiscal de derechos humanos y de memoria democr\u00e1tica, exportavoz de la Uni\u00f3n Progresista de Fiscales y estrecha colaboradora de la anterior fiscal general del estado, Dolores Delgado. Tambi\u00e9n es el caso de Bernardo Fern\u00e1ndez, ex vicepresidente del Principado de Asturias con el PSOE, o Ricardo Bodas, un magistrado jubilado del Tribunal Supremo que fue director general con Zapatero. Nuevas medidas para la independencia judicial El pacto incorpora novedades interesantes que aliviar\u00e1n en el futuro\u00a0la condici\u00f3n pol\u00edtica de los miembros del Consejo. Por ejemplo, establece que los jueces o magistrados no puedan reingresar en el servicio activo hasta dos a\u00f1os despu\u00e9s de haber dejado el cargo pol\u00edtico que hab\u00eda determinado que dispusieran de una excedencia voluntaria. Tambi\u00e9n se establece la prohibici\u00f3n expresa de que un ministro pueda ser fiscal general del estado, lo que no deja de ser una desautorizaci\u00f3n en toda regla al nombramiento que S\u00e1nchez hizo de Dolores Delgado. Adem\u00e1s, se se\u00f1ala que tendr\u00e1n que pasar 3 a\u00f1os como m\u00ednimo fuera de un cargo p\u00fablico para poder ostentar esa condici\u00f3n. Existen exigencias de profesionalidad como que el magistrado del Supremo debe tener una carrera profesional de 5 a\u00f1os. Elecci\u00f3n del presidente Por primera vez, y eso tambi\u00e9n es positivo, los partidos no han acordado qui\u00e9n ser\u00e1 el presidente, y ser\u00e1n los mismos vocales quienes lo elegir\u00e1n. En todo caso, el acuerdo muestra las\u00a0contradicciones y debilidades constitucionales y del estado de derecho de Espa\u00f1a. Se ha firmado en Bruselas y no en Las Cortes. Lo han protagonizado dos dirigentes pol\u00edticos de la oposici\u00f3n y del gobierno, cuando preceptivamente era una funci\u00f3n que deb\u00edan haber llevado a cabo en el Congreso con sus representantes y en el Senado, dirigido en ambos casos por sus respectivos presidentes. La partitocracia se ha apoderado de todo e, incluso cuando se llegan a acuerdos necesarios, lo hacen bajo este vicio de las cuotas de partido. Es llamativo que si los criterios que figuran en el acuerdo se hubieran aplicado en la renovaci\u00f3n del Tribunal Constitucional, con toda certeza su composici\u00f3n ser\u00eda muy diferente porque ni el presidente del Tribunal, el antiguo fiscal general del estado , ni el ministro de Justicia, ni los magistrados del TC que proceden directamente de cargos gubernamentales tendr\u00edan lugar. Tambi\u00e9n llama la atenci\u00f3n que la fotograf\u00eda del pacto de Bola\u00f1os y Gonz\u00e1lez Pons firmando el acuerdo sentados en una mesa est\u00e9 enmarcada por la imagen tutelada de la vicepresidenta europea, V\u011bra Jourov\u00e1, que de pie, detr\u00e1s suyo, parece vigilarles."}

Lo más positivo del acuerdo Lo más positivo del acuerdo alcanzado por el PP y el gobierno Sánchez para renovar el Consejo General del Poder Judicial es el pacto en sí mismo. La paralización de los nombramientos a consecuencia de la represalia adoptada por el gobierno de impedirlos legalmente como un elemento de presión para conseguir la renovación, ha llevado a la justicia española a una situación límite o incluso más allá. De hecho, la administración de justicia ya sufría y sufre profundos problemas que ese pacto no va a resolver. El país se ha acostumbrado a funcionar con esta tercera pata del estado de derecho en una situación muy deficiente, lo que es muy negativo. Cambios en el sistema de elección Además, existe un acuerdo para cambiar el sistema de elección. En principio, si se realiza, será la última vez que los miembros del CGPJ son elegidos por los dos partidos mayoritarios. Sin embargo, hay que decir que el acuerdo no tiene una clara garantía de cumplirse. El pacto consiste en que el nuevo Consejo elaborará una propuesta que será presentada al gobierno, al Congreso y al Senado para ser transformada en ley. A partir de ahí, entrará en una nueva fase en la que los jueces elegirían a sus representantes sin intromisiones de los partidos. Esto será dentro de seis meses, y habrá que ver si ese compromiso llega a buen puerto o fracasa como otros. Nuevo CGPJ y la representación territorial En todo caso, lo que sí es cierto es que existe un nuevo CGPJ acordado por ambos partidos. Por la parte de los jueces hay 7 miembros que pertenecen a la Asociación Profesional de la Magistratura, por 3 de Jueces por la Democracia, que es la organización minoritaria favorable al gobierno. De estos 3 jueces progubernamentales, 2, Carlos Hugo Preciado y José María Fernández, son jueces en Barcelona. Si se le añade Lucía Avilés, magistrada del juzgado de lo penal de Mataró y experta en violencia de género, resulta que la circunscripción de Barcelona es la que aporta un mayor número de miembros de signo gubernamental. En esta ocasión, a diferencia de los casos precedentes, en el CGPJ no habrá nadie cercano a las filas de los partidos nacionalistas, ni vascos ni catalanes. En este sentido, el peso extraordinario de los diputados de este signo en el congreso, de los que depende la mayoría del gobierno, una vez más no tienen traducción en las correlaciones de gobierno que se originan en ámbitos del estado. Según La Vanguardia, los jueces de la Asociación Profesional de la Magistratura (APM) son 5, por tanto, entre los medios de comunicación no existe un criterio compartido de qué es uno y de qué es el otro. Sin embargo, el resultado parece muy equilibrado, si bien siguen presentes magistrados de trayectoria política muy clara. Es el caso de Inés María Herreros, fiscal de derechos humanos y de memoria democrática, exportavoz de la Unión Progresista de Fiscales y estrecha colaboradora de la anterior fiscal general del estado, Dolores Delgado. También es el caso de Bernardo Fernández, ex vicepresidente del Principado de Asturias con el PSOE, o Ricardo Bodas, un magistrado jubilado del Tribunal Supremo que fue director general con Zapatero. Nuevas medidas para la independencia judicial El pacto incorpora novedades interesantes que aliviarán en el futuro la condición política de los miembros del Consejo. Por ejemplo, establece que los jueces o magistrados no puedan reingresar en el servicio activo hasta dos años después de haber dejado el cargo político que había determinado que dispusieran de una excedencia voluntaria. También se establece la prohibición expresa de que un ministro pueda ser fiscal general del estado, lo que no deja de ser una desautorización en toda regla al nombramiento que Sánchez hizo de Dolores Delgado. Además, se señala que tendrán que pasar 3 años como mínimo fuera de un cargo público para poder ostentar esa condición. Existen exigencias de profesionalidad como que el magistrado del Supremo debe tener una carrera profesional de 5 años. Elección del presidente Por primera vez, y eso también es positivo, los partidos no han acordado quién será el presidente, y serán los mismos vocales quienes lo elegirán. En todo caso, el acuerdo muestra las contradicciones y debilidades constitucionales y del estado de derecho de España. Se ha firmado en Bruselas y no en Las Cortes. Lo han protagonizado dos dirigentes políticos de la oposición y del gobierno, cuando preceptivamente era una función que debían haber llevado a cabo en el Congreso con sus representantes y en el Senado, dirigido en ambos casos por sus respectivos presidentes. La partitocracia se ha apoderado de todo e, incluso cuando se llegan a acuerdos necesarios, lo hacen bajo este vicio de las cuotas de partido. Es llamativo que si los criterios que figuran en el acuerdo se hubieran aplicado en la renovación del Tribunal Constitucional, con toda certeza su composición sería muy diferente porque ni el presidente del Tribunal, el antiguo fiscal general del estado , ni el ministro de Justicia, ni los magistrados del TC que proceden directamente de cargos gubernamentales tendrían lugar. También llama la atención que la fotografía del pacto de Bolaños y González Pons firmando el acuerdo sentados en una mesa esté enmarcada por la imagen tutelada de la vicepresidenta europea, Věra Jourová, que de pie, detrás suyo, parece vigilarles.
