{"version":"1.0","provider_name":"Converses a Catalunya","provider_url":"https:\/\/conversesacatalunya.cat\/es\/","title":"Pandemia en Catalu\u00f1a. Las espadas siguen en alto, mientras Alba Verg\u00e9s desaparece del escenario - Converses a Catalunya","type":"rich","width":600,"height":338,"html":"<blockquote class=\"wp-embedded-content\" data-secret=\"Lq0qlCJEIa\"><a href=\"https:\/\/conversesacatalunya.cat\/es\/pandemia-en-cataluna-alba-verges-desaparece-del-escenario\/\">Pandemia en Catalu\u00f1a. Las espadas siguen en alto, mientras Alba Verg\u00e9s desaparece del escenario<\/a><\/blockquote><iframe sandbox=\"allow-scripts\" security=\"restricted\" src=\"https:\/\/conversesacatalunya.cat\/es\/pandemia-en-cataluna-alba-verges-desaparece-del-escenario\/embed\/#?secret=Lq0qlCJEIa\" width=\"600\" height=\"338\" title=\"\u00abPandemia en Catalu\u00f1a. Las espadas siguen en alto, mientras Alba Verg\u00e9s desaparece del escenario\u00bb \u2014 Converses a Catalunya\" data-secret=\"Lq0qlCJEIa\" frameborder=\"0\" marginwidth=\"0\" marginheight=\"0\" scrolling=\"no\" class=\"wp-embedded-content\"><\/iframe><script>\n\/*! This file is auto-generated *\/\n!function(d,l){\"use strict\";l.querySelector&&d.addEventListener&&\"undefined\"!=typeof URL&&(d.wp=d.wp||{},d.wp.receiveEmbedMessage||(d.wp.receiveEmbedMessage=function(e){var t=e.data;if((t||t.secret||t.message||t.value)&&!\/[^a-zA-Z0-9]\/.test(t.secret)){for(var s,r,n,a=l.querySelectorAll('iframe[data-secret=\"'+t.secret+'\"]'),o=l.querySelectorAll('blockquote[data-secret=\"'+t.secret+'\"]'),c=new RegExp(\"^https?:$\",\"i\"),i=0;i<o.length;i++)o[i].style.display=\"none\";for(i=0;i<a.length;i++)s=a[i],e.source===s.contentWindow&&(s.removeAttribute(\"style\"),\"height\"===t.message?(1e3<(r=parseInt(t.value,10))?r=1e3:~~r<200&&(r=200),s.height=r):\"link\"===t.message&&(r=new URL(s.getAttribute(\"src\")),n=new URL(t.value),c.test(n.protocol))&&n.host===r.host&&l.activeElement===s&&(d.top.location.href=t.value))}},d.addEventListener(\"message\",d.wp.receiveEmbedMessage,!1),l.addEventListener(\"DOMContentLoaded\",function(){for(var e,t,s=l.querySelectorAll(\"iframe.wp-embedded-content\"),r=0;r<s.length;r++)(t=(e=s[r]).getAttribute(\"data-secret\"))||(t=Math.random().toString(36).substring(2,12),e.src+=\"#?secret=\"+t,e.setAttribute(\"data-secret\",t)),e.contentWindow.postMessage({message:\"ready\",secret:t},\"*\")},!1)))}(window,document);\n<\/script>\n","thumbnail_url":"https:\/\/conversesacatalunya.cat\/wp-content\/uploads\/2020\/07\/alba-verges.jpg","thumbnail_width":650,"thumbnail_height":350,"description":"La \u00faltima semana de julio ser\u00e1 decisiva para ver c\u00f3mo evoluciona la Covid-19 en Catalu\u00f1a. Las cifras del Segri\u00e0 siguen siendo extraordinariamente altas, 469 casos por 100.000 habitantes, cinco veces m\u00e1s que en el momento m\u00e1s dif\u00edcil del mes de marzo. La posible buena noticia es que parece que la cifra tiende a estabilizarse. En todo caso la tasa de crecimiento se ha reducido claramente, porque desde el m\u00e1ximo de 2,5 casos por persona est\u00e1 ya casi a la l\u00ednea estrat\u00e9gica de 1 caso por persona. Cuando la cifra descienda por debajo de la unidad, querr\u00e1 decir que la propagaci\u00f3n ha cesado y que la pandemia se reduce d\u00eda a d\u00eda. En el caso de Barcelona ciudad la situaci\u00f3n es diferente porque si bien la cifra de contagio ha tendido a reducirse, contin\u00faa alta, en torno a los 2 casos, mientras que en el \u00e1rea metropolitana el comportamiento es diferente porque sigue creciendo. Lo hace en Badalona, \u200b\u200bCornell\u00e0, y en otras grandes poblaciones del entorno metropolitano. L&#8217;Hospitalet de Llobregat sigue siendo el \u00e1rea de mayor incidencia si bien tambi\u00e9n hay indicios de contenci\u00f3n. Pero todas las previsiones todav\u00eda son inciertas y pueden cambiar. En L&#8217;Hospitalet con 203,6 casos por cada 100.000 habitantes contin\u00faa presentando una cifra cuatro veces superior a la que marca el ritmo de peligro, mientras que en Barcelona la situaci\u00f3n, siendo negativa, es significativamente mejor porque s\u00f3lo tiene 67 casos para cada 100.000 habitantes. El nuevo secretario de salud p\u00fablica ya ha admitido que el virus circula de manera descontrolada en concreto en Barcelona, \u200b\u200bparte del \u00e1rea metropolitana, el Segri\u00e0 y en Figueres. Todo ello presiona de forma importante al sistema sanitario. En Lleida tambi\u00e9n ,en el Hospital Arnau de Vilanova y en el \u00e1rea metropolitana sobre todo en lo referente a los Centros de Atenci\u00f3n Primaria (CAPS) que est\u00e1n al l\u00edmite, un hecho agravado por las vacaciones de julio, que como es l\u00f3gico se multiplicar\u00e1n en el mes de agosto. El nuevo m\u00e1ximo responsable de salud p\u00fablica, el secretario general Josep Maria Argimon, asegura que con la incorporaci\u00f3n de personal auxiliar para hacer los seguimientos, reducir\u00e1 la presi\u00f3n sobre el personal sanitario de los CAPS. Pero este no s\u00f3lo registra el aumento de casos de SARS-CoV-2, sino tambi\u00e9n todas aquellas otras patolog\u00edas que quedaron congeladas en cuanto a su tratamiento en el per\u00edodo \u00e1lgido de la crisis, m\u00e1s un nuevo contingente cada vez m\u00e1s presente que son personas que se han curado de la Covid-19 pero presentan secuelas importantes que requieren la asistencia sanitaria. La situaci\u00f3n ha sido suficientemente grave para que de una manera silenciosa se produjera la sustituci\u00f3n de facto de la consejera Alba Verg\u00e9s, quien hac\u00eda tiempo que hab\u00eda agotado toda su credibilidad. Ha sido sustituida por un profesional de la casa de alto nivel, el director del ICS que gestionaba 40.000 profesionales y 3.300 millones de presupuesto. Argimon ha alcanzado el nuevo cargo de secretario general de salud p\u00fablica que estaba bacante hac\u00eda meses con la condici\u00f3n de mantener su cargo al frente del ICS. Esta dualidad con dos funciones, cada una de ellas de trabajo y responsabilidad extrema, se\u00f1ala la emergencia y la urgencia de la situaci\u00f3n que vive la sanidad catalana porque es ins\u00f3lito que se puedan combinar bien los dos cargos. En realidad nos encontramos ante una sustituci\u00f3n por la v\u00eda de hecho y no del Diario Oficial de la consejera Alba Verg\u00e9s. En este momento Argimon, que se define como independentista pero no como patriota, y es partidario, seg\u00fan sus palabras, encarnizado de la independencia sin una adscripci\u00f3n pol\u00edtica concreta, es en realidad el nuevo consejero de Salud de la Generalitat. De esta manera ERC ha perdido por la v\u00eda de la mala pr\u00e1ctica dos de los consejeros que gestionaban un volumen m\u00e1s importante de recursos, y que ten\u00edan que demostrar la eficacia republicana en el \u00e1mbito social. Primero fue Chakir El Homrani, a quien llegaron a expropiar todo un \u00e1mbito importante como es el de las residencias. En condiciones normales, y con consejeros normales, esto habr\u00eda representado el cese o la dimisi\u00f3n por pundonor del mismo consejero. Ahora, y aqu\u00ed la cosa, se ha saldado con el silencio, y pocos meses despu\u00e9s le ha tocado a Alba Verg\u00e9s que ha tenido desde el primer momento un papel muy poco afortunado en su gesti\u00f3n de la sanidad ante la Covid-19. Argimon tiene la virtud de que ha sido responsable del ICS con diferentes gobiernos de la Generalitat, lo que indica un nivel profesional de calidad. M\u00e1s informaci\u00f3n sobre el coronavirus en ESPECIAL CORONAVIRUS &nbsp;"}

Pandemia en Cataluña. Las espadas siguen en alto, mientras Alba Vergés desaparece del escenario - Converses a Catalunya

<blockquote class="wp-embedded-content" data-secret="Lq0qlCJEIa"><a href="https://conversesacatalunya.cat/es/pandemia-en-cataluna-alba-verges-desaparece-del-escenario/">Pandemia en Cataluña. Las espadas siguen en alto, mientras Alba Vergés desaparece del escenario</a></blockquote><iframe sandbox="allow-scripts" security="restricted" src="https://conversesacatalunya.cat/es/pandemia-en-cataluna-alba-verges-desaparece-del-escenario/embed/#?secret=Lq0qlCJEIa" width="600" height="338" title="«Pandemia en Cataluña. Las espadas siguen en alto, mientras Alba Vergés desaparece del escenario» — Converses a Catalunya" data-secret="Lq0qlCJEIa" frameborder="0" marginwidth="0" marginheight="0" scrolling="no" class="wp-embedded-content"></iframe><script>
/*! This file is auto-generated */
!function(d,l){"use strict";l.querySelector&&d.addEventListener&&"undefined"!=typeof URL&&(d.wp=d.wp||{},d.wp.receiveEmbedMessage||(d.wp.receiveEmbedMessage=function(e){var t=e.data;if((t||t.secret||t.message||t.value)&&!/[^a-zA-Z0-9]/.test(t.secret)){for(var s,r,n,a=l.querySelectorAll('iframe[data-secret="'+t.secret+'"]'),o=l.querySelectorAll('blockquote[data-secret="'+t.secret+'"]'),c=new RegExp("^https?:$","i"),i=0;i<o.length;i++)o[i].style.display="none";for(i=0;i<a.length;i++)s=a[i],e.source===s.contentWindow&&(s.removeAttribute("style"),"height"===t.message?(1e3<(r=parseInt(t.value,10))?r=1e3:~~r<200&&(r=200),s.height=r):"link"===t.message&&(r=new URL(s.getAttribute("src")),n=new URL(t.value),c.test(n.protocol))&&n.host===r.host&&l.activeElement===s&&(d.top.location.href=t.value))}},d.addEventListener("message",d.wp.receiveEmbedMessage,!1),l.addEventListener("DOMContentLoaded",function(){for(var e,t,s=l.querySelectorAll("iframe.wp-embedded-content"),r=0;r<s.length;r++)(t=(e=s[r]).getAttribute("data-secret"))||(t=Math.random().toString(36).substring(2,12),e.src+="#?secret="+t,e.setAttribute("data-secret",t)),e.contentWindow.postMessage({message:"ready",secret:t},"*")},!1)))}(window,document);
</script>

La última semana de julio será decisiva para ver cómo evoluciona la Covid-19 en Cataluña. Las cifras del Segrià siguen siendo extraordinariamente altas, 469 casos por 100.000 habitantes, cinco veces más que en el momento más difícil del mes de marzo. La posible buena noticia es que parece que la cifra tiende a estabilizarse. En todo caso la tasa de crecimiento se ha reducido claramente, porque desde el máximo de 2,5 casos por persona está ya casi a la línea estratégica de 1 caso por persona. Cuando la cifra descienda por debajo de la unidad, querrá decir que la propagación ha cesado y que la pandemia se reduce día a día. En el caso de Barcelona ciudad la situación es diferente porque si bien la cifra de contagio ha tendido a reducirse, continúa alta, en torno a los 2 casos, mientras que en el área metropolitana el comportamiento es diferente porque sigue creciendo. Lo hace en Badalona, ​​Cornellà, y en otras grandes poblaciones del entorno metropolitano. L&#8217;Hospitalet de Llobregat sigue siendo el área de mayor incidencia si bien también hay indicios de contención. Pero todas las previsiones todavía son inciertas y pueden cambiar. En L&#8217;Hospitalet con 203,6 casos por cada 100.000 habitantes continúa presentando una cifra cuatro veces superior a la que marca el ritmo de peligro, mientras que en Barcelona la situación, siendo negativa, es significativamente mejor porque sólo tiene 67 casos para cada 100.000 habitantes. El nuevo secretario de salud pública ya ha admitido que el virus circula de manera descontrolada en concreto en Barcelona, ​​parte del área metropolitana, el Segrià y en Figueres. Todo ello presiona de forma importante al sistema sanitario. En Lleida también ,en el Hospital Arnau de Vilanova y en el área metropolitana sobre todo en lo referente a los Centros de Atención Primaria (CAPS) que están al límite, un hecho agravado por las vacaciones de julio, que como es lógico se multiplicarán en el mes de agosto. El nuevo máximo responsable de salud pública, el secretario general Josep Maria Argimon, asegura que con la incorporación de personal auxiliar para hacer los seguimientos, reducirá la presión sobre el personal sanitario de los CAPS. Pero este no sólo registra el aumento de casos de SARS-CoV-2, sino también todas aquellas otras patologías que quedaron congeladas en cuanto a su tratamiento en el período álgido de la crisis, más un nuevo contingente cada vez más presente que son personas que se han curado de la Covid-19 pero presentan secuelas importantes que requieren la asistencia sanitaria. La situación ha sido suficientemente grave para que de una manera silenciosa se produjera la sustitución de facto de la consejera Alba Vergés, quien hacía tiempo que había agotado toda su credibilidad. Ha sido sustituida por un profesional de la casa de alto nivel, el director del ICS que gestionaba 40.000 profesionales y 3.300 millones de presupuesto. Argimon ha alcanzado el nuevo cargo de secretario general de salud pública que estaba bacante hacía meses con la condición de mantener su cargo al frente del ICS. Esta dualidad con dos funciones, cada una de ellas de trabajo y responsabilidad extrema, señala la emergencia y la urgencia de la situación que vive la sanidad catalana porque es insólito que se puedan combinar bien los dos cargos. En realidad nos encontramos ante una sustitución por la vía de hecho y no del Diario Oficial de la consejera Alba Vergés. En este momento Argimon, que se define como independentista pero no como patriota, y es partidario, según sus palabras, encarnizado de la independencia sin una adscripción política concreta, es en realidad el nuevo consejero de Salud de la Generalitat. De esta manera ERC ha perdido por la vía de la mala práctica dos de los consejeros que gestionaban un volumen más importante de recursos, y que tenían que demostrar la eficacia republicana en el ámbito social. Primero fue Chakir El Homrani, a quien llegaron a expropiar todo un ámbito importante como es el de las residencias. En condiciones normales, y con consejeros normales, esto habría representado el cese o la dimisión por pundonor del mismo consejero. Ahora, y aquí la cosa, se ha saldado con el silencio, y pocos meses después le ha tocado a Alba Vergés que ha tenido desde el primer momento un papel muy poco afortunado en su gestión de la sanidad ante la Covid-19. Argimon tiene la virtud de que ha sido responsable del ICS con diferentes gobiernos de la Generalitat, lo que indica un nivel profesional de calidad. Más información sobre el coronavirus en ESPECIAL CORONAVIRUS &nbsp;
