{"version":"1.0","provider_name":"Converses a Catalunya","provider_url":"https:\/\/conversesacatalunya.cat\/es\/","title":"Marta Pascal: no vamos a hacer pactos de coalici\u00f3n - Converses a Catalunya","type":"rich","width":600,"height":338,"html":"<blockquote class=\"wp-embedded-content\" data-secret=\"trN1heolZ0\"><a href=\"https:\/\/conversesacatalunya.cat\/es\/marta-pascal-coalicion\/\">Marta Pascal: no vamos a hacer pactos de coalici\u00f3n<\/a><\/blockquote><iframe sandbox=\"allow-scripts\" security=\"restricted\" src=\"https:\/\/conversesacatalunya.cat\/es\/marta-pascal-coalicion\/embed\/#?secret=trN1heolZ0\" width=\"600\" height=\"338\" title=\"\u00abMarta Pascal: no vamos a hacer pactos de coalici\u00f3n\u00bb \u2014 Converses a Catalunya\" data-secret=\"trN1heolZ0\" frameborder=\"0\" marginwidth=\"0\" marginheight=\"0\" scrolling=\"no\" class=\"wp-embedded-content\"><\/iframe><script>\n\/*! This file is auto-generated *\/\n!function(d,l){\"use strict\";l.querySelector&&d.addEventListener&&\"undefined\"!=typeof URL&&(d.wp=d.wp||{},d.wp.receiveEmbedMessage||(d.wp.receiveEmbedMessage=function(e){var t=e.data;if((t||t.secret||t.message||t.value)&&!\/[^a-zA-Z0-9]\/.test(t.secret)){for(var s,r,n,a=l.querySelectorAll('iframe[data-secret=\"'+t.secret+'\"]'),o=l.querySelectorAll('blockquote[data-secret=\"'+t.secret+'\"]'),c=new RegExp(\"^https?:$\",\"i\"),i=0;i<o.length;i++)o[i].style.display=\"none\";for(i=0;i<a.length;i++)s=a[i],e.source===s.contentWindow&&(s.removeAttribute(\"style\"),\"height\"===t.message?(1e3<(r=parseInt(t.value,10))?r=1e3:~~r<200&&(r=200),s.height=r):\"link\"===t.message&&(r=new URL(s.getAttribute(\"src\")),n=new URL(t.value),c.test(n.protocol))&&n.host===r.host&&l.activeElement===s&&(d.top.location.href=t.value))}},d.addEventListener(\"message\",d.wp.receiveEmbedMessage,!1),l.addEventListener(\"DOMContentLoaded\",function(){for(var e,t,s=l.querySelectorAll(\"iframe.wp-embedded-content\"),r=0;r<s.length;r++)(t=(e=s[r]).getAttribute(\"data-secret\"))||(t=Math.random().toString(36).substring(2,12),e.src+=\"#?secret=\"+t,e.setAttribute(\"data-secret\",t)),e.contentWindow.postMessage({message:\"ready\",secret:t},\"*\")},!1)))}(window,document);\n<\/script>\n","thumbnail_url":"https:\/\/conversesacatalunya.cat\/wp-content\/uploads\/2020\/07\/marta-pascal.jpg","thumbnail_width":1600,"thumbnail_height":900,"description":"Las declaraciones de Marta Pascal en el diario El Mundo han agitado el campo del catalanismo pol\u00edtico y los intentos de formar una \u00fanica y amplia oferta electoral que agrupase a los distintos sujetos pol\u00edticos, Units, Lliures, Convergents, LLiga i PNC de Marta Pascal. Ahora, la que es secretaria general del Partido Nacionalista de Catalu\u00f1a hace un planteamiento que consiste en formular la uni\u00f3n a trav\u00e9s de su lista electora,l incorporando a diversas personas pero sin pactar con las organizaciones. La formulaci\u00f3n de Marta Pascal incluye adem\u00e1s una impl\u00edcita\u00a0 descalificaci\u00f3n\u00a0 al candidato de Units, Albert Batlle, quien \u00a0semanas atr\u00e1s se present\u00f3 en unas declaraciones a la Vanguardia como candidato del amplio espacio catalanista opuesto al independentismo. Ahora Pascal afirma que en su lista no tendr\u00e1n cabida posiciones en contra de nadie ni en contra del independentismo. Aunque al mismo tiempo establece otras l\u00edneas rojas, por ejemplo en relaci\u00f3n a la CUP. La Secretaria general del Partido Nacionalista de Catalu\u00f1a se manifiesta, asimismo, favorable al entendimiento con S\u00e1nchez. Hay que considerar que constituye una nueva oportunidad que debe ser aprovechada, y que la mesa de di\u00e1logo pactada por ERC debe conseguir resultados. Es necesario recordar \u00a0qu\u00e9 Pascal cuando\u00a0 era coordinadora general del PDeCAT, impuls\u00f3 la moci\u00f3n de censura contra Rajoy, que abri\u00f3 la puerta al nuevo Gobierno socialista Con estas declaraciones Marta Pascal \u00a0parece querer bloquear todo intento de acuerdo entre los diversos grupos, incluido Units, al que no se\u00f1ala como excepci\u00f3n a su negativa de coaliciones. Estar\u00edamos ante un claro retroceso en tanto en cuanto Units siempre ha manifestado su predisposici\u00f3n a pactar con el PNC. \u00c9ste ya dio un cerrojazo al afirmar que no negociar\u00eda nada hasta que no se convocaran elecciones, y ahora \u00a0lo que ofrece Pascal es la incorporaci\u00f3n de personas, pero no un acuerdo entre partidos. Resulta dif\u00edcil de entender que una organizaci\u00f3n que surge como consecuencia de una serie de tropiezos del espacio post convergente, incluida la exclusi\u00f3n de la propia Marta Pascal de su anterior cargo como coordinadora del PDECAT, pueda a la vez presentarse como una fuerza renovadora que busca separar los bloques, cuando al mismo tiempo se sit\u00faa como \u00fanica referencia en el campo catalanista, \u00a0que sigue manteniendo la reivindicaci\u00f3n independentista, aunque pactada, y no quiere en ning\u00fan caso negociar la construcci\u00f3n de un espacio m\u00e1s amplio e inclusivo. A medida que avanzan los d\u00edas el espacio pol\u00edtico del independentismo, por una parte, y del catalanismo aparece m\u00e1s fragmentado: CUP, ERC, JxCat, PDeCAT, PNC, entre el independentismo; y Units, Lliures, LLiga i Convergents en el espacio catalanista."}

Marta Pascal: no vamos a hacer pactos de coalición - Converses a Catalunya

<blockquote class="wp-embedded-content" data-secret="trN1heolZ0"><a href="https://conversesacatalunya.cat/es/marta-pascal-coalicion/">Marta Pascal: no vamos a hacer pactos de coalición</a></blockquote><iframe sandbox="allow-scripts" security="restricted" src="https://conversesacatalunya.cat/es/marta-pascal-coalicion/embed/#?secret=trN1heolZ0" width="600" height="338" title="«Marta Pascal: no vamos a hacer pactos de coalición» — Converses a Catalunya" data-secret="trN1heolZ0" frameborder="0" marginwidth="0" marginheight="0" scrolling="no" class="wp-embedded-content"></iframe><script>
/*! This file is auto-generated */
!function(d,l){"use strict";l.querySelector&&d.addEventListener&&"undefined"!=typeof URL&&(d.wp=d.wp||{},d.wp.receiveEmbedMessage||(d.wp.receiveEmbedMessage=function(e){var t=e.data;if((t||t.secret||t.message||t.value)&&!/[^a-zA-Z0-9]/.test(t.secret)){for(var s,r,n,a=l.querySelectorAll('iframe[data-secret="'+t.secret+'"]'),o=l.querySelectorAll('blockquote[data-secret="'+t.secret+'"]'),c=new RegExp("^https?:$","i"),i=0;i<o.length;i++)o[i].style.display="none";for(i=0;i<a.length;i++)s=a[i],e.source===s.contentWindow&&(s.removeAttribute("style"),"height"===t.message?(1e3<(r=parseInt(t.value,10))?r=1e3:~~r<200&&(r=200),s.height=r):"link"===t.message&&(r=new URL(s.getAttribute("src")),n=new URL(t.value),c.test(n.protocol))&&n.host===r.host&&l.activeElement===s&&(d.top.location.href=t.value))}},d.addEventListener("message",d.wp.receiveEmbedMessage,!1),l.addEventListener("DOMContentLoaded",function(){for(var e,t,s=l.querySelectorAll("iframe.wp-embedded-content"),r=0;r<s.length;r++)(t=(e=s[r]).getAttribute("data-secret"))||(t=Math.random().toString(36).substring(2,12),e.src+="#?secret="+t,e.setAttribute("data-secret",t)),e.contentWindow.postMessage({message:"ready",secret:t},"*")},!1)))}(window,document);
</script>

Las declaraciones de Marta Pascal en el diario El Mundo han agitado el campo del catalanismo político y los intentos de formar una única y amplia oferta electoral que agrupase a los distintos sujetos políticos, Units, Lliures, Convergents, LLiga i PNC de Marta Pascal. Ahora, la que es secretaria general del Partido Nacionalista de Cataluña hace un planteamiento que consiste en formular la unión a través de su lista electora,l incorporando a diversas personas pero sin pactar con las organizaciones. La formulación de Marta Pascal incluye además una implícita  descalificación  al candidato de Units, Albert Batlle, quien  semanas atrás se presentó en unas declaraciones a la Vanguardia como candidato del amplio espacio catalanista opuesto al independentismo. Ahora Pascal afirma que en su lista no tendrán cabida posiciones en contra de nadie ni en contra del independentismo. Aunque al mismo tiempo establece otras líneas rojas, por ejemplo en relación a la CUP. La Secretaria general del Partido Nacionalista de Cataluña se manifiesta, asimismo, favorable al entendimiento con Sánchez. Hay que considerar que constituye una nueva oportunidad que debe ser aprovechada, y que la mesa de diálogo pactada por ERC debe conseguir resultados. Es necesario recordar  qué Pascal cuando  era coordinadora general del PDeCAT, impulsó la moción de censura contra Rajoy, que abrió la puerta al nuevo Gobierno socialista Con estas declaraciones Marta Pascal  parece querer bloquear todo intento de acuerdo entre los diversos grupos, incluido Units, al que no señala como excepción a su negativa de coaliciones. Estaríamos ante un claro retroceso en tanto en cuanto Units siempre ha manifestado su predisposición a pactar con el PNC. Éste ya dio un cerrojazo al afirmar que no negociaría nada hasta que no se convocaran elecciones, y ahora  lo que ofrece Pascal es la incorporación de personas, pero no un acuerdo entre partidos. Resulta difícil de entender que una organización que surge como consecuencia de una serie de tropiezos del espacio post convergente, incluida la exclusión de la propia Marta Pascal de su anterior cargo como coordinadora del PDECAT, pueda a la vez presentarse como una fuerza renovadora que busca separar los bloques, cuando al mismo tiempo se sitúa como única referencia en el campo catalanista,  que sigue manteniendo la reivindicación independentista, aunque pactada, y no quiere en ningún caso negociar la construcción de un espacio más amplio e inclusivo. A medida que avanzan los días el espacio político del independentismo, por una parte, y del catalanismo aparece más fragmentado: CUP, ERC, JxCat, PDeCAT, PNC, entre el independentismo; y Units, Lliures, LLiga i Convergents en el espacio catalanista.
