{"version":"1.0","provider_name":"Converses a Catalunya","provider_url":"https:\/\/conversesacatalunya.cat\/es\/","title":"Las graves anomal\u00edas catalanas - Converses a Catalunya","type":"rich","width":600,"height":338,"html":"<blockquote class=\"wp-embedded-content\" data-secret=\"NuNHTLYkTT\"><a href=\"https:\/\/conversesacatalunya.cat\/es\/las-graves-anomalias-catalanas\/\">Las graves anomal\u00edas catalanas<\/a><\/blockquote><iframe sandbox=\"allow-scripts\" security=\"restricted\" src=\"https:\/\/conversesacatalunya.cat\/es\/las-graves-anomalias-catalanas\/embed\/#?secret=NuNHTLYkTT\" width=\"600\" height=\"338\" title=\"\u00abLas graves anomal\u00edas catalanas\u00bb \u2014 Converses a Catalunya\" data-secret=\"NuNHTLYkTT\" frameborder=\"0\" marginwidth=\"0\" marginheight=\"0\" scrolling=\"no\" class=\"wp-embedded-content\"><\/iframe><script>\n\/*! This file is auto-generated *\/\n!function(d,l){\"use strict\";l.querySelector&&d.addEventListener&&\"undefined\"!=typeof URL&&(d.wp=d.wp||{},d.wp.receiveEmbedMessage||(d.wp.receiveEmbedMessage=function(e){var t=e.data;if((t||t.secret||t.message||t.value)&&!\/[^a-zA-Z0-9]\/.test(t.secret)){for(var s,r,n,a=l.querySelectorAll('iframe[data-secret=\"'+t.secret+'\"]'),o=l.querySelectorAll('blockquote[data-secret=\"'+t.secret+'\"]'),c=new RegExp(\"^https?:$\",\"i\"),i=0;i<o.length;i++)o[i].style.display=\"none\";for(i=0;i<a.length;i++)s=a[i],e.source===s.contentWindow&&(s.removeAttribute(\"style\"),\"height\"===t.message?(1e3<(r=parseInt(t.value,10))?r=1e3:~~r<200&&(r=200),s.height=r):\"link\"===t.message&&(r=new URL(s.getAttribute(\"src\")),n=new URL(t.value),c.test(n.protocol))&&n.host===r.host&&l.activeElement===s&&(d.top.location.href=t.value))}},d.addEventListener(\"message\",d.wp.receiveEmbedMessage,!1),l.addEventListener(\"DOMContentLoaded\",function(){for(var e,t,s=l.querySelectorAll(\"iframe.wp-embedded-content\"),r=0;r<s.length;r++)(t=(e=s[r]).getAttribute(\"data-secret\"))||(t=Math.random().toString(36).substring(2,12),e.src+=\"#?secret=\"+t,e.setAttribute(\"data-secret\",t)),e.contentWindow.postMessage({message:\"ready\",secret:t},\"*\")},!1)))}(window,document);\n<\/script>\n","thumbnail_url":"https:\/\/conversesacatalunya.cat\/wp-content\/uploads\/2024\/11\/sant-jaume.jpg","thumbnail_width":649,"thumbnail_height":440,"description":"Catalu\u00f1a afronta dos anomal\u00edas graves y sin precedentes en su historia pol\u00edtica y social. La primera es la hegemon\u00eda del Partido Socialista, que gobierna con un apoyo electoral minoritario.\u00a0La segunda es la pr\u00e1ctica desaparici\u00f3n del centro y centroderecha en el panorama parlamentario catal\u00e1n. Ambas situaciones tienen importantes consecuencias para la identidad pol\u00edtica y cultural de Catalu\u00f1a. El Partido Socialista domina instituciones clave\u00a0como la Diputaci\u00f3n de Barcelona, \u200b\u200bel Ayuntamiento de la capital y la Generalitat, aunque sus resultados electorales no reflejan apoyo mayoritario. En el Ayuntamiento de Barcelona, \u200b\u200blos socialistas tienen s\u00f3lo 10 concejales de un total de 41; y, en la Generalitat, 42 diputados de 165. Esta situaci\u00f3n, que se repite en ambas instituciones, resulta excepcional en Europa, donde la representatividad suele ser un principio b\u00e1sico del gobierno. La hegemon\u00eda socialista se ha consolidado\u00a0gracias a alianzas con fuerzas como el Partido Popular y Esquerra Republicana, cuya colaboraci\u00f3n ha sorprendido a muchos por sus contradicciones ideol\u00f3gicas. El Partido Popular, por ejemplo, facilit\u00f3 la alcald\u00eda de Barcelona al socialista Jaume Collboni, mientras que Esquerra Republicana sigue esperando beneficiarse de la colaboraci\u00f3n con el Partido Socialista para avanzar hacia el autogobierno y, eventualmente, la independencia. Esta situaci\u00f3n refleja c\u00f3mo el\u00a0Partido Socialista ha logrado posicionarse como el centro de un amplio espectro pol\u00edtico, pese a la evidente incompatibilidad entre sus aliados. M\u00c1S INFORMACI\u00d3N E INSCRIPCIONES AQU\u00cd Otro aspecto relevante es la indiferencia del Partido Socialista hacia\u00a0la cultura y tradiciones catalanas. Ejemplos claros son la\u00a0sustituci\u00f3n del pesebre tradicional de la plaza de Catalunya\u00a0por una representaci\u00f3n moderna y el desinter\u00e9s por la celebraci\u00f3n de festividades como la Virgen de la Merced. Estas decisiones muestran desconexi\u00f3n con la identidad popular y cultural catalana. La lengua y cultura catalanas se encuentran hoy en una situaci\u00f3n cr\u00edtica, incluso m\u00e1s que en los a\u00f1os 50, despu\u00e9s de la Guerra Civil y bajo la dictadura franquista. Entonces, el catal\u00e1n sobreviv\u00eda en el \u00e1mbito familiar, pero hoy el tejido social que lo mantiene es cada vez m\u00e1s d\u00e9bil. S\u00f3lo uno de cada tres barceloneses utiliza el catal\u00e1n como primera opci\u00f3n en sus relaciones, y el 30% de la poblaci\u00f3n de la capital ha nacido en el extranjero. Adem\u00e1s, el alto \u00edndice de abortos y la baja natalidad agravan la situaci\u00f3n demogr\u00e1fica. Seg\u00fan la \u00faltima encuesta del Centro de Estudios de Opini\u00f3n (CEO), el 62% de los catalanes considera que\u00a0el gobierno ha perdido el control sobre la inmigraci\u00f3n\u00a0y un 58% opina que hay demasiados inmigrantes. Sin embargo, este sentimiento no se refleja en las pol\u00edticas de los partidos, especialmente en el Partido Socialista y sus aliados naturales, los Comunes. Incluso, Esquerra Republicana tiene una postura ambigua al respecto, lo que evidencia la falta de un enfoque claro sobre cuestiones fundamentales. En cuanto a la\u00a0lengua y cultura catalanas, la encuesta tambi\u00e9n revela que un 62% de la poblaci\u00f3n considera que est\u00e1n en peligro. Sin embargo, no se observa ninguna acci\u00f3n contundente por parte de los partidos dominantes para abordar este problema que afecta a la esencia de dos siglos de pol\u00edtica catalana. La otra gran anomal\u00eda en Catalu\u00f1a es la ausencia de una fuerza pol\u00edtica significativa de centro o derecha, algo habitual en Europa, pero inexistente en el actual panorama catal\u00e1n. Juntos en ning\u00fan caso representa el mismo espacio pol\u00edtico que ocupaba CDC, porque, entre otras muchas razones, le falta un valor instrumental b\u00e1sico. CDC pod\u00eda pactar en el Congreso con el PP o con el PSOE, pero Junts parece, como ERC, condenado a mantener al gobierno de S\u00e1nchez al precio que sea. En cualquier caso, el d\u00e9ficit tiene una mayor importancia y, sin duda, merece un an\u00e1lisis aparte."}

Las graves anomalías catalanas - Converses a Catalunya

<blockquote class="wp-embedded-content" data-secret="NuNHTLYkTT"><a href="https://conversesacatalunya.cat/es/las-graves-anomalias-catalanas/">Las graves anomalías catalanas</a></blockquote><iframe sandbox="allow-scripts" security="restricted" src="https://conversesacatalunya.cat/es/las-graves-anomalias-catalanas/embed/#?secret=NuNHTLYkTT" width="600" height="338" title="«Las graves anomalías catalanas» — Converses a Catalunya" data-secret="NuNHTLYkTT" frameborder="0" marginwidth="0" marginheight="0" scrolling="no" class="wp-embedded-content"></iframe><script>
/*! This file is auto-generated */
!function(d,l){"use strict";l.querySelector&&d.addEventListener&&"undefined"!=typeof URL&&(d.wp=d.wp||{},d.wp.receiveEmbedMessage||(d.wp.receiveEmbedMessage=function(e){var t=e.data;if((t||t.secret||t.message||t.value)&&!/[^a-zA-Z0-9]/.test(t.secret)){for(var s,r,n,a=l.querySelectorAll('iframe[data-secret="'+t.secret+'"]'),o=l.querySelectorAll('blockquote[data-secret="'+t.secret+'"]'),c=new RegExp("^https?:$","i"),i=0;i<o.length;i++)o[i].style.display="none";for(i=0;i<a.length;i++)s=a[i],e.source===s.contentWindow&&(s.removeAttribute("style"),"height"===t.message?(1e3<(r=parseInt(t.value,10))?r=1e3:~~r<200&&(r=200),s.height=r):"link"===t.message&&(r=new URL(s.getAttribute("src")),n=new URL(t.value),c.test(n.protocol))&&n.host===r.host&&l.activeElement===s&&(d.top.location.href=t.value))}},d.addEventListener("message",d.wp.receiveEmbedMessage,!1),l.addEventListener("DOMContentLoaded",function(){for(var e,t,s=l.querySelectorAll("iframe.wp-embedded-content"),r=0;r<s.length;r++)(t=(e=s[r]).getAttribute("data-secret"))||(t=Math.random().toString(36).substring(2,12),e.src+="#?secret="+t,e.setAttribute("data-secret",t)),e.contentWindow.postMessage({message:"ready",secret:t},"*")},!1)))}(window,document);
</script>

Cataluña afronta dos anomalías graves y sin precedentes en su historia política y social. La primera es la hegemonía del Partido Socialista, que gobierna con un apoyo electoral minoritario. La segunda es la práctica desaparición del centro y centroderecha en el panorama parlamentario catalán. Ambas situaciones tienen importantes consecuencias para la identidad política y cultural de Cataluña. El Partido Socialista domina instituciones clave como la Diputación de Barcelona, ​​el Ayuntamiento de la capital y la Generalitat, aunque sus resultados electorales no reflejan apoyo mayoritario. En el Ayuntamiento de Barcelona, ​​los socialistas tienen sólo 10 concejales de un total de 41; y, en la Generalitat, 42 diputados de 165. Esta situación, que se repite en ambas instituciones, resulta excepcional en Europa, donde la representatividad suele ser un principio básico del gobierno. La hegemonía socialista se ha consolidado gracias a alianzas con fuerzas como el Partido Popular y Esquerra Republicana, cuya colaboración ha sorprendido a muchos por sus contradicciones ideológicas. El Partido Popular, por ejemplo, facilitó la alcaldía de Barcelona al socialista Jaume Collboni, mientras que Esquerra Republicana sigue esperando beneficiarse de la colaboración con el Partido Socialista para avanzar hacia el autogobierno y, eventualmente, la independencia. Esta situación refleja cómo el Partido Socialista ha logrado posicionarse como el centro de un amplio espectro político, pese a la evidente incompatibilidad entre sus aliados. MÁS INFORMACIÓN E INSCRIPCIONES AQUÍ Otro aspecto relevante es la indiferencia del Partido Socialista hacia la cultura y tradiciones catalanas. Ejemplos claros son la sustitución del pesebre tradicional de la plaza de Catalunya por una representación moderna y el desinterés por la celebración de festividades como la Virgen de la Merced. Estas decisiones muestran desconexión con la identidad popular y cultural catalana. La lengua y cultura catalanas se encuentran hoy en una situación crítica, incluso más que en los años 50, después de la Guerra Civil y bajo la dictadura franquista. Entonces, el catalán sobrevivía en el ámbito familiar, pero hoy el tejido social que lo mantiene es cada vez más débil. Sólo uno de cada tres barceloneses utiliza el catalán como primera opción en sus relaciones, y el 30% de la población de la capital ha nacido en el extranjero. Además, el alto índice de abortos y la baja natalidad agravan la situación demográfica. Según la última encuesta del Centro de Estudios de Opinión (CEO), el 62% de los catalanes considera que el gobierno ha perdido el control sobre la inmigración y un 58% opina que hay demasiados inmigrantes. Sin embargo, este sentimiento no se refleja en las políticas de los partidos, especialmente en el Partido Socialista y sus aliados naturales, los Comunes. Incluso, Esquerra Republicana tiene una postura ambigua al respecto, lo que evidencia la falta de un enfoque claro sobre cuestiones fundamentales. En cuanto a la lengua y cultura catalanas, la encuesta también revela que un 62% de la población considera que están en peligro. Sin embargo, no se observa ninguna acción contundente por parte de los partidos dominantes para abordar este problema que afecta a la esencia de dos siglos de política catalana. La otra gran anomalía en Cataluña es la ausencia de una fuerza política significativa de centro o derecha, algo habitual en Europa, pero inexistente en el actual panorama catalán. Juntos en ningún caso representa el mismo espacio político que ocupaba CDC, porque, entre otras muchas razones, le falta un valor instrumental básico. CDC podía pactar en el Congreso con el PP o con el PSOE, pero Junts parece, como ERC, condenado a mantener al gobierno de Sánchez al precio que sea. En cualquier caso, el déficit tiene una mayor importancia y, sin duda, merece un análisis aparte.
