{"version":"1.0","provider_name":"Converses a Catalunya","provider_url":"https:\/\/conversesacatalunya.cat\/es\/","title":"Las feministas gubernamentales quieren manifestarse - Converses a Catalunya","type":"rich","width":600,"height":338,"html":"<blockquote class=\"wp-embedded-content\" data-secret=\"c9dt9eqwOR\"><a href=\"https:\/\/conversesacatalunya.cat\/es\/las-feministas-gubernamentales-quieren-manifestarse\/\">Las feministas gubernamentales quieren manifestarse<\/a><\/blockquote><iframe sandbox=\"allow-scripts\" security=\"restricted\" src=\"https:\/\/conversesacatalunya.cat\/es\/las-feministas-gubernamentales-quieren-manifestarse\/embed\/#?secret=c9dt9eqwOR\" width=\"600\" height=\"338\" title=\"\u00abLas feministas gubernamentales quieren manifestarse\u00bb \u2014 Converses a Catalunya\" data-secret=\"c9dt9eqwOR\" frameborder=\"0\" marginwidth=\"0\" marginheight=\"0\" scrolling=\"no\" class=\"wp-embedded-content\"><\/iframe><script>\n\/*! This file is auto-generated *\/\n!function(d,l){\"use strict\";l.querySelector&&d.addEventListener&&\"undefined\"!=typeof URL&&(d.wp=d.wp||{},d.wp.receiveEmbedMessage||(d.wp.receiveEmbedMessage=function(e){var t=e.data;if((t||t.secret||t.message||t.value)&&!\/[^a-zA-Z0-9]\/.test(t.secret)){for(var s,r,n,a=l.querySelectorAll('iframe[data-secret=\"'+t.secret+'\"]'),o=l.querySelectorAll('blockquote[data-secret=\"'+t.secret+'\"]'),c=new RegExp(\"^https?:$\",\"i\"),i=0;i<o.length;i++)o[i].style.display=\"none\";for(i=0;i<a.length;i++)s=a[i],e.source===s.contentWindow&&(s.removeAttribute(\"style\"),\"height\"===t.message?(1e3<(r=parseInt(t.value,10))?r=1e3:~~r<200&&(r=200),s.height=r):\"link\"===t.message&&(r=new URL(s.getAttribute(\"src\")),n=new URL(t.value),c.test(n.protocol))&&n.host===r.host&&l.activeElement===s&&(d.top.location.href=t.value))}},d.addEventListener(\"message\",d.wp.receiveEmbedMessage,!1),l.addEventListener(\"DOMContentLoaded\",function(){for(var e,t,s=l.querySelectorAll(\"iframe.wp-embedded-content\"),r=0;r<s.length;r++)(t=(e=s[r]).getAttribute(\"data-secret\"))||(t=Math.random().toString(36).substring(2,12),e.src+=\"#?secret=\"+t,e.setAttribute(\"data-secret\",t)),e.contentWindow.postMessage({message:\"ready\",secret:t},\"*\")},!1)))}(window,document);\n<\/script>\n","thumbnail_url":"https:\/\/conversesacatalunya.cat\/wp-content\/uploads\/2021\/03\/feministes-manifestar.jpg","thumbnail_width":670,"thumbnail_height":378,"description":"2.000 manifestantes en el Paseo de Gracia, eso para empezar, adem\u00e1s de los que se puedan concentrar en Madrid y otras poblaciones. \u00bfC\u00f3mo debemos conceptuar esta visi\u00f3n que tienen de la responsabilidad y la solidaridad estos grupos y personas que se creen con derecho a pasarse por el forro la prevenci\u00f3n ante los contagios de la pandemia? Cuando las autoridades quieren mantener el cierre durante la Semana Santa (y mira que faltan d\u00edas), cuando hosteler\u00eda, comercios, grandes superficies y hoteles y tuti cuanti sufren restricciones muy duras que los abocan al cierre, cuando todo ello justificado en nombre de salvar el verano por parte de los poderes p\u00fablicos, las\u00a0feministas gubernamentales\u00a0(L\u00e9ase PSOE, ECP, Podemos, ERC) se empe\u00f1an en salir a la calle como si no hubiera otras f\u00f3rmulas de hacer o\u00edr su voz. Otros grupos que han querido manifestarse lo han hecho, por ejemplo, utilizando los coches que es una medida mucho m\u00e1s prudente.\u00a0Y es que el problema de la concentraci\u00f3n no se produce s\u00f3lo cuando se da el evento, sino en\u00a0los movimientos y las esperas previas y posteriores.\u00a0Tambi\u00e9n es consecuencia de la excitaci\u00f3n que crea el hecho de los gritos, de hablar en voz alta, de la relajaci\u00f3n, en definitiva, de las medidas que hacen m\u00e1s f\u00e1cil la transmisi\u00f3n.\u00a0No les basta con lo que produjeron el 8-M del a\u00f1o pasado, cuando la mitad de las ministras del gobierno quedaron embadurnadas en la manifestaci\u00f3n de Madrid. Quieren m\u00e1s. Por si fuera poco, la ministra Irene Monter, acusa de querer criminalizar la manifestaci\u00f3n.\u00a0Para ella todo aquel que discrepa de sus actos e ideas es un criminalizador.\u00a0Es una extra\u00f1a manera de entender el debate pol\u00edtico que hace muy dif\u00edcil el funcionamiento de la democracia, porque ya me dir\u00e1s como \u00e9sta puede funcionar si los que te llevan la contraria son unos criminalizadores. Naturalmente, en este paquete van todos los cient\u00edficos que coinciden en que este tipo de evento no se debe producir y no porque sea feminista, sino porque concentra personas. Cuando la Iglesia acepta pasivamente las limitaciones, en muchos casos fuera de lugar por su exigencia en sus actos, que constituyen un derecho constitucional, no vemos por qu\u00e9 las manifestaciones de otra \u00edndole, por muy constitucionales que sean, no deben restringirse tambi\u00e9n, a no ser que los gobiernos funcionen con dos varas de medir diferentes. Incluso el\u00a0Dr. Sim\u00f3n\u00a0, siempre complaciente con el poder, ha rectificado y ya no bendice que se produzcan concentraciones para la manifestaci\u00f3n. A pesar de todo ello, los colectivos feministas animan a no quedarse en casa y lanzan el eslogan de \u00bb\u00a0Yo me quedo en casa \u00ab. El gobierno espa\u00f1ol, seguramente tambi\u00e9n el de la Generalitat, formular\u00e1 una declaraci\u00f3n institucional con motivo de este d\u00eda, que se ha convertido en una pieza central de la ideolog\u00eda del estado. Ser\u00e1 interesante ver qu\u00e9 dice. Lo m\u00e1s interesante de todo es que este d\u00eda de la mujer, transformado por las feministas en acci\u00f3n reivindicativa, olvida de lleno la situaci\u00f3n dram\u00e1tica que atraviesan muchas mujeres en su trabajo. Es el caso de las trabajadoras de hotel, o de las mujeres embarazadas que trabajan, o de las madres. Es un feminismo de la selecci\u00f3n que nunca, por ejemplo, ha planteado nada en relaci\u00f3n con las viudas que reciben pensiones que est\u00e1n por debajo del umbral de la pobreza. Este feminismo caviar, que\u00a0tiene poco que ver con las necesidades sociales de las mujeres, ha deformado profundamente la legislaci\u00f3n de este pa\u00eds. Un \u00faltimo caso lo hace patente: lograron que no hubiera restricciones en la fecundaci\u00f3n asistida, sobre todo pensando en las mujeres que viv\u00edan solas y las lesbianas. El resultado de todo esto es que las criaturas engendradas se han convertido, en algunos casos, en una especie de juguete de la progenitora y con resultados en ocasiones dram\u00e1ticos, como el que ahora ha saltado a la luz p\u00fablica por la sentencia del Supremo que retira los gemelos, que ahora ya tienen 4 a\u00f1os, a una mujer que los dio a luz cuando ten\u00eda 64 a\u00f1os. La fecundaci\u00f3n asistida inicialmente no era s\u00f3lo para satisfacer los deseos, sino tambi\u00e9n para proporcionar un hogar normal a los hijos infantados de esta manera, pero la falta de restricciones impuesta por el feminismo ha comportado anomal\u00edas como esta \u00faltima."}

2.000 manifestantes en el Paseo de Gracia, eso para empezar, además de los que se puedan concentrar en Madrid y otras poblaciones. ¿Cómo debemos conceptuar esta visión que tienen de la responsabilidad y la solidaridad estos grupos y personas que se creen con derecho a pasarse por el forro la prevención ante los contagios de la pandemia? Cuando las autoridades quieren mantener el cierre durante la Semana Santa (y mira que faltan días), cuando hostelería, comercios, grandes superficies y hoteles y tuti cuanti sufren restricciones muy duras que los abocan al cierre, cuando todo ello justificado en nombre de salvar el verano por parte de los poderes públicos, las feministas gubernamentales (Léase PSOE, ECP, Podemos, ERC) se empeñan en salir a la calle como si no hubiera otras fórmulas de hacer oír su voz. Otros grupos que han querido manifestarse lo han hecho, por ejemplo, utilizando los coches que es una medida mucho más prudente. Y es que el problema de la concentración no se produce sólo cuando se da el evento, sino en los movimientos y las esperas previas y posteriores. También es consecuencia de la excitación que crea el hecho de los gritos, de hablar en voz alta, de la relajación, en definitiva, de las medidas que hacen más fácil la transmisión. No les basta con lo que produjeron el 8-M del año pasado, cuando la mitad de las ministras del gobierno quedaron embadurnadas en la manifestación de Madrid. Quieren más. Por si fuera poco, la ministra Irene Monter, acusa de querer criminalizar la manifestación. Para ella todo aquel que discrepa de sus actos e ideas es un criminalizador. Es una extraña manera de entender el debate político que hace muy difícil el funcionamiento de la democracia, porque ya me dirás como ésta puede funcionar si los que te llevan la contraria son unos criminalizadores. Naturalmente, en este paquete van todos los científicos que coinciden en que este tipo de evento no se debe producir y no porque sea feminista, sino porque concentra personas. Cuando la Iglesia acepta pasivamente las limitaciones, en muchos casos fuera de lugar por su exigencia en sus actos, que constituyen un derecho constitucional, no vemos por qué las manifestaciones de otra índole, por muy constitucionales que sean, no deben restringirse también, a no ser que los gobiernos funcionen con dos varas de medir diferentes. Incluso el Dr. Simón , siempre complaciente con el poder, ha rectificado y ya no bendice que se produzcan concentraciones para la manifestación. A pesar de todo ello, los colectivos feministas animan a no quedarse en casa y lanzan el eslogan de » Yo me quedo en casa «. El gobierno español, seguramente también el de la Generalitat, formulará una declaración institucional con motivo de este día, que se ha convertido en una pieza central de la ideología del estado. Será interesante ver qué dice. Lo más interesante de todo es que este día de la mujer, transformado por las feministas en acción reivindicativa, olvida de lleno la situación dramática que atraviesan muchas mujeres en su trabajo. Es el caso de las trabajadoras de hotel, o de las mujeres embarazadas que trabajan, o de las madres. Es un feminismo de la selección que nunca, por ejemplo, ha planteado nada en relación con las viudas que reciben pensiones que están por debajo del umbral de la pobreza. Este feminismo caviar, que tiene poco que ver con las necesidades sociales de las mujeres, ha deformado profundamente la legislación de este país. Un último caso lo hace patente: lograron que no hubiera restricciones en la fecundación asistida, sobre todo pensando en las mujeres que vivían solas y las lesbianas. El resultado de todo esto es que las criaturas engendradas se han convertido, en algunos casos, en una especie de juguete de la progenitora y con resultados en ocasiones dramáticos, como el que ahora ha saltado a la luz pública por la sentencia del Supremo que retira los gemelos, que ahora ya tienen 4 años, a una mujer que los dio a luz cuando tenía 64 años. La fecundación asistida inicialmente no era sólo para satisfacer los deseos, sino también para proporcionar un hogar normal a los hijos infantados de esta manera, pero la falta de restricciones impuesta por el feminismo ha comportado anomalías como esta última.
