{"version":"1.0","provider_name":"Converses a Catalunya","provider_url":"https:\/\/conversesacatalunya.cat\/es\/","title":"Las 7 crisis de nuestra sociedad - Converses a Catalunya","type":"rich","width":600,"height":338,"html":"<blockquote class=\"wp-embedded-content\" data-secret=\"UartMWu3pX\"><a href=\"https:\/\/conversesacatalunya.cat\/es\/las-7-crisis-de-nuestra-sociedad\/\">Las 7 crisis de nuestra sociedad<\/a><\/blockquote><iframe sandbox=\"allow-scripts\" security=\"restricted\" src=\"https:\/\/conversesacatalunya.cat\/es\/las-7-crisis-de-nuestra-sociedad\/embed\/#?secret=UartMWu3pX\" width=\"600\" height=\"338\" title=\"\u00abLas 7 crisis de nuestra sociedad\u00bb \u2014 Converses a Catalunya\" data-secret=\"UartMWu3pX\" frameborder=\"0\" marginwidth=\"0\" marginheight=\"0\" scrolling=\"no\" class=\"wp-embedded-content\"><\/iframe><script>\n\/*! This file is auto-generated *\/\n!function(d,l){\"use strict\";l.querySelector&&d.addEventListener&&\"undefined\"!=typeof URL&&(d.wp=d.wp||{},d.wp.receiveEmbedMessage||(d.wp.receiveEmbedMessage=function(e){var t=e.data;if((t||t.secret||t.message||t.value)&&!\/[^a-zA-Z0-9]\/.test(t.secret)){for(var s,r,n,a=l.querySelectorAll('iframe[data-secret=\"'+t.secret+'\"]'),o=l.querySelectorAll('blockquote[data-secret=\"'+t.secret+'\"]'),c=new RegExp(\"^https?:$\",\"i\"),i=0;i<o.length;i++)o[i].style.display=\"none\";for(i=0;i<a.length;i++)s=a[i],e.source===s.contentWindow&&(s.removeAttribute(\"style\"),\"height\"===t.message?(1e3<(r=parseInt(t.value,10))?r=1e3:~~r<200&&(r=200),s.height=r):\"link\"===t.message&&(r=new URL(s.getAttribute(\"src\")),n=new URL(t.value),c.test(n.protocol))&&n.host===r.host&&l.activeElement===s&&(d.top.location.href=t.value))}},d.addEventListener(\"message\",d.wp.receiveEmbedMessage,!1),l.addEventListener(\"DOMContentLoaded\",function(){for(var e,t,s=l.querySelectorAll(\"iframe.wp-embedded-content\"),r=0;r<s.length;r++)(t=(e=s[r]).getAttribute(\"data-secret\"))||(t=Math.random().toString(36).substring(2,12),e.src+=\"#?secret=\"+t,e.setAttribute(\"data-secret\",t)),e.contentWindow.postMessage({message:\"ready\",secret:t},\"*\")},!1)))}(window,document);\n<\/script>\n","thumbnail_url":"https:\/\/conversesacatalunya.cat\/wp-content\/uploads\/2020\/10\/crisis-sociedad.png","thumbnail_width":866,"thumbnail_height":415,"description":"S\u00ed, siete crisis porque este es su n\u00famero concreto, y tambi\u00e9n porque en realidad sus ramificaciones y enlaces constituyen una inmensa crisis, que el significado de totalidad que posee el numero siete en la tradici\u00f3n b\u00edblica, expresa bien. Crisis institucional. Ataques a la monarqu\u00eda constitucional desde el propio gobierno, con la expl\u00edcita voluntad de derrocarla y proclamar una rep\u00fablica que, en buena medida y a tenor de otras declaraciones y el sentido de la memoria hist\u00f3rica que utilizan, vendr\u00eda a ser una continuaci\u00f3n de la de 1934. Incapacidad para renovar instituciones b\u00e1sicas como el CGPJ y TC, y a partir de ah\u00ed un intento muy grave de alterar el relativo equilibrio -pero equilibrio, a fin de cuentas- de poderes eligiendo, la mayor\u00eda que gobierna, los miembros del poder judicial. Una justicia en manos del gobierno, que ya comenz\u00f3 con la politizaci\u00f3n partidista de la Fiscal General. Un funcionamiento pr\u00e1ctico y escenogr\u00e1fico en el que el jefe del gobierno se ha convertido en una especie de presidente de la rep\u00fablica, puesto que los diputados de la mayor\u00eda son un simple ap\u00e9ndice suyo en raz\u00f3n de los mecanismos de la ley electoral con listas cerradas y bloqueadas, as\u00ed como los \u00f3rganos te\u00f3ricamente independientes del gobierno y el uso abusivo del decreto ley. En Espa\u00f1a nunca hay crisis ministeriales porque los ministros son simples subalternos y no figuras pol\u00edticas, al igual que la presidencia del Congreso y Senado que tambi\u00e9n dependen de la elecci\u00f3n del presidente del gobierno. Falta toda una generaci\u00f3n de pol\u00edticos mayores de 60 a\u00f1os que simplemente han sido cancelados. Crisis pol\u00edtica. De representatividad, de listas cerradas y bloqueadas, de credibilidad, de confianza, los tres atributos b\u00e1sicos de un sistema democr\u00e1tico. Crisis de utilidad de la democracia, que se muestra ineficaz para abordar los problemas cuando se presume que es el mejor m\u00e9todo desde la Grecia antigua. Todo ello en combinaci\u00f3n con la pandemia y la crisis econ\u00f3mica que lleva a Espa\u00f1a a convertirse en un estado fallido si esta din\u00e1mica no ceja. Crisis de las administraciones p\u00fablicas. No funcionan, con excepci\u00f3n de algunos servicios como la polic\u00eda y la hacienda. Pero la tramitaci\u00f3n de todo tipo de expedientes esta sobrepasada, como la sanidad; las universidades desorganizadas, si bien la ense\u00f1anza primaria parece soportar bien la excepcionalidad. La acumulaci\u00f3n de casos en la justicia es m\u00e1s abrumador de lo que ya era, y sobre todo no existe una planificaci\u00f3n y coordinacion m\u00ednima entre el gobierno y las comunidades aut\u00f3nomas para afrontar la COVID 19. Crisis econ\u00f3mica y social. La peor ca\u00edda del PIB desde el fin de la Guerra Civil, y las peores perspectivas de recuperaci\u00f3n de toda Europa. Una sola referencia: de acuerdo con la \u00faltima previsi\u00f3n del FMI el d\u00e9ficit para este a\u00f1o ser\u00e1 de 155.000 millones, m\u00e1s que los 140.000 millones de los fondos europeos que hemos de recibir a partir del a\u00f1o pr\u00f3ximo en diversas anualidades. Un crecimiento extraordinario de la pobreza, las personas sin hogar, el paro, y tambi\u00e9n de sus peores manifestaciones, el cr\u00f3nico y el juvenil, as\u00ed como un aumento de la desigualdad. Todo ello se une a los da\u00f1os, no totalmente revertidos, de la gran crisis iniciada en 2008. Tambi\u00e9n una estructura econ\u00f3mica que se revela como fr\u00e1gil y deficiente por el peso de actividades de baja tecnolog\u00eda y productividad, como el turismo, y una insuficiente importancia de la I+D+i y de su transferencia empresarial, adem\u00e1s de un sistema educativo que obtiene de los peores resultados de Europa en t\u00e9rminos de abandono y fracaso escolar, y j\u00f3venes que ni estudian ni trabajan Crisis moral. La pol\u00edtica, que debe procurar el bien com\u00fan y debe basarse en el reconocimiento del otro, el consenso y el ejercicio p\u00fablico de las virtudes, se ha convertido en una pelea continua donde solo rige la descalificaci\u00f3n y el insulto. Adem\u00e1s, impera un supremacismo ideol\u00f3gico por parte de las ideolog\u00edas oficiales, la cancelaci\u00f3n de otras concepciones, una memoria hist\u00f3rica que persigue contemplar la guerra civil como una contienda entre \u201cbuenos y malos\u201d, en lugar de un desastre fratricida que la reconciliaci\u00f3n de la Transici\u00f3n consigui\u00f3 superar. Hoy existe en la pol\u00edtica una gran dificultad para identificar el bien y servir a la verdad, y ser justos. Crisis antropol\u00f3gica del ser hombre y ser mujer expresada por la perspectiva de g\u00e9nero en su desarrollo de las identidades de g\u00e9nero que incluso ya divide y enfrenta a sus seguidores: feministas y defensores de las identidades LGBTI. La familia est\u00e1 abandonada de las pol\u00edticas p\u00fablicas, y la maternidad cada vez es abordada en t\u00e9rminos m\u00e1s peyorativos por los seguidores de la cultura oficial. Pero sin hombres y mujeres, esposas y esposos, madres y padres, la sociedad y la econom\u00eda son inviables. Crisis religiosa. Existe una pr\u00e1ctica de cancelaci\u00f3n cristiana en Espa\u00f1a, y de su exclusi\u00f3n cultural. La laxitud moderna convierte pecados en virtudes. \u201c\u00bfPecados, a que viene el uso de tal expresi\u00f3n en el debate p\u00fablico; es una categor\u00eda religiosa?\u201d Cierto, lo es, pero su significado todav\u00eda es claro para todos, y en cualquier caso me acojo a uno de los criterios de J\u00fcrgen Habermas: los ciudadanos secularizados ni pueden negar en principio a las cosmovisiones religiosas un potencial de verdad, ni tampoco pueden discutir a sus conciudadanos creyentes el derecho a hacer contribuciones en su lenguaje religioso a las discusiones p\u00fablicas. Pues eso. Los cristianos en el marco constitucional tenemos el derecho y el deber de participar con nuestra concepci\u00f3n en la vida p\u00fablica, y ser respetados debido a la l\u00f3gica democracia porque, contin\u00fao con Habermas: las cosmovisiones naturalistas que se deben a una elaboraci\u00f3n especulativa de informaciones cient\u00edficas de ninguna manera gozan prima facie de ning\u00fan privilegio frente a las concepciones de tipo religioso que est\u00e1n en competencia con ellas ."}

Sí, siete crisis porque este es su número concreto, y también porque en realidad sus ramificaciones y enlaces constituyen una inmensa crisis, que el significado de totalidad que posee el numero siete en la tradición bíblica, expresa bien. Crisis institucional. Ataques a la monarquía constitucional desde el propio gobierno, con la explícita voluntad de derrocarla y proclamar una república que, en buena medida y a tenor de otras declaraciones y el sentido de la memoria histórica que utilizan, vendría a ser una continuación de la de 1934. Incapacidad para renovar instituciones básicas como el CGPJ y TC, y a partir de ahí un intento muy grave de alterar el relativo equilibrio -pero equilibrio, a fin de cuentas- de poderes eligiendo, la mayoría que gobierna, los miembros del poder judicial. Una justicia en manos del gobierno, que ya comenzó con la politización partidista de la Fiscal General. Un funcionamiento práctico y escenográfico en el que el jefe del gobierno se ha convertido en una especie de presidente de la república, puesto que los diputados de la mayoría son un simple apéndice suyo en razón de los mecanismos de la ley electoral con listas cerradas y bloqueadas, así como los órganos teóricamente independientes del gobierno y el uso abusivo del decreto ley. En España nunca hay crisis ministeriales porque los ministros son simples subalternos y no figuras políticas, al igual que la presidencia del Congreso y Senado que también dependen de la elección del presidente del gobierno. Falta toda una generación de políticos mayores de 60 años que simplemente han sido cancelados. Crisis política. De representatividad, de listas cerradas y bloqueadas, de credibilidad, de confianza, los tres atributos básicos de un sistema democrático. Crisis de utilidad de la democracia, que se muestra ineficaz para abordar los problemas cuando se presume que es el mejor método desde la Grecia antigua. Todo ello en combinación con la pandemia y la crisis económica que lleva a España a convertirse en un estado fallido si esta dinámica no ceja. Crisis de las administraciones públicas. No funcionan, con excepción de algunos servicios como la policía y la hacienda. Pero la tramitación de todo tipo de expedientes esta sobrepasada, como la sanidad; las universidades desorganizadas, si bien la enseñanza primaria parece soportar bien la excepcionalidad. La acumulación de casos en la justicia es más abrumador de lo que ya era, y sobre todo no existe una planificación y coordinacion mínima entre el gobierno y las comunidades autónomas para afrontar la COVID 19. Crisis económica y social. La peor caída del PIB desde el fin de la Guerra Civil, y las peores perspectivas de recuperación de toda Europa. Una sola referencia: de acuerdo con la última previsión del FMI el déficit para este año será de 155.000 millones, más que los 140.000 millones de los fondos europeos que hemos de recibir a partir del año próximo en diversas anualidades. Un crecimiento extraordinario de la pobreza, las personas sin hogar, el paro, y también de sus peores manifestaciones, el crónico y el juvenil, así como un aumento de la desigualdad. Todo ello se une a los daños, no totalmente revertidos, de la gran crisis iniciada en 2008. También una estructura económica que se revela como frágil y deficiente por el peso de actividades de baja tecnología y productividad, como el turismo, y una insuficiente importancia de la I+D+i y de su transferencia empresarial, además de un sistema educativo que obtiene de los peores resultados de Europa en términos de abandono y fracaso escolar, y jóvenes que ni estudian ni trabajan Crisis moral. La política, que debe procurar el bien común y debe basarse en el reconocimiento del otro, el consenso y el ejercicio público de las virtudes, se ha convertido en una pelea continua donde solo rige la descalificación y el insulto. Además, impera un supremacismo ideológico por parte de las ideologías oficiales, la cancelación de otras concepciones, una memoria histórica que persigue contemplar la guerra civil como una contienda entre “buenos y malos”, en lugar de un desastre fratricida que la reconciliación de la Transición consiguió superar. Hoy existe en la política una gran dificultad para identificar el bien y servir a la verdad, y ser justos. Crisis antropológica del ser hombre y ser mujer expresada por la perspectiva de género en su desarrollo de las identidades de género que incluso ya divide y enfrenta a sus seguidores: feministas y defensores de las identidades LGBTI. La familia está abandonada de las políticas públicas, y la maternidad cada vez es abordada en términos más peyorativos por los seguidores de la cultura oficial. Pero sin hombres y mujeres, esposas y esposos, madres y padres, la sociedad y la economía son inviables. Crisis religiosa. Existe una práctica de cancelación cristiana en España, y de su exclusión cultural. La laxitud moderna convierte pecados en virtudes. “¿Pecados, a que viene el uso de tal expresión en el debate público; es una categoría religiosa?” Cierto, lo es, pero su significado todavía es claro para todos, y en cualquier caso me acojo a uno de los criterios de Jürgen Habermas: los ciudadanos secularizados ni pueden negar en principio a las cosmovisiones religiosas un potencial de verdad, ni tampoco pueden discutir a sus conciudadanos creyentes el derecho a hacer contribuciones en su lenguaje religioso a las discusiones públicas. Pues eso. Los cristianos en el marco constitucional tenemos el derecho y el deber de participar con nuestra concepción en la vida pública, y ser respetados debido a la lógica democracia porque, continúo con Habermas: las cosmovisiones naturalistas que se deben a una elaboración especulativa de informaciones científicas de ninguna manera gozan prima facie de ningún privilegio frente a las concepciones de tipo religioso que están en competencia con ellas .
