{"version":"1.0","provider_name":"Converses a Catalunya","provider_url":"https:\/\/conversesacatalunya.cat\/es\/","title":"La justicia sigue de actualidad pol\u00edtica en Catalu\u00f1a - Converses a Catalunya","type":"rich","width":600,"height":338,"html":"<blockquote class=\"wp-embedded-content\" data-secret=\"H6No5ni8h4\"><a href=\"https:\/\/conversesacatalunya.cat\/es\/la-justicia-sigue-de-actualidad-politica-en-cataluna\/\">La justicia sigue de actualidad pol\u00edtica en Catalu\u00f1a<\/a><\/blockquote><iframe sandbox=\"allow-scripts\" security=\"restricted\" src=\"https:\/\/conversesacatalunya.cat\/es\/la-justicia-sigue-de-actualidad-politica-en-cataluna\/embed\/#?secret=H6No5ni8h4\" width=\"600\" height=\"338\" title=\"\u00abLa justicia sigue de actualidad pol\u00edtica en Catalu\u00f1a\u00bb \u2014 Converses a Catalunya\" data-secret=\"H6No5ni8h4\" frameborder=\"0\" marginwidth=\"0\" marginheight=\"0\" scrolling=\"no\" class=\"wp-embedded-content\"><\/iframe><script>\n\/*! This file is auto-generated *\/\n!function(d,l){\"use strict\";l.querySelector&&d.addEventListener&&\"undefined\"!=typeof URL&&(d.wp=d.wp||{},d.wp.receiveEmbedMessage||(d.wp.receiveEmbedMessage=function(e){var t=e.data;if((t||t.secret||t.message||t.value)&&!\/[^a-zA-Z0-9]\/.test(t.secret)){for(var s,r,n,a=l.querySelectorAll('iframe[data-secret=\"'+t.secret+'\"]'),o=l.querySelectorAll('blockquote[data-secret=\"'+t.secret+'\"]'),c=new RegExp(\"^https?:$\",\"i\"),i=0;i<o.length;i++)o[i].style.display=\"none\";for(i=0;i<a.length;i++)s=a[i],e.source===s.contentWindow&&(s.removeAttribute(\"style\"),\"height\"===t.message?(1e3<(r=parseInt(t.value,10))?r=1e3:~~r<200&&(r=200),s.height=r):\"link\"===t.message&&(r=new URL(s.getAttribute(\"src\")),n=new URL(t.value),c.test(n.protocol))&&n.host===r.host&&l.activeElement===s&&(d.top.location.href=t.value))}},d.addEventListener(\"message\",d.wp.receiveEmbedMessage,!1),l.addEventListener(\"DOMContentLoaded\",function(){for(var e,t,s=l.querySelectorAll(\"iframe.wp-embedded-content\"),r=0;r<s.length;r++)(t=(e=s[r]).getAttribute(\"data-secret\"))||(t=Math.random().toString(36).substring(2,12),e.src+=\"#?secret=\"+t,e.setAttribute(\"data-secret\",t)),e.contentWindow.postMessage({message:\"ready\",secret:t},\"*\")},!1)))}(window,document);\n<\/script>\n","thumbnail_url":"https:\/\/conversesacatalunya.cat\/wp-content\/uploads\/2020\/10\/justicia-catalunya.jpg","thumbnail_width":600,"thumbnail_height":320,"description":"La justicia contin\u00faa incidiendo en la vida pol\u00edtica catalana y adem\u00e1s lo hace desde \u00e1mbitos muy diversos. S\u00f3lo en este inicio de semana se han producido tres hechos que tienen singular importancia pol\u00edtica. Uno de ellos es la condena a la Mesa del Parlamento de la \u00e9poca de Carmen Forcadell, formada por Llu\u00eds Corominas, Llu\u00eds Guin\u00f3, Ramona Barrufet y Anna Sim\u00f3 que han sido condenados a inhabilitaci\u00f3n y a abonar cada uno una multa de 300.000 euros y a pagar una d\u00e9cima parte de los costes del proceso judicial. Esta sentencia es consecuencia de no haber atendido el requerimiento del Tribunal Constitucional en relaci\u00f3n con el orden del d\u00eda del Parlamento que signific\u00f3 permitir la tramitaci\u00f3n parlamentaria de las leyes de desconexi\u00f3n. Se producen dos circunstancias que pueden considerarse parad\u00f3jicas. Por un lado, la diferencia con respecto a la pena entre los miembros de la Mesa y Carme Forcadell, que como presidenta ha sido condenada a pena de c\u00e1rcel. Pero tambi\u00e9n se produce la curiosa situaci\u00f3n de Mireia Boya de la CUP que fue la inductora de este orden del d\u00eda que ahora tiene un coste importante para los miembros de la Mesa, porque fue ella quien present\u00f3 la iniciativa parlamentaria y que ha sido absuelta porque no forma parte de la Mesa y no fue advertida nominalmente por el TC. El partido m\u00e1s radical del Parlamento en el \u00e1mbito independentista es el \u00fanico que no tiene personas condenadas. A Soroti ylas. El segundo hecho tiene como origen el mismo conflicto que se produjo en 2017 pero con una perspectiva muy diferente y afecta el PSC, es decir el partido que forma parte del gobierno de Espa\u00f1a en este momento. Se trata de la petici\u00f3n de c\u00e1rcel a dos concejales de este partido de Pineda de Mar, as\u00ed como al jefe de la polic\u00eda local, Carles Santacreu. Los concejales son Jordi Masnou, actualmente teniente de alcalde, y Carme Aragon\u00e9s que entonces ostentaba este cargo. Est\u00e1n acusados \u200b\u200bde haber presionado y amenazado al director del hotel de la cadena Checkin que echara al contingente de polic\u00edas que estaban instalados en los dos hoteles de esta cadena en Pineda de Mar. Los responsables de estos hoteles cursaron un mensaje al director general de la cadena en el que informaban que el Ayuntamiento de Pineda de Mar amenazaba con cerrar los hoteles durante 5 a\u00f1os si no desalojaban el contingente de polic\u00edas nacionales. Hay que recordar que entonces gobernaba el PP y los socialistas eran una fuerza de oposici\u00f3n. Ahora se encuentran con este doble hecho tan desagradable, tener responsables pol\u00edticos acusados \u200b\u200bde amenazas para conseguir que la Polic\u00eda Nacional fuera expulsada siguiendo en este sentido las consignas del independentismo. La tercera cuesti\u00f3n afecta nada menos que a Artur Mas dado que con su declaraci\u00f3n judicial, quien fue tesorero durante muchos a\u00f1os de CDC, Daniel Os\u00e1car, ha dado un giro en su actitud y manifest\u00f3 que era dif\u00edcil que Mas no conociera la financiaci\u00f3n irregular del partido, es decir, el famoso 3%. Este hecho se produce por primera vez y afecta tambi\u00e9n a Germ\u00e0 Gord\u00f3 que entonces era gerente del partido, y puede a\u00f1adir dramatismo a la causa si realmente Mas acaba vi\u00e9ndose directamente implicado. Esta declaraci\u00f3n llega despu\u00e9s de que Os\u00e1car pactara con la fiscal\u00eda. Las declaraciones de Os\u00e1car avalan la tesis del juez Jos\u00e9 de la Mata sobre el sistema de blanqueo de ingresos irregulares en el que se basa el procedimiento."}

La justicia sigue de actualidad política en Cataluña - Converses a Catalunya

<blockquote class="wp-embedded-content" data-secret="H6No5ni8h4"><a href="https://conversesacatalunya.cat/es/la-justicia-sigue-de-actualidad-politica-en-cataluna/">La justicia sigue de actualidad política en Cataluña</a></blockquote><iframe sandbox="allow-scripts" security="restricted" src="https://conversesacatalunya.cat/es/la-justicia-sigue-de-actualidad-politica-en-cataluna/embed/#?secret=H6No5ni8h4" width="600" height="338" title="«La justicia sigue de actualidad política en Cataluña» — Converses a Catalunya" data-secret="H6No5ni8h4" frameborder="0" marginwidth="0" marginheight="0" scrolling="no" class="wp-embedded-content"></iframe><script>
/*! This file is auto-generated */
!function(d,l){"use strict";l.querySelector&&d.addEventListener&&"undefined"!=typeof URL&&(d.wp=d.wp||{},d.wp.receiveEmbedMessage||(d.wp.receiveEmbedMessage=function(e){var t=e.data;if((t||t.secret||t.message||t.value)&&!/[^a-zA-Z0-9]/.test(t.secret)){for(var s,r,n,a=l.querySelectorAll('iframe[data-secret="'+t.secret+'"]'),o=l.querySelectorAll('blockquote[data-secret="'+t.secret+'"]'),c=new RegExp("^https?:$","i"),i=0;i<o.length;i++)o[i].style.display="none";for(i=0;i<a.length;i++)s=a[i],e.source===s.contentWindow&&(s.removeAttribute("style"),"height"===t.message?(1e3<(r=parseInt(t.value,10))?r=1e3:~~r<200&&(r=200),s.height=r):"link"===t.message&&(r=new URL(s.getAttribute("src")),n=new URL(t.value),c.test(n.protocol))&&n.host===r.host&&l.activeElement===s&&(d.top.location.href=t.value))}},d.addEventListener("message",d.wp.receiveEmbedMessage,!1),l.addEventListener("DOMContentLoaded",function(){for(var e,t,s=l.querySelectorAll("iframe.wp-embedded-content"),r=0;r<s.length;r++)(t=(e=s[r]).getAttribute("data-secret"))||(t=Math.random().toString(36).substring(2,12),e.src+="#?secret="+t,e.setAttribute("data-secret",t)),e.contentWindow.postMessage({message:"ready",secret:t},"*")},!1)))}(window,document);
</script>

La justicia continúa incidiendo en la vida política catalana y además lo hace desde ámbitos muy diversos. Sólo en este inicio de semana se han producido tres hechos que tienen singular importancia política. Uno de ellos es la condena a la Mesa del Parlamento de la época de Carmen Forcadell, formada por Lluís Corominas, Lluís Guinó, Ramona Barrufet y Anna Simó que han sido condenados a inhabilitación y a abonar cada uno una multa de 300.000 euros y a pagar una décima parte de los costes del proceso judicial. Esta sentencia es consecuencia de no haber atendido el requerimiento del Tribunal Constitucional en relación con el orden del día del Parlamento que significó permitir la tramitación parlamentaria de las leyes de desconexión. Se producen dos circunstancias que pueden considerarse paradójicas. Por un lado, la diferencia con respecto a la pena entre los miembros de la Mesa y Carme Forcadell, que como presidenta ha sido condenada a pena de cárcel. Pero también se produce la curiosa situación de Mireia Boya de la CUP que fue la inductora de este orden del día que ahora tiene un coste importante para los miembros de la Mesa, porque fue ella quien presentó la iniciativa parlamentaria y que ha sido absuelta porque no forma parte de la Mesa y no fue advertida nominalmente por el TC. El partido más radical del Parlamento en el ámbito independentista es el único que no tiene personas condenadas. A Soroti ylas. El segundo hecho tiene como origen el mismo conflicto que se produjo en 2017 pero con una perspectiva muy diferente y afecta el PSC, es decir el partido que forma parte del gobierno de España en este momento. Se trata de la petición de cárcel a dos concejales de este partido de Pineda de Mar, así como al jefe de la policía local, Carles Santacreu. Los concejales son Jordi Masnou, actualmente teniente de alcalde, y Carme Aragonés que entonces ostentaba este cargo. Están acusados ​​de haber presionado y amenazado al director del hotel de la cadena Checkin que echara al contingente de policías que estaban instalados en los dos hoteles de esta cadena en Pineda de Mar. Los responsables de estos hoteles cursaron un mensaje al director general de la cadena en el que informaban que el Ayuntamiento de Pineda de Mar amenazaba con cerrar los hoteles durante 5 años si no desalojaban el contingente de policías nacionales. Hay que recordar que entonces gobernaba el PP y los socialistas eran una fuerza de oposición. Ahora se encuentran con este doble hecho tan desagradable, tener responsables políticos acusados ​​de amenazas para conseguir que la Policía Nacional fuera expulsada siguiendo en este sentido las consignas del independentismo. La tercera cuestión afecta nada menos que a Artur Mas dado que con su declaración judicial, quien fue tesorero durante muchos años de CDC, Daniel Osácar, ha dado un giro en su actitud y manifestó que era difícil que Mas no conociera la financiación irregular del partido, es decir, el famoso 3%. Este hecho se produce por primera vez y afecta también a Germà Gordó que entonces era gerente del partido, y puede añadir dramatismo a la causa si realmente Mas acaba viéndose directamente implicado. Esta declaración llega después de que Osácar pactara con la fiscalía. Las declaraciones de Osácar avalan la tesis del juez José de la Mata sobre el sistema de blanqueo de ingresos irregulares en el que se basa el procedimiento.
