{"version":"1.0","provider_name":"Converses a Catalunya","provider_url":"https:\/\/conversesacatalunya.cat\/es\/","title":"La gesti\u00f3n pol\u00edtica del COVID-19 - Converses a Catalunya","type":"rich","width":600,"height":338,"html":"<blockquote class=\"wp-embedded-content\" data-secret=\"gGNlCxAPzA\"><a href=\"https:\/\/conversesacatalunya.cat\/es\/la-gestion-politica-del-covid-19\/\">La gesti\u00f3n pol\u00edtica del COVID-19<\/a><\/blockquote><iframe sandbox=\"allow-scripts\" security=\"restricted\" src=\"https:\/\/conversesacatalunya.cat\/es\/la-gestion-politica-del-covid-19\/embed\/#?secret=gGNlCxAPzA\" width=\"600\" height=\"338\" title=\"\u00abLa gesti\u00f3n pol\u00edtica del COVID-19\u00bb \u2014 Converses a Catalunya\" data-secret=\"gGNlCxAPzA\" frameborder=\"0\" marginwidth=\"0\" marginheight=\"0\" scrolling=\"no\" class=\"wp-embedded-content\"><\/iframe><script>\n\/*! This file is auto-generated *\/\n!function(d,l){\"use strict\";l.querySelector&&d.addEventListener&&\"undefined\"!=typeof URL&&(d.wp=d.wp||{},d.wp.receiveEmbedMessage||(d.wp.receiveEmbedMessage=function(e){var t=e.data;if((t||t.secret||t.message||t.value)&&!\/[^a-zA-Z0-9]\/.test(t.secret)){for(var s,r,n,a=l.querySelectorAll('iframe[data-secret=\"'+t.secret+'\"]'),o=l.querySelectorAll('blockquote[data-secret=\"'+t.secret+'\"]'),c=new RegExp(\"^https?:$\",\"i\"),i=0;i<o.length;i++)o[i].style.display=\"none\";for(i=0;i<a.length;i++)s=a[i],e.source===s.contentWindow&&(s.removeAttribute(\"style\"),\"height\"===t.message?(1e3<(r=parseInt(t.value,10))?r=1e3:~~r<200&&(r=200),s.height=r):\"link\"===t.message&&(r=new URL(s.getAttribute(\"src\")),n=new URL(t.value),c.test(n.protocol))&&n.host===r.host&&l.activeElement===s&&(d.top.location.href=t.value))}},d.addEventListener(\"message\",d.wp.receiveEmbedMessage,!1),l.addEventListener(\"DOMContentLoaded\",function(){for(var e,t,s=l.querySelectorAll(\"iframe.wp-embedded-content\"),r=0;r<s.length;r++)(t=(e=s[r]).getAttribute(\"data-secret\"))||(t=Math.random().toString(36).substring(2,12),e.src+=\"#?secret=\"+t,e.setAttribute(\"data-secret\",t)),e.contentWindow.postMessage({message:\"ready\",secret:t},\"*\")},!1)))}(window,document);\n<\/script>\n","thumbnail_url":"https:\/\/conversesacatalunya.cat\/wp-content\/uploads\/2020\/04\/Illa.jpg","thumbnail_width":768,"thumbnail_height":512,"description":"Tras el arranque en pendiente vertical y del per\u00edodo de desaceleraci\u00f3n, ahora esperamos que la curva de crecimiento de infectados por la Covid-19 se estanque (durante 10 o 15 d\u00edas seg\u00fan la experiencia de China e Italia), y luego comience a bajar.\u00a0El freno del crecimiento y el descenso del n\u00famero diario de muertes ser\u00e1n el resultado de las medidas que se empezaron a tomar a mediados de marzo.\u00a0Estas medidas se habr\u00edan podido adoptar antes si se hubiera hecho caso a los consejos de m\u00e9dicos especialistas como el doctor\u00a0Oriol Mitj\u00e0,\u00a0que a principios de febrero ya propon\u00eda la cancelaci\u00f3n del\u00a0Mobile Congress\u00a0de Barcelona, en un momento en que pr\u00e1cticamente todo el mundo la consideraba injustificada.\u00a0Mas adelante, los pol\u00edticos que hicieron caso a los cient\u00edficos, como el\u00a0Presidente Torra, acertaron mejor el diagn\u00f3stico de lo que hab\u00eda que hacerse. En palabras del doctor Oriol Mitj\u00e0 ha habido tres errores en la gesti\u00f3n del Covid-19:\u00a0primero,\u00a0una incapacidad para hacer previsiones;\u00a0segundo,\u00a0un error de comunicaci\u00f3n, que ha sido opaca y ha perjudicado a los gestores y planificadores sanitarios para poderse preparar y tomar decisiones antes de que llegara la crisis y no durante;\u00a0y\u00a0tercero,\u00a0las dudas a la hora de tomar decisiones cr\u00edticas, cuando hab\u00eda que ser taxativos y ejecutar los planes sin perder tiempo en reuniones y dubitaciones. Se debe hacer referencia tambi\u00e9n al grave error gubernamental de no querer suspender las manifestaciones y\u00a0concentraciones feministas del 8 de marzo,\u00a0a pesar de que en las fechas previas el gobierno ya ten\u00eda que tener suficientes indicios de los riesgos que aquellas supon\u00edan.\u00a0En este caso los gobernantes fallaron rotundamente en el orden de prioridades a seguir.\u00a0Ser\u00eda de agradecer un poco de autocr\u00edtica de los responsables pol\u00edticos en este punto.\u00a0Los gobiernos tienen la informaci\u00f3n, tienen los medios, y tienen el deber de ser previsores, y adoptar las medidas necesarias aunque estas de entrada sean impopulares.\u00a0Los ciudadanos somos lo suficientemente inteligentes para saber valorar y recompensar a los pol\u00edticos valientes que hacen lo que se debe hacer al margen de las encuestas y de las ondulaciones de la opini\u00f3n p\u00fablica. El gobierno espa\u00f1ol, que se otorg\u00f3 la m\u00e1xima responsabilidad en la gesti\u00f3n de la crisis, inicialmente dud\u00f3 sobre el orden de prioridades a seguir.\u00a0Despu\u00e9s adopt\u00f3 las medidas extremas que propon\u00edan los m\u00e9dicos, y parece que as\u00ed se habr\u00e1 podido amortiguar un colapso descomunal del sistema sanitario, y evitar muchas m\u00e1s muertes.\u00a0En este sentido, el informe del Imperial College de Londres de 30 de marzo sostiene que\u00a0las medidas de prevenci\u00f3n adoptadas en Espa\u00f1a habr\u00edan salvado la vida de 16.000 personas. Los presidentes del Reino Unido y de EEUU reaccionaron peor y m\u00e1s tarde, haciendo prevalecer criterios sin base cient\u00edfica o el superior inter\u00e9s de la econom\u00eda.\u00a0La primera respuesta del\u00a0gobierno brit\u00e1nico\u00a0a la pandemia era que hab\u00eda que dejar que\u00a0el virus fluyera de forma natural y generar inmunidad entre la poblaci\u00f3n.\u00a0Afortunadamente, los cient\u00edficos de sus respectivos pa\u00edses los han hecho rectificar. El impacto econ\u00f3mico ser\u00e1 m\u00e1s o menos grave en funci\u00f3n de la duraci\u00f3n de la frenada.\u00a0Con pol\u00edticas econ\u00f3micas acertadas y valientes, y\u00a0con un liderazgo pol\u00edtico fuerte, la situaci\u00f3n econ\u00f3mica se podr\u00e1 revertir.\u00a0Aunque habr\u00e1 los que en esta colada habr\u00e1n perdido unos cuantos s\u00e1banas Adem\u00e1s, el peque\u00f1o comercio, y los que habr\u00e1n aprovechado la crisis para crecer aun m\u00e1s r\u00e1pidamente, el comercio electr\u00f3nico. A partir de ahora estar\u00eda bien que los consumidores nos lo pens\u00e1ramos dos veces antes de hacer una compra electr\u00f3nica por pura comodidad, y que fu\u00e9ramos conscientes de que haciendo eso nos estamos cargando el tejido econ\u00f3mico y social, y por tanto, la vida de nuestros barrios , pueblos y ciudades. En todo caso, creo que lo m\u00e1s importante es que\u00a0Occidente haya sido capaz de reaccionar adecuadamente y no haya ca\u00eddo en la tentaci\u00f3n de aceptar el sacrificio de una generaci\u00f3n de mayores,\u00a0a quienes debemos nuestra actual prosperidad, con el fin de evitar la crisis econ\u00f3mica.\u00a0Esto hubiera supuesto una cat\u00e1strofe sanitaria inaceptable para nuestra civilizaci\u00f3n, y una derrota moral m\u00e1s grave que la propia crisis sanitaria y la consiguiente crisis econ\u00f3mica. Europa tiene suficiente potencial econ\u00f3mico y tecnol\u00f3gico para afrontar los retos que tenemos por delante,\u00a0si la respuesta son pol\u00edticas que busquen la cohesi\u00f3n social y el inter\u00e9s de los ciudadanos.\u00a0Y si todos estamos dispuestos a sacrificarnos por el bien com\u00fan, como est\u00e1n haciendo en estos d\u00edas los profesionales de la sanidad, los verdaderos h\u00e9roes de este drama global. Publicado en el Diari de Girona, el 6 de abril de 2020 M\u00e1s informaci\u00f3n ESPECIAL coronavirus"}

La gestión política del COVID-19 - Converses a Catalunya

<blockquote class="wp-embedded-content" data-secret="gGNlCxAPzA"><a href="https://conversesacatalunya.cat/es/la-gestion-politica-del-covid-19/">La gestión política del COVID-19</a></blockquote><iframe sandbox="allow-scripts" security="restricted" src="https://conversesacatalunya.cat/es/la-gestion-politica-del-covid-19/embed/#?secret=gGNlCxAPzA" width="600" height="338" title="«La gestión política del COVID-19» — Converses a Catalunya" data-secret="gGNlCxAPzA" frameborder="0" marginwidth="0" marginheight="0" scrolling="no" class="wp-embedded-content"></iframe><script>
/*! This file is auto-generated */
!function(d,l){"use strict";l.querySelector&&d.addEventListener&&"undefined"!=typeof URL&&(d.wp=d.wp||{},d.wp.receiveEmbedMessage||(d.wp.receiveEmbedMessage=function(e){var t=e.data;if((t||t.secret||t.message||t.value)&&!/[^a-zA-Z0-9]/.test(t.secret)){for(var s,r,n,a=l.querySelectorAll('iframe[data-secret="'+t.secret+'"]'),o=l.querySelectorAll('blockquote[data-secret="'+t.secret+'"]'),c=new RegExp("^https?:$","i"),i=0;i<o.length;i++)o[i].style.display="none";for(i=0;i<a.length;i++)s=a[i],e.source===s.contentWindow&&(s.removeAttribute("style"),"height"===t.message?(1e3<(r=parseInt(t.value,10))?r=1e3:~~r<200&&(r=200),s.height=r):"link"===t.message&&(r=new URL(s.getAttribute("src")),n=new URL(t.value),c.test(n.protocol))&&n.host===r.host&&l.activeElement===s&&(d.top.location.href=t.value))}},d.addEventListener("message",d.wp.receiveEmbedMessage,!1),l.addEventListener("DOMContentLoaded",function(){for(var e,t,s=l.querySelectorAll("iframe.wp-embedded-content"),r=0;r<s.length;r++)(t=(e=s[r]).getAttribute("data-secret"))||(t=Math.random().toString(36).substring(2,12),e.src+="#?secret="+t,e.setAttribute("data-secret",t)),e.contentWindow.postMessage({message:"ready",secret:t},"*")},!1)))}(window,document);
</script>

Tras el arranque en pendiente vertical y del período de desaceleración, ahora esperamos que la curva de crecimiento de infectados por la Covid-19 se estanque (durante 10 o 15 días según la experiencia de China e Italia), y luego comience a bajar. El freno del crecimiento y el descenso del número diario de muertes serán el resultado de las medidas que se empezaron a tomar a mediados de marzo. Estas medidas se habrían podido adoptar antes si se hubiera hecho caso a los consejos de médicos especialistas como el doctor Oriol Mitjà, que a principios de febrero ya proponía la cancelación del Mobile Congress de Barcelona, en un momento en que prácticamente todo el mundo la consideraba injustificada. Mas adelante, los políticos que hicieron caso a los científicos, como el Presidente Torra, acertaron mejor el diagnóstico de lo que había que hacerse. En palabras del doctor Oriol Mitjà ha habido tres errores en la gestión del Covid-19: primero, una incapacidad para hacer previsiones; segundo, un error de comunicación, que ha sido opaca y ha perjudicado a los gestores y planificadores sanitarios para poderse preparar y tomar decisiones antes de que llegara la crisis y no durante; y tercero, las dudas a la hora de tomar decisiones críticas, cuando había que ser taxativos y ejecutar los planes sin perder tiempo en reuniones y dubitaciones. Se debe hacer referencia también al grave error gubernamental de no querer suspender las manifestaciones y concentraciones feministas del 8 de marzo, a pesar de que en las fechas previas el gobierno ya tenía que tener suficientes indicios de los riesgos que aquellas suponían. En este caso los gobernantes fallaron rotundamente en el orden de prioridades a seguir. Sería de agradecer un poco de autocrítica de los responsables políticos en este punto. Los gobiernos tienen la información, tienen los medios, y tienen el deber de ser previsores, y adoptar las medidas necesarias aunque estas de entrada sean impopulares. Los ciudadanos somos lo suficientemente inteligentes para saber valorar y recompensar a los políticos valientes que hacen lo que se debe hacer al margen de las encuestas y de las ondulaciones de la opinión pública. El gobierno español, que se otorgó la máxima responsabilidad en la gestión de la crisis, inicialmente dudó sobre el orden de prioridades a seguir. Después adoptó las medidas extremas que proponían los médicos, y parece que así se habrá podido amortiguar un colapso descomunal del sistema sanitario, y evitar muchas más muertes. En este sentido, el informe del Imperial College de Londres de 30 de marzo sostiene que las medidas de prevención adoptadas en España habrían salvado la vida de 16.000 personas. Los presidentes del Reino Unido y de EEUU reaccionaron peor y más tarde, haciendo prevalecer criterios sin base científica o el superior interés de la economía. La primera respuesta del gobierno británico a la pandemia era que había que dejar que el virus fluyera de forma natural y generar inmunidad entre la población. Afortunadamente, los científicos de sus respectivos países los han hecho rectificar. El impacto económico será más o menos grave en función de la duración de la frenada. Con políticas económicas acertadas y valientes, y con un liderazgo político fuerte, la situación económica se podrá revertir. Aunque habrá los que en esta colada habrán perdido unos cuantos sábanas Además, el pequeño comercio, y los que habrán aprovechado la crisis para crecer aun más rápidamente, el comercio electrónico. A partir de ahora estaría bien que los consumidores nos lo pensáramos dos veces antes de hacer una compra electrónica por pura comodidad, y que fuéramos conscientes de que haciendo eso nos estamos cargando el tejido económico y social, y por tanto, la vida de nuestros barrios , pueblos y ciudades. En todo caso, creo que lo más importante es que Occidente haya sido capaz de reaccionar adecuadamente y no haya caído en la tentación de aceptar el sacrificio de una generación de mayores, a quienes debemos nuestra actual prosperidad, con el fin de evitar la crisis económica. Esto hubiera supuesto una catástrofe sanitaria inaceptable para nuestra civilización, y una derrota moral más grave que la propia crisis sanitaria y la consiguiente crisis económica. Europa tiene suficiente potencial económico y tecnológico para afrontar los retos que tenemos por delante, si la respuesta son políticas que busquen la cohesión social y el interés de los ciudadanos. Y si todos estamos dispuestos a sacrificarnos por el bien común, como están haciendo en estos días los profesionales de la sanidad, los verdaderos héroes de este drama global. Publicado en el Diari de Girona, el 6 de abril de 2020 Más información ESPECIAL coronavirus
