{"version":"1.0","provider_name":"Converses a Catalunya","provider_url":"https:\/\/conversesacatalunya.cat\/es\/","title":"I Conferencia C\u00edvica de Acci\u00f3n Pol\u00edtica - Converses a Catalunya","type":"rich","width":600,"height":338,"html":"<blockquote class=\"wp-embedded-content\" data-secret=\"i3UgnvuVWn\"><a href=\"https:\/\/conversesacatalunya.cat\/es\/i-conferencia-civica-de-accion-politica\/\">I Conferencia C\u00edvica de Acci\u00f3n Pol\u00edtica<\/a><\/blockquote><iframe sandbox=\"allow-scripts\" security=\"restricted\" src=\"https:\/\/conversesacatalunya.cat\/es\/i-conferencia-civica-de-accion-politica\/embed\/#?secret=i3UgnvuVWn\" width=\"600\" height=\"338\" title=\"\u00abI Conferencia C\u00edvica de Acci\u00f3n Pol\u00edtica\u00bb \u2014 Converses a Catalunya\" data-secret=\"i3UgnvuVWn\" frameborder=\"0\" marginwidth=\"0\" marginheight=\"0\" scrolling=\"no\" class=\"wp-embedded-content\"><\/iframe><script>\n\/*! This file is auto-generated *\/\n!function(d,l){\"use strict\";l.querySelector&&d.addEventListener&&\"undefined\"!=typeof URL&&(d.wp=d.wp||{},d.wp.receiveEmbedMessage||(d.wp.receiveEmbedMessage=function(e){var t=e.data;if((t||t.secret||t.message||t.value)&&!\/[^a-zA-Z0-9]\/.test(t.secret)){for(var s,r,n,a=l.querySelectorAll('iframe[data-secret=\"'+t.secret+'\"]'),o=l.querySelectorAll('blockquote[data-secret=\"'+t.secret+'\"]'),c=new RegExp(\"^https?:$\",\"i\"),i=0;i<o.length;i++)o[i].style.display=\"none\";for(i=0;i<a.length;i++)s=a[i],e.source===s.contentWindow&&(s.removeAttribute(\"style\"),\"height\"===t.message?(1e3<(r=parseInt(t.value,10))?r=1e3:~~r<200&&(r=200),s.height=r):\"link\"===t.message&&(r=new URL(s.getAttribute(\"src\")),n=new URL(t.value),c.test(n.protocol))&&n.host===r.host&&l.activeElement===s&&(d.top.location.href=t.value))}},d.addEventListener(\"message\",d.wp.receiveEmbedMessage,!1),l.addEventListener(\"DOMContentLoaded\",function(){for(var e,t,s=l.querySelectorAll(\"iframe.wp-embedded-content\"),r=0;r<s.length;r++)(t=(e=s[r]).getAttribute(\"data-secret\"))||(t=Math.random().toString(36).substring(2,12),e.src+=\"#?secret=\"+t,e.setAttribute(\"data-secret\",t)),e.contentWindow.postMessage({message:\"ready\",secret:t},\"*\")},!1)))}(window,document);\n<\/script>\n","thumbnail_url":"https:\/\/conversesacatalunya.cat\/wp-content\/uploads\/2024\/09\/conferencia-3.jpg","thumbnail_width":388,"thumbnail_height":367,"description":"Converses a Catalunya promueve la I Conferencia C\u00edvica de Acci\u00f3n Pol\u00edtica, el s\u00e1bado 14 de diciembre invita a todos los ciudadanos que comparten la dificultad del momento y el desenga\u00f1o ante las respuestas de los gobiernos y partidos pol\u00edticos a una reflexi\u00f3n y conversaci\u00f3n colectiva como sociedad civil. Converses es un grupo de opini\u00f3n c\u00edvica que considera que la pol\u00edtica debe ser una de las formas m\u00e1s elevadas de servicio a la colectividad, y reivindica la necesidad de regenerar, renovar y transformar la pol\u00edtica, as\u00ed como recuperar su finalidad de construir el bien com\u00fan. \u00bfPor qu\u00e9 la Conferencia C\u00edvica de Acci\u00f3n Pol\u00edtica? Es un proyecto ambicioso que te invita a participar. \u00c9sta es la primera iniciativa surgida directamente de la sociedad civil para dar respuesta a la degradaci\u00f3n del Estado de derecho, la pr\u00e1ctica pol\u00edtica y la ausencia de una alternativa pol\u00edtica, pero tambi\u00e9n cultural y moral, a la hegemon\u00eda de la progres\u00eda pol\u00edtica e ideol\u00f3gica en los gobiernos de Barcelona, \u200b\u200bCatalu\u00f1a y Espa\u00f1a. Si quieres seguir y participar en la preparaci\u00f3n de la CCAP, escribe a: admin@concatconverses.cat"}

I Conferencia Cívica de Acción Política - Converses a Catalunya

<blockquote class="wp-embedded-content" data-secret="i3UgnvuVWn"><a href="https://conversesacatalunya.cat/es/i-conferencia-civica-de-accion-politica/">I Conferencia Cívica de Acción Política</a></blockquote><iframe sandbox="allow-scripts" security="restricted" src="https://conversesacatalunya.cat/es/i-conferencia-civica-de-accion-politica/embed/#?secret=i3UgnvuVWn" width="600" height="338" title="«I Conferencia Cívica de Acción Política» — Converses a Catalunya" data-secret="i3UgnvuVWn" frameborder="0" marginwidth="0" marginheight="0" scrolling="no" class="wp-embedded-content"></iframe><script>
/*! This file is auto-generated */
!function(d,l){"use strict";l.querySelector&&d.addEventListener&&"undefined"!=typeof URL&&(d.wp=d.wp||{},d.wp.receiveEmbedMessage||(d.wp.receiveEmbedMessage=function(e){var t=e.data;if((t||t.secret||t.message||t.value)&&!/[^a-zA-Z0-9]/.test(t.secret)){for(var s,r,n,a=l.querySelectorAll('iframe[data-secret="'+t.secret+'"]'),o=l.querySelectorAll('blockquote[data-secret="'+t.secret+'"]'),c=new RegExp("^https?:$","i"),i=0;i<o.length;i++)o[i].style.display="none";for(i=0;i<a.length;i++)s=a[i],e.source===s.contentWindow&&(s.removeAttribute("style"),"height"===t.message?(1e3<(r=parseInt(t.value,10))?r=1e3:~~r<200&&(r=200),s.height=r):"link"===t.message&&(r=new URL(s.getAttribute("src")),n=new URL(t.value),c.test(n.protocol))&&n.host===r.host&&l.activeElement===s&&(d.top.location.href=t.value))}},d.addEventListener("message",d.wp.receiveEmbedMessage,!1),l.addEventListener("DOMContentLoaded",function(){for(var e,t,s=l.querySelectorAll("iframe.wp-embedded-content"),r=0;r<s.length;r++)(t=(e=s[r]).getAttribute("data-secret"))||(t=Math.random().toString(36).substring(2,12),e.src+="#?secret="+t,e.setAttribute("data-secret",t)),e.contentWindow.postMessage({message:"ready",secret:t},"*")},!1)))}(window,document);
</script>

Converses a Catalunya promueve la I Conferencia Cívica de Acción Política, el sábado 14 de diciembre invita a todos los ciudadanos que comparten la dificultad del momento y el desengaño ante las respuestas de los gobiernos y partidos políticos a una reflexión y conversación colectiva como sociedad civil. Converses es un grupo de opinión cívica que considera que la política debe ser una de las formas más elevadas de servicio a la colectividad, y reivindica la necesidad de regenerar, renovar y transformar la política, así como recuperar su finalidad de construir el bien común. ¿Por qué la Conferencia Cívica de Acción Política? Es un proyecto ambicioso que te invita a participar. Ésta es la primera iniciativa surgida directamente de la sociedad civil para dar respuesta a la degradación del Estado de derecho, la práctica política y la ausencia de una alternativa política, pero también cultural y moral, a la hegemonía de la progresía política e ideológica en los gobiernos de Barcelona, ​​Cataluña y España. Si quieres seguir y participar en la preparación de la CCAP, escribe a: admin@concatconverses.cat
