{"version":"1.0","provider_name":"Converses a Catalunya","provider_url":"https:\/\/conversesacatalunya.cat\/es\/","title":"Gobierno S\u00e1nchez: comportamientos inexplicables al descubierto - Converses a Catalunya","type":"rich","width":600,"height":338,"html":"<blockquote class=\"wp-embedded-content\" data-secret=\"Xk2hWn7wei\"><a href=\"https:\/\/conversesacatalunya.cat\/es\/gobierno-sanchez-comportamientos-inexplicables-al-descubierto\/\">Gobierno S\u00e1nchez: comportamientos inexplicables al descubierto<\/a><\/blockquote><iframe sandbox=\"allow-scripts\" security=\"restricted\" src=\"https:\/\/conversesacatalunya.cat\/es\/gobierno-sanchez-comportamientos-inexplicables-al-descubierto\/embed\/#?secret=Xk2hWn7wei\" width=\"600\" height=\"338\" title=\"\u00abGobierno S\u00e1nchez: comportamientos inexplicables al descubierto\u00bb \u2014 Converses a Catalunya\" data-secret=\"Xk2hWn7wei\" frameborder=\"0\" marginwidth=\"0\" marginheight=\"0\" scrolling=\"no\" class=\"wp-embedded-content\"><\/iframe><script>\n\/*! This file is auto-generated *\/\n!function(d,l){\"use strict\";l.querySelector&&d.addEventListener&&\"undefined\"!=typeof URL&&(d.wp=d.wp||{},d.wp.receiveEmbedMessage||(d.wp.receiveEmbedMessage=function(e){var t=e.data;if((t||t.secret||t.message||t.value)&&!\/[^a-zA-Z0-9]\/.test(t.secret)){for(var s,r,n,a=l.querySelectorAll('iframe[data-secret=\"'+t.secret+'\"]'),o=l.querySelectorAll('blockquote[data-secret=\"'+t.secret+'\"]'),c=new RegExp(\"^https?:$\",\"i\"),i=0;i<o.length;i++)o[i].style.display=\"none\";for(i=0;i<a.length;i++)s=a[i],e.source===s.contentWindow&&(s.removeAttribute(\"style\"),\"height\"===t.message?(1e3<(r=parseInt(t.value,10))?r=1e3:~~r<200&&(r=200),s.height=r):\"link\"===t.message&&(r=new URL(s.getAttribute(\"src\")),n=new URL(t.value),c.test(n.protocol))&&n.host===r.host&&l.activeElement===s&&(d.top.location.href=t.value))}},d.addEventListener(\"message\",d.wp.receiveEmbedMessage,!1),l.addEventListener(\"DOMContentLoaded\",function(){for(var e,t,s=l.querySelectorAll(\"iframe.wp-embedded-content\"),r=0;r<s.length;r++)(t=(e=s[r]).getAttribute(\"data-secret\"))||(t=Math.random().toString(36).substring(2,12),e.src+=\"#?secret=\"+t,e.setAttribute(\"data-secret\",t)),e.contentWindow.postMessage({message:\"ready\",secret:t},\"*\")},!1)))}(window,document);\n<\/script>\n","thumbnail_url":"https:\/\/conversesacatalunya.cat\/wp-content\/uploads\/2020\/04\/test-coronavirus.png","thumbnail_width":992,"thumbnail_height":558,"description":"Nuevos y continuados errores van conoci\u00e9ndose sobre la actuaci\u00f3n del Gobierno S\u00e1nchez, lo que redunda en su descr\u00e9dito. Uno de ellos y espectacularmente grave es que Espa\u00f1a export\u00f3 test de coronavirus hasta el 15 de marzo, a pesar de la evoluci\u00f3n de la enfermedad, el precedente de c\u00f3mo iban las cosas en Italia, y la importancia de la detecci\u00f3n que hab\u00eda mostrado el buen comportamiento del V\u00e9neto a diferencia de la Lombard\u00eda, al usarlos de buen principio, siguiendo los pasos de la exitosa Corea y como despu\u00e9s hizo Alemania. El gobierno espa\u00f1ol cometi\u00f3 la irresponsabilidad de no hacer acopio y continuar la exportaci\u00f3n, hasta el extremo que ni los hospitales dispon\u00edan de test suficientes. Despu\u00e9s ha pasado a depender del mercado internacional a causas de las urgencias y necesidades masivas, a pesar de que Espa\u00f1a cuenta con empresas que fabrican kit de PCR para detectar el coronavirus desde finales del mes de enero. Se trata de una prueba mucho m\u00e1s fiable que los test r\u00e1pidos que ahora se est\u00e1n adquiriendo. \u00bfPor qu\u00e9 el gobierno no almacen\u00f3, ni impuls\u00f3 la producci\u00f3n propia durante todo el mes de febrero y parte de marzo? es un interrogante que el Congreso deber\u00eda despejar, porque se trata de un error de graves consecuencias para la salud de los espa\u00f1oles. La segunda gran cuesti\u00f3n\u00a0que es necesario que el gobierno aclare, es por qu\u00e9 los primeros d\u00edas de marzo, ministerios y dem\u00e1s departamentos p\u00fablicos empezaron a recibir una circular con pautas para que sus trabajadores evitaran contagios, pero al mismo tiempo no exist\u00eda esta recomendaci\u00f3n para todos los ciudadanos. Tanto es as\u00ed que el 8 de marzo el Gobierno a\u00fan no crey\u00f3 conveniente desaconsejar la asistencia a manifestaciones feministas, o el multitudinario miting de Vox. Las recomendaciones internas, pero no para la poblaci\u00f3n, inclu\u00edan: evitar el contacto directo con personas que pueden sufrir una infecci\u00f3n aguda, intentando mantener una separaci\u00f3n de 1-2 metros entre estas personas. evitar el desplazamiento a zonas de riesgo, salvo que sea ineludible, especialmente en los casos de trabajadores con patolog\u00edas (card\u00edaca, pulmonar, inmunocomprometido, etc.), as\u00ed como de embarazadas y cualquier otra que pudiera agravar su estado. Se recomienda evitar saludos con contacto f\u00edsico. El Gobierno tambi\u00e9n adelant\u00f3 en sus instrucciones a empleados para realizar en lo posible teletrabajo y reuniones telem\u00e1ticas. La cuesti\u00f3n es \u00bfpor qu\u00e9 si se emiten estas instrucciones internas a principio de marzo,\u00a0 no se generalizaron entre la poblaci\u00f3n para reducir los riesgos de contagio? La tercera afecta a la polic\u00eda y hace referencia a una alerta todav\u00eda m\u00e1s temprana: se refiere al informe del 24 de enero firmado por el cesado jefe del servicio de prevenci\u00f3n de riesgos laborales del cuerpo, Jos\u00e9 Antonio Nieto Gonz\u00e1lez, en el que ped\u00eda a los agentes extremar las medidas de protecci\u00f3n ante el hallazgo de una nueva enfermedad llamada \u00abnuevo coronavirus\u00bb. Ni la direcci\u00f3n de la Polic\u00eda, ni el Gobierno hicieron nada. Ahora el pa\u00eds se encuentra en estado de alarma y casi 2.000 funcionarios de las Fuerzas y Cuerpos de Seguridad del Estado se est\u00e1n infectando. Ante esta situaci\u00f3n el sindicato Jupol ha decidido que va a acudir a los tribunales presentando una querella contra el ministro del Interior, Fernando Grande-Marlaska, una vez finalice el confinamiento, al entender que el departamento que dirige uno de los altos cargos incluidos en el comit\u00e9 de gesti\u00f3n del coronavirus en la Moncloa actu\u00f3 con \u00abnegligencia\u00bb en las semanas previas a que la enfermedad se extendiera por todo el pa\u00eds. El sindicato no descarta incluir a Pedro S\u00e1nchez. Estos tres hechos muestran que el gobierno ten\u00eda conocimiento temprano de lo que pod\u00eda suceder y no adopt\u00f3 medidas necesarias, excepto en el caso de una parte restringida de sus propios funcionarios, los m\u00e1s cercanos a los ministros. M\u00e1s informaci\u00f3n sobre el coronavirus en ESPECIAL CORONAVIRUS"}

Gobierno Sánchez: comportamientos inexplicables al descubierto - Converses a Catalunya

<blockquote class="wp-embedded-content" data-secret="Xk2hWn7wei"><a href="https://conversesacatalunya.cat/es/gobierno-sanchez-comportamientos-inexplicables-al-descubierto/">Gobierno Sánchez: comportamientos inexplicables al descubierto</a></blockquote><iframe sandbox="allow-scripts" security="restricted" src="https://conversesacatalunya.cat/es/gobierno-sanchez-comportamientos-inexplicables-al-descubierto/embed/#?secret=Xk2hWn7wei" width="600" height="338" title="«Gobierno Sánchez: comportamientos inexplicables al descubierto» — Converses a Catalunya" data-secret="Xk2hWn7wei" frameborder="0" marginwidth="0" marginheight="0" scrolling="no" class="wp-embedded-content"></iframe><script>
/*! This file is auto-generated */
!function(d,l){"use strict";l.querySelector&&d.addEventListener&&"undefined"!=typeof URL&&(d.wp=d.wp||{},d.wp.receiveEmbedMessage||(d.wp.receiveEmbedMessage=function(e){var t=e.data;if((t||t.secret||t.message||t.value)&&!/[^a-zA-Z0-9]/.test(t.secret)){for(var s,r,n,a=l.querySelectorAll('iframe[data-secret="'+t.secret+'"]'),o=l.querySelectorAll('blockquote[data-secret="'+t.secret+'"]'),c=new RegExp("^https?:$","i"),i=0;i<o.length;i++)o[i].style.display="none";for(i=0;i<a.length;i++)s=a[i],e.source===s.contentWindow&&(s.removeAttribute("style"),"height"===t.message?(1e3<(r=parseInt(t.value,10))?r=1e3:~~r<200&&(r=200),s.height=r):"link"===t.message&&(r=new URL(s.getAttribute("src")),n=new URL(t.value),c.test(n.protocol))&&n.host===r.host&&l.activeElement===s&&(d.top.location.href=t.value))}},d.addEventListener("message",d.wp.receiveEmbedMessage,!1),l.addEventListener("DOMContentLoaded",function(){for(var e,t,s=l.querySelectorAll("iframe.wp-embedded-content"),r=0;r<s.length;r++)(t=(e=s[r]).getAttribute("data-secret"))||(t=Math.random().toString(36).substring(2,12),e.src+="#?secret="+t,e.setAttribute("data-secret",t)),e.contentWindow.postMessage({message:"ready",secret:t},"*")},!1)))}(window,document);
</script>

Nuevos y continuados errores van conociéndose sobre la actuación del Gobierno Sánchez, lo que redunda en su descrédito. Uno de ellos y espectacularmente grave es que España exportó test de coronavirus hasta el 15 de marzo, a pesar de la evolución de la enfermedad, el precedente de cómo iban las cosas en Italia, y la importancia de la detección que había mostrado el buen comportamiento del Véneto a diferencia de la Lombardía, al usarlos de buen principio, siguiendo los pasos de la exitosa Corea y como después hizo Alemania. El gobierno español cometió la irresponsabilidad de no hacer acopio y continuar la exportación, hasta el extremo que ni los hospitales disponían de test suficientes. Después ha pasado a depender del mercado internacional a causas de las urgencias y necesidades masivas, a pesar de que España cuenta con empresas que fabrican kit de PCR para detectar el coronavirus desde finales del mes de enero. Se trata de una prueba mucho más fiable que los test rápidos que ahora se están adquiriendo. ¿Por qué el gobierno no almacenó, ni impulsó la producción propia durante todo el mes de febrero y parte de marzo? es un interrogante que el Congreso debería despejar, porque se trata de un error de graves consecuencias para la salud de los españoles. La segunda gran cuestión que es necesario que el gobierno aclare, es por qué los primeros días de marzo, ministerios y demás departamentos públicos empezaron a recibir una circular con pautas para que sus trabajadores evitaran contagios, pero al mismo tiempo no existía esta recomendación para todos los ciudadanos. Tanto es así que el 8 de marzo el Gobierno aún no creyó conveniente desaconsejar la asistencia a manifestaciones feministas, o el multitudinario miting de Vox. Las recomendaciones internas, pero no para la población, incluían: evitar el contacto directo con personas que pueden sufrir una infección aguda, intentando mantener una separación de 1-2 metros entre estas personas. evitar el desplazamiento a zonas de riesgo, salvo que sea ineludible, especialmente en los casos de trabajadores con patologías (cardíaca, pulmonar, inmunocomprometido, etc.), así como de embarazadas y cualquier otra que pudiera agravar su estado. Se recomienda evitar saludos con contacto físico. El Gobierno también adelantó en sus instrucciones a empleados para realizar en lo posible teletrabajo y reuniones telemáticas. La cuestión es ¿por qué si se emiten estas instrucciones internas a principio de marzo,  no se generalizaron entre la población para reducir los riesgos de contagio? La tercera afecta a la policía y hace referencia a una alerta todavía más temprana: se refiere al informe del 24 de enero firmado por el cesado jefe del servicio de prevención de riesgos laborales del cuerpo, José Antonio Nieto González, en el que pedía a los agentes extremar las medidas de protección ante el hallazgo de una nueva enfermedad llamada «nuevo coronavirus». Ni la dirección de la Policía, ni el Gobierno hicieron nada. Ahora el país se encuentra en estado de alarma y casi 2.000 funcionarios de las Fuerzas y Cuerpos de Seguridad del Estado se están infectando. Ante esta situación el sindicato Jupol ha decidido que va a acudir a los tribunales presentando una querella contra el ministro del Interior, Fernando Grande-Marlaska, una vez finalice el confinamiento, al entender que el departamento que dirige uno de los altos cargos incluidos en el comité de gestión del coronavirus en la Moncloa actuó con «negligencia» en las semanas previas a que la enfermedad se extendiera por todo el país. El sindicato no descarta incluir a Pedro Sánchez. Estos tres hechos muestran que el gobierno tenía conocimiento temprano de lo que podía suceder y no adoptó medidas necesarias, excepto en el caso de una parte restringida de sus propios funcionarios, los más cercanos a los ministros. Más información sobre el coronavirus en ESPECIAL CORONAVIRUS
