{"version":"1.0","provider_name":"Converses a Catalunya","provider_url":"https:\/\/conversesacatalunya.cat\/es\/","title":"Gobierno Aragon\u00e8s, \u00a1Queremos agua! - Converses a Catalunya","type":"rich","width":600,"height":338,"html":"<blockquote class=\"wp-embedded-content\" data-secret=\"6xQf3PsUWJ\"><a href=\"https:\/\/conversesacatalunya.cat\/es\/gobierno-aragones-queremos-agua\/\">Gobierno Aragon\u00e8s, \u00a1Queremos agua!<\/a><\/blockquote><iframe sandbox=\"allow-scripts\" security=\"restricted\" src=\"https:\/\/conversesacatalunya.cat\/es\/gobierno-aragones-queremos-agua\/embed\/#?secret=6xQf3PsUWJ\" width=\"600\" height=\"338\" title=\"\u00abGobierno Aragon\u00e8s, \u00a1Queremos agua!\u00bb \u2014 Converses a Catalunya\" data-secret=\"6xQf3PsUWJ\" frameborder=\"0\" marginwidth=\"0\" marginheight=\"0\" scrolling=\"no\" class=\"wp-embedded-content\"><\/iframe><script>\n\/*! This file is auto-generated *\/\n!function(d,l){\"use strict\";l.querySelector&&d.addEventListener&&\"undefined\"!=typeof URL&&(d.wp=d.wp||{},d.wp.receiveEmbedMessage||(d.wp.receiveEmbedMessage=function(e){var t=e.data;if((t||t.secret||t.message||t.value)&&!\/[^a-zA-Z0-9]\/.test(t.secret)){for(var s,r,n,a=l.querySelectorAll('iframe[data-secret=\"'+t.secret+'\"]'),o=l.querySelectorAll('blockquote[data-secret=\"'+t.secret+'\"]'),c=new RegExp(\"^https?:$\",\"i\"),i=0;i<o.length;i++)o[i].style.display=\"none\";for(i=0;i<a.length;i++)s=a[i],e.source===s.contentWindow&&(s.removeAttribute(\"style\"),\"height\"===t.message?(1e3<(r=parseInt(t.value,10))?r=1e3:~~r<200&&(r=200),s.height=r):\"link\"===t.message&&(r=new URL(s.getAttribute(\"src\")),n=new URL(t.value),c.test(n.protocol))&&n.host===r.host&&l.activeElement===s&&(d.top.location.href=t.value))}},d.addEventListener(\"message\",d.wp.receiveEmbedMessage,!1),l.addEventListener(\"DOMContentLoaded\",function(){for(var e,t,s=l.querySelectorAll(\"iframe.wp-embedded-content\"),r=0;r<s.length;r++)(t=(e=s[r]).getAttribute(\"data-secret\"))||(t=Math.random().toString(36).substring(2,12),e.src+=\"#?secret=\"+t,e.setAttribute(\"data-secret\",t)),e.contentWindow.postMessage({message:\"ready\",secret:t},\"*\")},!1)))}(window,document);\n<\/script>\n","thumbnail_url":"https:\/\/conversesacatalunya.cat\/wp-content\/uploads\/2023\/12\/Ahorrar-Agua.jpg","thumbnail_width":1276,"thumbnail_height":957,"description":"Evidentemente, y en contra de lo que dice el eslogan de la Generalitat, el agua cae del cielo, pero la gestionan los hombres. \u00c9ste es el problema, al menos en lo que se refiere a Catalu\u00f1a y a la gesti\u00f3n hecha a lo largo de estos 3 a\u00f1os por Aragon\u00e8s y los consejeros responsables. Que haya sequ\u00eda no tiene por qu\u00e9 significar que suframos costes y restricciones crecientes, como nos amenaza el gobierno para el inicio del a\u00f1o, y si no, basta con mirar a un pa\u00eds relativamente pr\u00f3ximo, Israel, que vive instalado en un permanente estr\u00e9s h\u00eddrico que ya habr\u00eda tumbado toda su actividad en Catalunya. Ya hemos apuntado en otras ocasiones que los costes de esta sequ\u00eda mal gestionada los pagamos al contado y, sobre todo, en diferido porque sus consecuencias las arrastraremos durante a\u00f1os. Y lo pagamos de nuestros bolsillos los ciudadanos, mientras que quienes deb\u00edan resolver la cuesti\u00f3n, adem\u00e1s de no hacerlo, no se descontar\u00e1n ni un solo euro de sus sueldos. Y esto no es demagogia, es simplemente una descripci\u00f3n de la realidad. A principios de a\u00f1o nos subir\u00e1n el recibo del agua pete quien pete, adem\u00e1s de la multitud de impuestos que nada tienen que ver con ella y que utilizan este pago como contenedor. Pero es que, adem\u00e1s, planea una amenaza de otro aumento. Si al final, como parece inapelable, deben llevar agua en barco, el precio por m3 de esta agua puede multiplicarse entre 3 y 5 veces el actual, que se sit\u00faa entre los 2 y 3 euros el m3. Naturalmente, este coste no ser\u00e1 el que pagaremos en el recibo, porque la participaci\u00f3n del agua de barco sobre el conjunto ser\u00e1 muy peque\u00f1a. Pero ser\u00e1n unos c\u00e9ntimos m\u00e1s que se multiplicar\u00e1n d\u00eda a d\u00eda a lo largo del a\u00f1o. Cuando estaba muerto lo comulgaban (para que la frase popular se entienda en una sociedad de incultura religiosa, hay que recordar que s\u00f3lo congregan a los vivos). Ahora, la Generalitat nos anuncia que no vamos a tener ning\u00fan problema en el 2027 porque se va a producir agua regenerada en un volumen de 130 hect\u00f3metros c\u00fabicos anuales. Est\u00e1 muy bien, pero lo que no dicen es que estos proyectos llevan a\u00f1os de retraso y es lo que precisamente ses maneja mal ahora. La ACA y el gobierno Aragon\u00e9s son los \u00fanicos responsables de este retraso, que fue advertido incluso por Aig\u00fces de Barcelona sin que nuestras autoridades pol\u00edticas se dignaran a hacer caso. Porque, dig\u00e1moslo una vez m\u00e1s, lo de la sequ\u00eda es una broma pesada que dura hace m\u00e1s de 3 a\u00f1os. \u00bfA qu\u00e9 se han dedicado durante ese tiempo? Pero es que, adem\u00e1s, el agua regenerada necesaria no resuelve el problema en casos extremos como el que vivimos. La garant\u00eda absoluta es conocida desde los a\u00f1os 30. Como Catalunya es un territorio que se divide entre dos cuencas hidrogr\u00e1ficas muy diferentes, la interior y la del Ebro, y al mismo tiempo la interior est\u00e1 muy fraccionada por la orograf\u00eda, la vieja historia de la respuesta consiste en la interconexi\u00f3n de cuencas, de modo que cuando en alguna de ellas se produce un d\u00e9ficit extremo, se pueda recurrir a otra mejor situada. Barcelona y su cuenca del Bes\u00f2s y el Llobregat ha recurrido a la cuenca del Ter, pero esto tambi\u00e9n se ha agotado. De ah\u00ed que en un momento determinado se planteara una obra tan grande como el trasvase del R\u00f3dano. Sin embargo, sin ir a acciones de este tipo, ahora los colegios de ingenieros profesionales del ramo, incluidos los agr\u00f3nomos, recuerdan un proyecto previsto desde 2009, que es la conexi\u00f3n del Ebro con la red Ter-Llobregat por una modesta canalizaci\u00f3n de 65 km, que ir\u00eda de Constant\u00ed a Ol\u00e8rdola y que podr\u00eda cubrir el 25% de las necesidades del \u00e1rea de influencia de Barcelona, ubicada en unos 200 hect\u00f3metros c\u00fabicos al a\u00f1o. Esta actuaci\u00f3n podr\u00eda estar lista mucho antes que las nuevas plantas regeneradoras, dado que en 2025 la conexi\u00f3n podr\u00eda estar funcionando. Recordemos que el agua de Tarragona ya llega a estas alturas y hace a\u00f1os a Sitges, lo que permiti\u00f3 resolver un problema cr\u00f3nico de esta poblaci\u00f3n. El gobierno de Aragon\u00e8s, como hace con otros muchos proyectos, se niega en redondo a considerarlo. Una vez m\u00e1s son unos irresponsables e indocumentados porque no tienen a toda Catalunya en la cabeza. Hay que recordar que seg\u00fan el Idescat ya hemos superado los 8 millones de habitantes debido a la inmigraci\u00f3n masiva que llega y a pesar de que mueren m\u00e1s catalanes de los que nacen. Toda esta poblaci\u00f3n inmigrante se concentra en Barcelona y su entorno. A su vez, este territorio localiza m\u00e1s del 70% de la actividad econ\u00f3mica. Por tanto, no se puede estar contemplando impasible esta din\u00e1mica y al mismo tiempo no ver que a m\u00e1s gente y m\u00e1s actividad, m\u00e1s necesidades de agua que no se encuentra en la cuenca interior en casos de emergencia como ahora. Si a todo esto se le une la falta de cuidado en la transformaci\u00f3n del regad\u00edo de Lleida para sustituir el riego a manta por sistemas de goteo y aspersi\u00f3n de una eficiencia extraordinariamente superior, nos daremos cuenta de que quienes gobiernan ven la realidad y la soluci\u00f3n por el agujero de la cerradura. S\u00f3lo con el agua que se ahorrar\u00eda haciendo m\u00e1s eficiente la forma de regar en las comarcas de Lleida, ya obtendr\u00edamos un excedente suficiente para alimentar la gran concentraci\u00f3n urbana e industrial de Catalunya."}

Gobierno Aragonès, ¡Queremos agua! - Converses a Catalunya

<blockquote class="wp-embedded-content" data-secret="6xQf3PsUWJ"><a href="https://conversesacatalunya.cat/es/gobierno-aragones-queremos-agua/">Gobierno Aragonès, ¡Queremos agua!</a></blockquote><iframe sandbox="allow-scripts" security="restricted" src="https://conversesacatalunya.cat/es/gobierno-aragones-queremos-agua/embed/#?secret=6xQf3PsUWJ" width="600" height="338" title="«Gobierno Aragonès, ¡Queremos agua!» — Converses a Catalunya" data-secret="6xQf3PsUWJ" frameborder="0" marginwidth="0" marginheight="0" scrolling="no" class="wp-embedded-content"></iframe><script>
/*! This file is auto-generated */
!function(d,l){"use strict";l.querySelector&&d.addEventListener&&"undefined"!=typeof URL&&(d.wp=d.wp||{},d.wp.receiveEmbedMessage||(d.wp.receiveEmbedMessage=function(e){var t=e.data;if((t||t.secret||t.message||t.value)&&!/[^a-zA-Z0-9]/.test(t.secret)){for(var s,r,n,a=l.querySelectorAll('iframe[data-secret="'+t.secret+'"]'),o=l.querySelectorAll('blockquote[data-secret="'+t.secret+'"]'),c=new RegExp("^https?:$","i"),i=0;i<o.length;i++)o[i].style.display="none";for(i=0;i<a.length;i++)s=a[i],e.source===s.contentWindow&&(s.removeAttribute("style"),"height"===t.message?(1e3<(r=parseInt(t.value,10))?r=1e3:~~r<200&&(r=200),s.height=r):"link"===t.message&&(r=new URL(s.getAttribute("src")),n=new URL(t.value),c.test(n.protocol))&&n.host===r.host&&l.activeElement===s&&(d.top.location.href=t.value))}},d.addEventListener("message",d.wp.receiveEmbedMessage,!1),l.addEventListener("DOMContentLoaded",function(){for(var e,t,s=l.querySelectorAll("iframe.wp-embedded-content"),r=0;r<s.length;r++)(t=(e=s[r]).getAttribute("data-secret"))||(t=Math.random().toString(36).substring(2,12),e.src+="#?secret="+t,e.setAttribute("data-secret",t)),e.contentWindow.postMessage({message:"ready",secret:t},"*")},!1)))}(window,document);
</script>

Evidentemente, y en contra de lo que dice el eslogan de la Generalitat, el agua cae del cielo, pero la gestionan los hombres. Éste es el problema, al menos en lo que se refiere a Cataluña y a la gestión hecha a lo largo de estos 3 años por Aragonès y los consejeros responsables. Que haya sequía no tiene por qué significar que suframos costes y restricciones crecientes, como nos amenaza el gobierno para el inicio del año, y si no, basta con mirar a un país relativamente próximo, Israel, que vive instalado en un permanente estrés hídrico que ya habría tumbado toda su actividad en Catalunya. Ya hemos apuntado en otras ocasiones que los costes de esta sequía mal gestionada los pagamos al contado y, sobre todo, en diferido porque sus consecuencias las arrastraremos durante años. Y lo pagamos de nuestros bolsillos los ciudadanos, mientras que quienes debían resolver la cuestión, además de no hacerlo, no se descontarán ni un solo euro de sus sueldos. Y esto no es demagogia, es simplemente una descripción de la realidad. A principios de año nos subirán el recibo del agua pete quien pete, además de la multitud de impuestos que nada tienen que ver con ella y que utilizan este pago como contenedor. Pero es que, además, planea una amenaza de otro aumento. Si al final, como parece inapelable, deben llevar agua en barco, el precio por m3 de esta agua puede multiplicarse entre 3 y 5 veces el actual, que se sitúa entre los 2 y 3 euros el m3. Naturalmente, este coste no será el que pagaremos en el recibo, porque la participación del agua de barco sobre el conjunto será muy pequeña. Pero serán unos céntimos más que se multiplicarán día a día a lo largo del año. Cuando estaba muerto lo comulgaban (para que la frase popular se entienda en una sociedad de incultura religiosa, hay que recordar que sólo congregan a los vivos). Ahora, la Generalitat nos anuncia que no vamos a tener ningún problema en el 2027 porque se va a producir agua regenerada en un volumen de 130 hectómetros cúbicos anuales. Está muy bien, pero lo que no dicen es que estos proyectos llevan años de retraso y es lo que precisamente ses maneja mal ahora. La ACA y el gobierno Aragonés son los únicos responsables de este retraso, que fue advertido incluso por Aigües de Barcelona sin que nuestras autoridades políticas se dignaran a hacer caso. Porque, digámoslo una vez más, lo de la sequía es una broma pesada que dura hace más de 3 años. ¿A qué se han dedicado durante ese tiempo? Pero es que, además, el agua regenerada necesaria no resuelve el problema en casos extremos como el que vivimos. La garantía absoluta es conocida desde los años 30. Como Catalunya es un territorio que se divide entre dos cuencas hidrográficas muy diferentes, la interior y la del Ebro, y al mismo tiempo la interior está muy fraccionada por la orografía, la vieja historia de la respuesta consiste en la interconexión de cuencas, de modo que cuando en alguna de ellas se produce un déficit extremo, se pueda recurrir a otra mejor situada. Barcelona y su cuenca del Besòs y el Llobregat ha recurrido a la cuenca del Ter, pero esto también se ha agotado. De ahí que en un momento determinado se planteara una obra tan grande como el trasvase del Ródano. Sin embargo, sin ir a acciones de este tipo, ahora los colegios de ingenieros profesionales del ramo, incluidos los agrónomos, recuerdan un proyecto previsto desde 2009, que es la conexión del Ebro con la red Ter-Llobregat por una modesta canalización de 65 km, que iría de Constantí a Olèrdola y que podría cubrir el 25% de las necesidades del área de influencia de Barcelona, ubicada en unos 200 hectómetros cúbicos al año. Esta actuación podría estar lista mucho antes que las nuevas plantas regeneradoras, dado que en 2025 la conexión podría estar funcionando. Recordemos que el agua de Tarragona ya llega a estas alturas y hace años a Sitges, lo que permitió resolver un problema crónico de esta población. El gobierno de Aragonès, como hace con otros muchos proyectos, se niega en redondo a considerarlo. Una vez más son unos irresponsables e indocumentados porque no tienen a toda Catalunya en la cabeza. Hay que recordar que según el Idescat ya hemos superado los 8 millones de habitantes debido a la inmigración masiva que llega y a pesar de que mueren más catalanes de los que nacen. Toda esta población inmigrante se concentra en Barcelona y su entorno. A su vez, este territorio localiza más del 70% de la actividad económica. Por tanto, no se puede estar contemplando impasible esta dinámica y al mismo tiempo no ver que a más gente y más actividad, más necesidades de agua que no se encuentra en la cuenca interior en casos de emergencia como ahora. Si a todo esto se le une la falta de cuidado en la transformación del regadío de Lleida para sustituir el riego a manta por sistemas de goteo y aspersión de una eficiencia extraordinariamente superior, nos daremos cuenta de que quienes gobiernan ven la realidad y la solución por el agujero de la cerradura. Sólo con el agua que se ahorraría haciendo más eficiente la forma de regar en las comarcas de Lleida, ya obtendríamos un excedente suficiente para alimentar la gran concentración urbana e industrial de Catalunya.
