{"version":"1.0","provider_name":"Converses a Catalunya","provider_url":"https:\/\/conversesacatalunya.cat\/es\/","title":"La falta de respuesta de Barcelona a la gente que vive sin hogar - Converses a Catalunya","type":"rich","width":600,"height":338,"html":"<blockquote class=\"wp-embedded-content\" data-secret=\"pZqF8EYe3R\"><a href=\"https:\/\/conversesacatalunya.cat\/es\/gente-sin-hogar\/\">La falta de respuesta de Barcelona a la gente que vive sin hogar<\/a><\/blockquote><iframe sandbox=\"allow-scripts\" security=\"restricted\" src=\"https:\/\/conversesacatalunya.cat\/es\/gente-sin-hogar\/embed\/#?secret=pZqF8EYe3R\" width=\"600\" height=\"338\" title=\"\u00abLa falta de respuesta de Barcelona a la gente que vive sin hogar\u00bb \u2014 Converses a Catalunya\" data-secret=\"pZqF8EYe3R\" frameborder=\"0\" marginwidth=\"0\" marginheight=\"0\" scrolling=\"no\" class=\"wp-embedded-content\"><\/iframe><script>\n\/*! This file is auto-generated *\/\n!function(d,l){\"use strict\";l.querySelector&&d.addEventListener&&\"undefined\"!=typeof URL&&(d.wp=d.wp||{},d.wp.receiveEmbedMessage||(d.wp.receiveEmbedMessage=function(e){var t=e.data;if((t||t.secret||t.message||t.value)&&!\/[^a-zA-Z0-9]\/.test(t.secret)){for(var s,r,n,a=l.querySelectorAll('iframe[data-secret=\"'+t.secret+'\"]'),o=l.querySelectorAll('blockquote[data-secret=\"'+t.secret+'\"]'),c=new RegExp(\"^https?:$\",\"i\"),i=0;i<o.length;i++)o[i].style.display=\"none\";for(i=0;i<a.length;i++)s=a[i],e.source===s.contentWindow&&(s.removeAttribute(\"style\"),\"height\"===t.message?(1e3<(r=parseInt(t.value,10))?r=1e3:~~r<200&&(r=200),s.height=r):\"link\"===t.message&&(r=new URL(s.getAttribute(\"src\")),n=new URL(t.value),c.test(n.protocol))&&n.host===r.host&&l.activeElement===s&&(d.top.location.href=t.value))}},d.addEventListener(\"message\",d.wp.receiveEmbedMessage,!1),l.addEventListener(\"DOMContentLoaded\",function(){for(var e,t,s=l.querySelectorAll(\"iframe.wp-embedded-content\"),r=0;r<s.length;r++)(t=(e=s[r]).getAttribute(\"data-secret\"))||(t=Math.random().toString(36).substring(2,12),e.src+=\"#?secret=\"+t,e.setAttribute(\"data-secret\",t)),e.contentWindow.postMessage({message:\"ready\",secret:t},\"*\")},!1)))}(window,document);\n<\/script>\n","thumbnail_url":"https:\/\/conversesacatalunya.cat\/wp-content\/uploads\/2021\/12\/sense-llar.jpg","thumbnail_width":1600,"thumbnail_height":900,"description":"La\u00a0tragedia de los 4 muertos que se ha producido porque una familia viv\u00eda en unos bajos ocupados que no reun\u00edan condiciones de habitabilidad, pone sobre la mesa un problema francamente escandaloso, no s\u00f3lo por su dimensi\u00f3n social, sino porque era una de las banderas principales de Ada Colau: la gente que vive sin hogar, bien en la calle, bien en infraviviendas. Una cosa es la falta de vivienda para que las personas puedan encontrar un piso en condiciones, emanciparse y otras consideraciones de este tipo, y muy distinto son los que viven en un estadio mucho peor, porque no pueden pagarse una hogar o no tienen lugar en el que vivir porque no hay familia que los acoja. El caso m\u00e1s visible es el de las personas que\u00a0duermen en la calle, pero a estas hay que a\u00f1adir las que malviven en lugares absolutamente inadecuados, infraviviendas, en definitiva. No se trata de ninguna cifra grandiosa, que haga inasumible el caso. De los primeros, de los\u00a0homeless, hay como m\u00e1ximo un millar durmiendo en las calles de la ciudad, y de los que viven en espacios sin condiciones, una cifra similar que seg\u00fan el Ayuntamiento son 865 personas y que seguramente con censos m\u00e1s completos superar\u00edan al millar. Colau ha tenido\u00a0m\u00e1s de 6 a\u00f1os\u00a0para acometer un proyecto que diera salida a estas 2.000 personas. No parece un requerimiento extraordinariamente dif\u00edcil, sobre todo porque, adem\u00e1s, el Ayuntamiento dispone de finanzas muy saneadas que le permiten mucho gasto discutible y mucha celebraci\u00f3n. Las subvenciones abundan pero las que van dirigidas a resolver necesidades vitales de las personas son abiertamente insuficientes. Habr\u00eda tenido suficiente con establecer acuerdos con entidades que trabajan en este \u00e1mbito como C\u00e1ritas, Arrels y otros, y aportar la financiaci\u00f3n necesaria para llegar al final del segundo mandato con este tema pr\u00e1cticamente resuelto. No es as\u00ed y es un agravio importante que hay que a\u00f1adir a la\u00a0p\u00e9sima gesti\u00f3n\u00a0que Colau est\u00e1 haciendo de la ciudad. Mientras que las personas sufren y se ven en situaciones de extremada dificultad, el Ayuntamiento se dedica a cosas tan interesantes como impulsar la estrategia\u00a0Gendered Landscape, es decir\u00a0mirada de g\u00e9nero sobre la ciudad. Un proyecto que re\u00fane a Barcelona junto a ciudades europeas tan famosas y de primera l\u00ednea como son La Rouchelle, Panev\u0117\u017eys, Trikala y Ume\u00e5. Si se toma la molestia de buscarlas en el mapa, quiz\u00e1s sabr\u00e1 d\u00f3nde caen porque de entrada, excepto la primera, sobre las dem\u00e1s no sabemos qu\u00e9 decir. Es una muestra m\u00e1s de c\u00f3mo la ideolog\u00eda desv\u00eda la atenci\u00f3n de los problemas reales de los ciudadanos.\u00a0Lo interesante de todo es que este programa de g\u00e9nero para la ciudad llega a conclusiones tan importantes como que la falta de iluminaci\u00f3n es un riesgo.\u00a0Pero para llegar a estas conclusiones, no hace falta demasiado g\u00e9nero, y es evidente que Barcelona presenta tambi\u00e9n en este \u00e1mbito una situaci\u00f3n muy deficiente. Pero la responsabilidad no es s\u00f3lo de Ada Cola, sino que el PSC es su c\u00f3mplice necesario y defensor de sus causas cuando es necesario.\u00a0Ahora mismo la 3a teniente de la alcald\u00eda y concejala de movilidad del Ayuntamiento,\u00a0Laia Bonet, entrevistada el viernes 26 en La Vanguardia, hac\u00eda unas declaraciones que no s\u00f3lo justificaba todos los desastres sobre la movilidad interna que ha cometido el Ayuntamiento, sino que adem\u00e1s, como forma parte del manual de Colau, la responsabilidad era de los dem\u00e1s, de la Generalitat, de Cercan\u00edas y de un se\u00f1or de Logro\u00f1o que pasaba por all\u00ed. Sin duda que estas otras instancias no hacen bien su papel, pero tambi\u00e9n es evidente que lo que est\u00e1 haciendo el Ayuntamiento castiga duramente la movilidad, y que lo que predican es una entelequia. Cuando dice que la ciudad debe apostar por el transporte p\u00fablico, formula una obviedad y cuando a\u00f1ade que el otro gran instrumento es la bicicleta, Laia Bonet demuestra desconocer la realidad porque ese instrumento que los peatones tienen muy presente por la forma c\u00f3mo coloniza las aceras, s\u00f3lo representa un 3% del total de desplazamientos y sin embargo se le otorga por razones ideol\u00f3gicas un papel que no le corresponde. De hecho est\u00e1 claramente siendo ultrapasado por el patinete. Todo ello dibuja un universo municipal de personas complacidas consigo mismas incapaces de formular la m\u00e1s ligera autocr\u00edtica y sin margen de rectificar. Y esto desgraciadamente no s\u00f3lo afecta a Colau y a los Comunes, sino que tambi\u00e9n es el mismo problema que presentan los socialistas."}

La tragedia de los 4 muertos que se ha producido porque una familia vivía en unos bajos ocupados que no reunían condiciones de habitabilidad, pone sobre la mesa un problema francamente escandaloso, no sólo por su dimensión social, sino porque era una de las banderas principales de Ada Colau: la gente que vive sin hogar, bien en la calle, bien en infraviviendas. Una cosa es la falta de vivienda para que las personas puedan encontrar un piso en condiciones, emanciparse y otras consideraciones de este tipo, y muy distinto son los que viven en un estadio mucho peor, porque no pueden pagarse una hogar o no tienen lugar en el que vivir porque no hay familia que los acoja. El caso más visible es el de las personas que duermen en la calle, pero a estas hay que añadir las que malviven en lugares absolutamente inadecuados, infraviviendas, en definitiva. No se trata de ninguna cifra grandiosa, que haga inasumible el caso. De los primeros, de los homeless, hay como máximo un millar durmiendo en las calles de la ciudad, y de los que viven en espacios sin condiciones, una cifra similar que según el Ayuntamiento son 865 personas y que seguramente con censos más completos superarían al millar. Colau ha tenido más de 6 años para acometer un proyecto que diera salida a estas 2.000 personas. No parece un requerimiento extraordinariamente difícil, sobre todo porque, además, el Ayuntamiento dispone de finanzas muy saneadas que le permiten mucho gasto discutible y mucha celebración. Las subvenciones abundan pero las que van dirigidas a resolver necesidades vitales de las personas son abiertamente insuficientes. Habría tenido suficiente con establecer acuerdos con entidades que trabajan en este ámbito como Cáritas, Arrels y otros, y aportar la financiación necesaria para llegar al final del segundo mandato con este tema prácticamente resuelto. No es así y es un agravio importante que hay que añadir a la pésima gestión que Colau está haciendo de la ciudad. Mientras que las personas sufren y se ven en situaciones de extremada dificultad, el Ayuntamiento se dedica a cosas tan interesantes como impulsar la estrategia Gendered Landscape, es decir mirada de género sobre la ciudad. Un proyecto que reúne a Barcelona junto a ciudades europeas tan famosas y de primera línea como son La Rouchelle, Panevėžys, Trikala y Umeå. Si se toma la molestia de buscarlas en el mapa, quizás sabrá dónde caen porque de entrada, excepto la primera, sobre las demás no sabemos qué decir. Es una muestra más de cómo la ideología desvía la atención de los problemas reales de los ciudadanos. Lo interesante de todo es que este programa de género para la ciudad llega a conclusiones tan importantes como que la falta de iluminación es un riesgo. Pero para llegar a estas conclusiones, no hace falta demasiado género, y es evidente que Barcelona presenta también en este ámbito una situación muy deficiente. Pero la responsabilidad no es sólo de Ada Cola, sino que el PSC es su cómplice necesario y defensor de sus causas cuando es necesario. Ahora mismo la 3a teniente de la alcaldía y concejala de movilidad del Ayuntamiento, Laia Bonet, entrevistada el viernes 26 en La Vanguardia, hacía unas declaraciones que no sólo justificaba todos los desastres sobre la movilidad interna que ha cometido el Ayuntamiento, sino que además, como forma parte del manual de Colau, la responsabilidad era de los demás, de la Generalitat, de Cercanías y de un señor de Logroño que pasaba por allí. Sin duda que estas otras instancias no hacen bien su papel, pero también es evidente que lo que está haciendo el Ayuntamiento castiga duramente la movilidad, y que lo que predican es una entelequia. Cuando dice que la ciudad debe apostar por el transporte público, formula una obviedad y cuando añade que el otro gran instrumento es la bicicleta, Laia Bonet demuestra desconocer la realidad porque ese instrumento que los peatones tienen muy presente por la forma cómo coloniza las aceras, sólo representa un 3% del total de desplazamientos y sin embargo se le otorga por razones ideológicas un papel que no le corresponde. De hecho está claramente siendo ultrapasado por el patinete. Todo ello dibuja un universo municipal de personas complacidas consigo mismas incapaces de formular la más ligera autocrítica y sin margen de rectificar. Y esto desgraciadamente no sólo afecta a Colau y a los Comunes, sino que también es el mismo problema que presentan los socialistas.
