{"version":"1.0","provider_name":"Converses a Catalunya","provider_url":"https:\/\/conversesacatalunya.cat\/es\/","title":"Del fin del estado de alarma al \"sorpaso\" del PP - Converses a Catalunya","type":"rich","width":600,"height":338,"html":"<blockquote class=\"wp-embedded-content\" data-secret=\"2mOR0GOLOp\"><a href=\"https:\/\/conversesacatalunya.cat\/es\/fin-del-estado-de-alarma\/\">Del fin del estado de alarma al \u00absorpaso\u00bb del PP<\/a><\/blockquote><iframe sandbox=\"allow-scripts\" security=\"restricted\" src=\"https:\/\/conversesacatalunya.cat\/es\/fin-del-estado-de-alarma\/embed\/#?secret=2mOR0GOLOp\" width=\"600\" height=\"338\" title=\"\u00abDel fin del estado de alarma al \u00absorpaso\u00bb del PP\u00bb \u2014 Converses a Catalunya\" data-secret=\"2mOR0GOLOp\" frameborder=\"0\" marginwidth=\"0\" marginheight=\"0\" scrolling=\"no\" class=\"wp-embedded-content\"><\/iframe><script>\n\/*! This file is auto-generated *\/\n!function(d,l){\"use strict\";l.querySelector&&d.addEventListener&&\"undefined\"!=typeof URL&&(d.wp=d.wp||{},d.wp.receiveEmbedMessage||(d.wp.receiveEmbedMessage=function(e){var t=e.data;if((t||t.secret||t.message||t.value)&&!\/[^a-zA-Z0-9]\/.test(t.secret)){for(var s,r,n,a=l.querySelectorAll('iframe[data-secret=\"'+t.secret+'\"]'),o=l.querySelectorAll('blockquote[data-secret=\"'+t.secret+'\"]'),c=new RegExp(\"^https?:$\",\"i\"),i=0;i<o.length;i++)o[i].style.display=\"none\";for(i=0;i<a.length;i++)s=a[i],e.source===s.contentWindow&&(s.removeAttribute(\"style\"),\"height\"===t.message?(1e3<(r=parseInt(t.value,10))?r=1e3:~~r<200&&(r=200),s.height=r):\"link\"===t.message&&(r=new URL(s.getAttribute(\"src\")),n=new URL(t.value),c.test(n.protocol))&&n.host===r.host&&l.activeElement===s&&(d.top.location.href=t.value))}},d.addEventListener(\"message\",d.wp.receiveEmbedMessage,!1),l.addEventListener(\"DOMContentLoaded\",function(){for(var e,t,s=l.querySelectorAll(\"iframe.wp-embedded-content\"),r=0;r<s.length;r++)(t=(e=s[r]).getAttribute(\"data-secret\"))||(t=Math.random().toString(36).substring(2,12),e.src+=\"#?secret=\"+t,e.setAttribute(\"data-secret\",t)),e.contentWindow.postMessage({message:\"ready\",secret:t},\"*\")},!1)))}(window,document);\n<\/script>\n","thumbnail_url":"https:\/\/conversesacatalunya.cat\/wp-content\/uploads\/2021\/05\/fi-estat-dalarma.jpg","thumbnail_width":1920,"thumbnail_height":1080,"description":"Hay que pasar cuentas una vez el estado de alarma, largo, muy largo, finaliz\u00f3. En principio no tiene que volver, y si vuelve querr\u00e1 decir que la forma en que se le ha puesto punto final ha sido\u00a0un fracaso, lo que cuestionar\u00eda la continuidad del actual gobierno porque habr\u00eda repetido lo que hizo cuando decret\u00f3 el verano pasado la \u00abnueva normalidad\u00bb, que llev\u00f3 a la segunda ola. Hay que decir que es el \u00fanico gobierno del mundo que, reconociendo oficialmente la gravedad de la pandemia, no asume la direcci\u00f3n. El riesgo de un fin de restricciones presentado como si fuera la celebraci\u00f3n de a\u00f1o nuevo, combinado con un hedonismo amante de la fiesta desatado que tiene un trasfondo generacional insolidario, crea un interrogante importante a las puertas del verano. Sea como sea, ahora es el\u00a0momento de rendir cuentas, de lo que el gobierno ha ido posponiendo y que ahora ya no tiene ning\u00fan argumento para hacerlo. Es el momento de contar los muertos, muchos, demasiados por la dimensi\u00f3n de la poblaci\u00f3n espa\u00f1ola. 123.000 seg\u00fan\u00a0el \u00faltimo recuento internacional, que eleva a\u00a0900.000, por ejemplo, los muertos reales en EEUU.\u00a0La proporci\u00f3n entre un pa\u00eds y otro es casi id\u00e9ntica.\u00a0S\u00f3lo estamos un 4% por debajo y la gesti\u00f3n de Trump durante una buena parte de la pandemia fue de esc\u00e1ndalo. S\u00ed, hay que dar cuenta de c\u00f3mo han sido posibles tantos muertos.\u00a0Tambi\u00e9n para hacer aflorar las graves secuelas de cerca\u00a0de un centenar de miles de personas que han pasado la Covid-19, pero que no superan muchas de sus consecuencias, sin que haya ni una metodolog\u00eda, ni un plan para atenderlas. Es el momento de conocer los fallos del sistema hospitalario, de d\u00f3nde y cu\u00e1ndo se produjo el cribado por edad, un hecho tr\u00e1gicamente hist\u00f3rico desgraciadamente. Hay que saber cu\u00e1l es el estado de las otras patolog\u00edas, que no son la Covid-19, que han quedado marginadas y qu\u00e9 previsiones hay para reabsorber para normalizar la situaci\u00f3n. Importa reajustar el sistema de dependencia y reducir sustancialmente las listas de espera, m\u00e1s cuando en muchos centros se han producido bajas por fallecimiento. Es necesario garantizar que el personal que trabaja en toda Espa\u00f1a est\u00e9 vacunado. Es vital valorar el acierto y error de las medidas adoptadas a lo largo de m\u00e1s de un a\u00f1o, tanto en la fase de la direcci\u00f3n centralizada y restricci\u00f3n total, como en la de la dispersi\u00f3n auton\u00f3mica. La casu\u00edstica es tan diversa que es un buen laboratorio para averiguar qu\u00e9 es lo que funciona y qu\u00e9 no, y cu\u00e1les son los l\u00edmites de compatibilidad entre restricciones y actividad econ\u00f3mica. Hay que analizar por qu\u00e9\u00a0los efectos sobre la econom\u00eda han sido tan grandes y si pod\u00edan haberse suavizado, ya que todo esto tiene una importancia capital para el futuro, porque esta es una historia inacabada. Y sobre todo hay que identificar todo lo que necesitamos para tener una buena capacidad de previsi\u00f3n y control de enfermedades\u00a0contagiosas. Todo ello ha de dar pie a un\u00a0libro blanco\u00a0que signifique encarar el futuro bajo un lema\u00a0\u00abnunca m\u00e1s\u00ab.\u00a0Para llevar a cabo este pasar cuentas hay, evidentemente, una\u00a0comisi\u00f3n espec\u00edfica del Congreso, pero si lo dej\u00e1ramos aqu\u00ed correr\u00edamos el riesgo de que una vez m\u00e1s la partitocracia convirtiera el diagn\u00f3stico en un maldito l\u00edo.\u00a0Ha de haber adem\u00e1s una comisi\u00f3n independiente de expertos\u00a0nombrada por las sociedades cient\u00edficas del pa\u00eds y los colegios profesionales del \u00e1mbito sanitario. Exigir este pasar cuentas es un imperativo c\u00edvico, la mejor garant\u00eda para nuestro futuro, plan de recuperaci\u00f3n incluido. Con el fin del estado de alarma, tambi\u00e9n parece que se produzca, seg\u00fan rastrean las primeras encuestas, un \u00absorpaso\u00bb del PP con Vox como tercera fuerza, lo que dar\u00eda la mayor\u00eda relativa a este bloque pero, por muy optimistas que sean los datos, tambi\u00e9n ponen de relieve otra realidad: mientras pr\u00e1cticamente todas las dem\u00e1s minor\u00edas representadas en el Congreso apoyen al PSOE, la alternativa gubernamental del PP es inviable.\u00a0En este escenario\u00a0el peso de Catalu\u00f1a es arrollador: 13 diputados de ERC, 8 de JXC y PDECAT, 1 de la CUP, m\u00e1s los socialistas y los comunes.\u00a0Ante esto, el PP y sus posibles aliados tienen una presencia poco m\u00e1s que testimonial.\u00a0En otros t\u00e9rminos, sin\u00a0un cambio sustancial de la correlaci\u00f3n de fuerzas en Catalu\u00f1a, El PP dif\u00edcilmente volver\u00eda a gobernar en Espa\u00f1a. &nbsp; &nbsp;"}

Hay que pasar cuentas una vez el estado de alarma, largo, muy largo, finalizó. En principio no tiene que volver, y si vuelve querrá decir que la forma en que se le ha puesto punto final ha sido un fracaso, lo que cuestionaría la continuidad del actual gobierno porque habría repetido lo que hizo cuando decretó el verano pasado la «nueva normalidad», que llevó a la segunda ola. Hay que decir que es el único gobierno del mundo que, reconociendo oficialmente la gravedad de la pandemia, no asume la dirección. El riesgo de un fin de restricciones presentado como si fuera la celebración de año nuevo, combinado con un hedonismo amante de la fiesta desatado que tiene un trasfondo generacional insolidario, crea un interrogante importante a las puertas del verano. Sea como sea, ahora es el momento de rendir cuentas, de lo que el gobierno ha ido posponiendo y que ahora ya no tiene ningún argumento para hacerlo. Es el momento de contar los muertos, muchos, demasiados por la dimensión de la población española. 123.000 según el último recuento internacional, que eleva a 900.000, por ejemplo, los muertos reales en EEUU. La proporción entre un país y otro es casi idéntica. Sólo estamos un 4% por debajo y la gestión de Trump durante una buena parte de la pandemia fue de escándalo. Sí, hay que dar cuenta de cómo han sido posibles tantos muertos. También para hacer aflorar las graves secuelas de cerca de un centenar de miles de personas que han pasado la Covid-19, pero que no superan muchas de sus consecuencias, sin que haya ni una metodología, ni un plan para atenderlas. Es el momento de conocer los fallos del sistema hospitalario, de dónde y cuándo se produjo el cribado por edad, un hecho trágicamente histórico desgraciadamente. Hay que saber cuál es el estado de las otras patologías, que no son la Covid-19, que han quedado marginadas y qué previsiones hay para reabsorber para normalizar la situación. Importa reajustar el sistema de dependencia y reducir sustancialmente las listas de espera, más cuando en muchos centros se han producido bajas por fallecimiento. Es necesario garantizar que el personal que trabaja en toda España esté vacunado. Es vital valorar el acierto y error de las medidas adoptadas a lo largo de más de un año, tanto en la fase de la dirección centralizada y restricción total, como en la de la dispersión autonómica. La casuística es tan diversa que es un buen laboratorio para averiguar qué es lo que funciona y qué no, y cuáles son los límites de compatibilidad entre restricciones y actividad económica. Hay que analizar por qué los efectos sobre la economía han sido tan grandes y si podían haberse suavizado, ya que todo esto tiene una importancia capital para el futuro, porque esta es una historia inacabada. Y sobre todo hay que identificar todo lo que necesitamos para tener una buena capacidad de previsión y control de enfermedades contagiosas. Todo ello ha de dar pie a un libro blanco que signifique encarar el futuro bajo un lema «nunca más«. Para llevar a cabo este pasar cuentas hay, evidentemente, una comisión específica del Congreso, pero si lo dejáramos aquí correríamos el riesgo de que una vez más la partitocracia convirtiera el diagnóstico en un maldito lío. Ha de haber además una comisión independiente de expertos nombrada por las sociedades científicas del país y los colegios profesionales del ámbito sanitario. Exigir este pasar cuentas es un imperativo cívico, la mejor garantía para nuestro futuro, plan de recuperación incluido. Con el fin del estado de alarma, también parece que se produzca, según rastrean las primeras encuestas, un «sorpaso» del PP con Vox como tercera fuerza, lo que daría la mayoría relativa a este bloque pero, por muy optimistas que sean los datos, también ponen de relieve otra realidad: mientras prácticamente todas las demás minorías representadas en el Congreso apoyen al PSOE, la alternativa gubernamental del PP es inviable. En este escenario el peso de Cataluña es arrollador: 13 diputados de ERC, 8 de JXC y PDECAT, 1 de la CUP, más los socialistas y los comunes. Ante esto, el PP y sus posibles aliados tienen una presencia poco más que testimonial. En otros términos, sin un cambio sustancial de la correlación de fuerzas en Cataluña, El PP difícilmente volvería a gobernar en España. &nbsp; &nbsp;
