{"version":"1.0","provider_name":"Converses a Catalunya","provider_url":"https:\/\/conversesacatalunya.cat\/es\/","title":"Exposici\u00f3n: \"El bar de la se\u00f1ora Olvido\" - Converses a Catalunya","type":"rich","width":600,"height":338,"html":"<blockquote class=\"wp-embedded-content\" data-secret=\"aoVcOpoBzR\"><a href=\"https:\/\/conversesacatalunya.cat\/es\/exposicion-el-bar-de-la-senora-olvido\/\">Exposici\u00f3n: \u00abEl bar de la se\u00f1ora Olvido\u00bb<\/a><\/blockquote><iframe sandbox=\"allow-scripts\" security=\"restricted\" src=\"https:\/\/conversesacatalunya.cat\/es\/exposicion-el-bar-de-la-senora-olvido\/embed\/#?secret=aoVcOpoBzR\" width=\"600\" height=\"338\" title=\"\u00abExposici\u00f3n: \u00abEl bar de la se\u00f1ora Olvido\u00bb\u00bb \u2014 Converses a Catalunya\" data-secret=\"aoVcOpoBzR\" frameborder=\"0\" marginwidth=\"0\" marginheight=\"0\" scrolling=\"no\" class=\"wp-embedded-content\"><\/iframe><script>\n\/*! This file is auto-generated *\/\n!function(d,l){\"use strict\";l.querySelector&&d.addEventListener&&\"undefined\"!=typeof URL&&(d.wp=d.wp||{},d.wp.receiveEmbedMessage||(d.wp.receiveEmbedMessage=function(e){var t=e.data;if((t||t.secret||t.message||t.value)&&!\/[^a-zA-Z0-9]\/.test(t.secret)){for(var s,r,n,a=l.querySelectorAll('iframe[data-secret=\"'+t.secret+'\"]'),o=l.querySelectorAll('blockquote[data-secret=\"'+t.secret+'\"]'),c=new RegExp(\"^https?:$\",\"i\"),i=0;i<o.length;i++)o[i].style.display=\"none\";for(i=0;i<a.length;i++)s=a[i],e.source===s.contentWindow&&(s.removeAttribute(\"style\"),\"height\"===t.message?(1e3<(r=parseInt(t.value,10))?r=1e3:~~r<200&&(r=200),s.height=r):\"link\"===t.message&&(r=new URL(s.getAttribute(\"src\")),n=new URL(t.value),c.test(n.protocol))&&n.host===r.host&&l.activeElement===s&&(d.top.location.href=t.value))}},d.addEventListener(\"message\",d.wp.receiveEmbedMessage,!1),l.addEventListener(\"DOMContentLoaded\",function(){for(var e,t,s=l.querySelectorAll(\"iframe.wp-embedded-content\"),r=0;r<s.length;r++)(t=(e=s[r]).getAttribute(\"data-secret\"))||(t=Math.random().toString(36).substring(2,12),e.src+=\"#?secret=\"+t,e.setAttribute(\"data-secret\",t)),e.contentWindow.postMessage({message:\"ready\",secret:t},\"*\")},!1)))}(window,document);\n<\/script>\n","thumbnail_url":"https:\/\/conversesacatalunya.cat\/wp-content\/uploads\/2020\/06\/ElBar_Olvido.jpg","thumbnail_width":1000,"thumbnail_height":662,"description":"Esta exposici\u00f3n presenta \u00edntegramente y por primera vez el reportaje fotogr\u00e1fico que Rafel Bernis (Barcelona, 1945) hizo en 1979 en un bar situado en el antiguo barrio chino de Barcelona. Sus im\u00e1genes, distantes del realismo de los cincuenta y sesenta, pero tambi\u00e9n ajenas a la fotograf\u00eda \u00abcreativa\u00bb de los setenta,\u00a0documentan los usos de ciertos espacios de socializaci\u00f3n hoy inexistentes. Durante el a\u00f1o 1979 Rafel Bernis (Barcelona, 1945) fotografi\u00f3 el tr\u00e1fico de clientes que frecuentaban un bar situado al final de la Rambla y en pleno epicentro de lo que entonces se conoc\u00eda como el barrio Chino , en la calle San Ramon esquina Marqu\u00e9s de Barber\u00e0 . Lo hizo mezcl\u00e1ndose con los parroquianos habituales, sin que la presencia de su c\u00e1mara alterara aquel establecimiento que regentaba la se\u00f1ora Olvido. El resultado es una serie fotogr\u00e1fica que documenta un momento y un lugar en la historia de Barcelona, \u200b\u200bunos usos de ciertos espacios de socializaci\u00f3n y, finalmente, el reverso de las planificaciones urbanas que, favorecidas por la Transici\u00f3n y tomando la cultura como punta de lanza, cambiar\u00edan los modos de habitar la ciudad en los tiempos venideros. Las im\u00e1genes de Bernis alejan del proyecto del realismo humanista que imper\u00f3 en la fotograf\u00eda espa\u00f1ola entre mediados de los a\u00f1os cincuenta y el primer tercio de los sesenta.\u00a0Asimismo, tambi\u00e9n se sit\u00faan lejos de los fot\u00f3grafos catalanes de los setenta, los cuales impugnaron la generaci\u00f3n anterior por la v\u00eda art\u00edstica o \u00abcreativa\u00bb, seg\u00fan se dec\u00eda entonces. Observando este reportaje parece inevitable referirse a las instant\u00e1neas que Anders Petersen hizo del Caf\u00e9 Lehmitz en Hamburgo, que vieron la luz en un libro que se public\u00f3 en una fecha similar, en 1978, aunque son de 1967. Sin embargo, a diferencia de estas fotograf\u00edas y otras ret\u00f3ricas visuales que muestran la marginaci\u00f3n desde posiciones entra\u00f1ables, discriminatorias y bienintencionadas, lo que quiz\u00e1 otorga un estatus diferente en El bar de la se\u00f1ora Olvido es la disoluci\u00f3n de las fronteras entre el espacio pol\u00edtico de la representaci\u00f3n, el espacio teatral de las relaciones humanas y el espacio ficticio de la fotograf\u00eda. M\u00e1s all\u00e1 de la mirada burguesa hacia las fiestas de las clases populares, con sus tics ex\u00f3ticos\u00a0y sus idealizaciones heroicas, casi no hay documentos fotogr\u00e1ficos que ilustren c\u00f3mo eran los bares donde alternaba el lumpenproletariado emigrante en la Barcelona de finales de la dictadura e inicios de la democracia. Sin embargo, parte de la relevancia de esta serie procede de su anacronismo, de la imagen que proyecta sobre\u00a0las inminentes transformaciones que modificaron el barrio Chino en el Raval\u00a0. Los procesos de gentrificaci\u00f3n, unidos a las diversas acupunturas urbanas, hicieron que establecimientos como el que registra Bernis hayan desaparecido o frecuentados por otro tipo de usuarios. El chafl\u00e1n donde estuvo situado el bar de la se\u00f1ora Olvido hoy en d\u00eda es un espacio al aire libre. Parad\u00f3jicamente se llama\u00a0plaza de Pieyre de Mandiargues , una denominaci\u00f3n que homenajea el autor de la novela Al margen (1967), que narra la Barcelona prost\u00edbulos de los a\u00f1os sesenta y que transcurre por estos mismos callejones. Visto desde los nuevos paisajes socioecon\u00f3micos del Raval, El bar de la se\u00f1ora Olvido documenta cierto instante epigonal:\u00a0el de una Barcelona que conservaba rasgos de pueblo mientras pretend\u00eda ser metr\u00f3polis\u00a0;\u00a0el de una urbe que, tratando de transformarse en modelo, manten\u00eda amplias zonas todav\u00eda reacios a convertirse en una marca neoliberal. Fecha exposici\u00f3n: Del 06\/09\/20 al 09\/27\/20 Lugar:\u00a0La Virreina Centro de la Imagen\u00a0(c \/ La Rambla, 99 -08002- Barcelona horarios: d\u00edas horas precios De martes a domingos y festivos de 11: 00h a 20: 00h Entrada Gratuita. &nbsp;"}

Exposición: "El bar de la señora Olvido" - Converses a Catalunya

<blockquote class="wp-embedded-content" data-secret="aoVcOpoBzR"><a href="https://conversesacatalunya.cat/es/exposicion-el-bar-de-la-senora-olvido/">Exposición: «El bar de la señora Olvido»</a></blockquote><iframe sandbox="allow-scripts" security="restricted" src="https://conversesacatalunya.cat/es/exposicion-el-bar-de-la-senora-olvido/embed/#?secret=aoVcOpoBzR" width="600" height="338" title="«Exposición: «El bar de la señora Olvido»» — Converses a Catalunya" data-secret="aoVcOpoBzR" frameborder="0" marginwidth="0" marginheight="0" scrolling="no" class="wp-embedded-content"></iframe><script>
/*! This file is auto-generated */
!function(d,l){"use strict";l.querySelector&&d.addEventListener&&"undefined"!=typeof URL&&(d.wp=d.wp||{},d.wp.receiveEmbedMessage||(d.wp.receiveEmbedMessage=function(e){var t=e.data;if((t||t.secret||t.message||t.value)&&!/[^a-zA-Z0-9]/.test(t.secret)){for(var s,r,n,a=l.querySelectorAll('iframe[data-secret="'+t.secret+'"]'),o=l.querySelectorAll('blockquote[data-secret="'+t.secret+'"]'),c=new RegExp("^https?:$","i"),i=0;i<o.length;i++)o[i].style.display="none";for(i=0;i<a.length;i++)s=a[i],e.source===s.contentWindow&&(s.removeAttribute("style"),"height"===t.message?(1e3<(r=parseInt(t.value,10))?r=1e3:~~r<200&&(r=200),s.height=r):"link"===t.message&&(r=new URL(s.getAttribute("src")),n=new URL(t.value),c.test(n.protocol))&&n.host===r.host&&l.activeElement===s&&(d.top.location.href=t.value))}},d.addEventListener("message",d.wp.receiveEmbedMessage,!1),l.addEventListener("DOMContentLoaded",function(){for(var e,t,s=l.querySelectorAll("iframe.wp-embedded-content"),r=0;r<s.length;r++)(t=(e=s[r]).getAttribute("data-secret"))||(t=Math.random().toString(36).substring(2,12),e.src+="#?secret="+t,e.setAttribute("data-secret",t)),e.contentWindow.postMessage({message:"ready",secret:t},"*")},!1)))}(window,document);
</script>

Esta exposición presenta íntegramente y por primera vez el reportaje fotográfico que Rafel Bernis (Barcelona, 1945) hizo en 1979 en un bar situado en el antiguo barrio chino de Barcelona. Sus imágenes, distantes del realismo de los cincuenta y sesenta, pero también ajenas a la fotografía «creativa» de los setenta, documentan los usos de ciertos espacios de socialización hoy inexistentes. Durante el año 1979 Rafel Bernis (Barcelona, 1945) fotografió el tráfico de clientes que frecuentaban un bar situado al final de la Rambla y en pleno epicentro de lo que entonces se conocía como el barrio Chino , en la calle San Ramon esquina Marqués de Barberà . Lo hizo mezclándose con los parroquianos habituales, sin que la presencia de su cámara alterara aquel establecimiento que regentaba la señora Olvido. El resultado es una serie fotográfica que documenta un momento y un lugar en la historia de Barcelona, ​​unos usos de ciertos espacios de socialización y, finalmente, el reverso de las planificaciones urbanas que, favorecidas por la Transición y tomando la cultura como punta de lanza, cambiarían los modos de habitar la ciudad en los tiempos venideros. Las imágenes de Bernis alejan del proyecto del realismo humanista que imperó en la fotografía española entre mediados de los años cincuenta y el primer tercio de los sesenta. Asimismo, también se sitúan lejos de los fotógrafos catalanes de los setenta, los cuales impugnaron la generación anterior por la vía artística o «creativa», según se decía entonces. Observando este reportaje parece inevitable referirse a las instantáneas que Anders Petersen hizo del Café Lehmitz en Hamburgo, que vieron la luz en un libro que se publicó en una fecha similar, en 1978, aunque son de 1967. Sin embargo, a diferencia de estas fotografías y otras retóricas visuales que muestran la marginación desde posiciones entrañables, discriminatorias y bienintencionadas, lo que quizá otorga un estatus diferente en El bar de la señora Olvido es la disolución de las fronteras entre el espacio político de la representación, el espacio teatral de las relaciones humanas y el espacio ficticio de la fotografía. Más allá de la mirada burguesa hacia las fiestas de las clases populares, con sus tics exóticos y sus idealizaciones heroicas, casi no hay documentos fotográficos que ilustren cómo eran los bares donde alternaba el lumpenproletariado emigrante en la Barcelona de finales de la dictadura e inicios de la democracia. Sin embargo, parte de la relevancia de esta serie procede de su anacronismo, de la imagen que proyecta sobre las inminentes transformaciones que modificaron el barrio Chino en el Raval . Los procesos de gentrificación, unidos a las diversas acupunturas urbanas, hicieron que establecimientos como el que registra Bernis hayan desaparecido o frecuentados por otro tipo de usuarios. El chaflán donde estuvo situado el bar de la señora Olvido hoy en día es un espacio al aire libre. Paradójicamente se llama plaza de Pieyre de Mandiargues , una denominación que homenajea el autor de la novela Al margen (1967), que narra la Barcelona prostíbulos de los años sesenta y que transcurre por estos mismos callejones. Visto desde los nuevos paisajes socioeconómicos del Raval, El bar de la señora Olvido documenta cierto instante epigonal: el de una Barcelona que conservaba rasgos de pueblo mientras pretendía ser metrópolis ; el de una urbe que, tratando de transformarse en modelo, mantenía amplias zonas todavía reacios a convertirse en una marca neoliberal. Fecha exposición: Del 06/09/20 al 09/27/20 Lugar: La Virreina Centro de la Imagen (c / La Rambla, 99 -08002- Barcelona horarios: días horas precios De martes a domingos y festivos de 11: 00h a 20: 00h Entrada Gratuita. &nbsp;
