{"version":"1.0","provider_name":"Converses a Catalunya","provider_url":"https:\/\/conversesacatalunya.cat\/es\/","title":"Europa, \u00bfun continente agotado? - Converses a Catalunya","type":"rich","width":600,"height":338,"html":"<blockquote class=\"wp-embedded-content\" data-secret=\"yVqBTRQx7I\"><a href=\"https:\/\/conversesacatalunya.cat\/es\/europa-economia-politica\/\">Europa, \u00bfun continente agotado?<\/a><\/blockquote><iframe sandbox=\"allow-scripts\" security=\"restricted\" src=\"https:\/\/conversesacatalunya.cat\/es\/europa-economia-politica\/embed\/#?secret=yVqBTRQx7I\" width=\"600\" height=\"338\" title=\"\u00abEuropa, \u00bfun continente agotado?\u00bb \u2014 Converses a Catalunya\" data-secret=\"yVqBTRQx7I\" frameborder=\"0\" marginwidth=\"0\" marginheight=\"0\" scrolling=\"no\" class=\"wp-embedded-content\"><\/iframe><script>\n\/*! This file is auto-generated *\/\n!function(d,l){\"use strict\";l.querySelector&&d.addEventListener&&\"undefined\"!=typeof URL&&(d.wp=d.wp||{},d.wp.receiveEmbedMessage||(d.wp.receiveEmbedMessage=function(e){var t=e.data;if((t||t.secret||t.message||t.value)&&!\/[^a-zA-Z0-9]\/.test(t.secret)){for(var s,r,n,a=l.querySelectorAll('iframe[data-secret=\"'+t.secret+'\"]'),o=l.querySelectorAll('blockquote[data-secret=\"'+t.secret+'\"]'),c=new RegExp(\"^https?:$\",\"i\"),i=0;i<o.length;i++)o[i].style.display=\"none\";for(i=0;i<a.length;i++)s=a[i],e.source===s.contentWindow&&(s.removeAttribute(\"style\"),\"height\"===t.message?(1e3<(r=parseInt(t.value,10))?r=1e3:~~r<200&&(r=200),s.height=r):\"link\"===t.message&&(r=new URL(s.getAttribute(\"src\")),n=new URL(t.value),c.test(n.protocol))&&n.host===r.host&&l.activeElement===s&&(d.top.location.href=t.value))}},d.addEventListener(\"message\",d.wp.receiveEmbedMessage,!1),l.addEventListener(\"DOMContentLoaded\",function(){for(var e,t,s=l.querySelectorAll(\"iframe.wp-embedded-content\"),r=0;r<s.length;r++)(t=(e=s[r]).getAttribute(\"data-secret\"))||(t=Math.random().toString(36).substring(2,12),e.src+=\"#?secret=\"+t,e.setAttribute(\"data-secret\",t)),e.contentWindow.postMessage({message:\"ready\",secret:t},\"*\")},!1)))}(window,document);\n<\/script>\n","thumbnail_url":"https:\/\/conversesacatalunya.cat\/wp-content\/uploads\/2021\/05\/banderas-europa.jpg","thumbnail_width":1920,"thumbnail_height":1080,"description":"La zona euro est\u00e1 de nuevo atrapada en la recesi\u00f3n. Comparado con el desempe\u00f1o econ\u00f3mico de los otros continentes, se trata de un fen\u00f3meno anormal, que deber\u00eda preocupar, y mucho, a nuestros dirigentes. En concreto, el PIB europeo retrocedi\u00f3 un 0,6% respecto a los tres \u00faltimos meses de 2020, durante los cu\u00e1les ya hab\u00eda perdido 0,7 puntos porcentuales en comparaci\u00f3n al trimestre anterior. Las cifras son particularmente malas comparadas con las de las otras dos principales econom\u00edas del mundo: Estados Unidos creci\u00f3 un 1,6% en el primer trimestre del 2021, y China lo hizo en un 0,6. Al menos una parte de esta diferencia se puede explicar por las medidas restrictivas impuestas por los gobiernos europeos para hacer frente a la tercera ola de la pandemia. Si embargo, con una mirada m\u00e1s profunda, Europa est\u00e1 mostrando signos de una fatiga que no puede explicarse solamente por la pandemia de Covid-19. En primer lugar, si las medidas han sido m\u00e1s estrictas (y tambi\u00e9n ca\u00f3ticas), es porque los pa\u00edses europeos siguen vacunando a un ritmo claramente inferior al de los Estados Unidos o Reino Unido. Ello demuestra una flagrante falta de medios materiales y de capacidades organizativas. En segundo lugar, la lentitud de la vacunaci\u00f3n en Europa se explica tambi\u00e9n porque ninguno de los pa\u00edses de la Uni\u00f3n Europea ha sido capaz de producir con \u00e9xito su propia vacuna, dej\u00e1ndonos a merced de aqu\u00e9llos que s\u00ed la han conseguido. Se trata de una derrota flagrante para la ciencia y para la industria europeas. En tercer lugar, hay que considerar que la vacunaci\u00f3n masiva no es la \u00fanica estrategia posible para aplastar la epidemia. China y otros muchos pa\u00edses asi\u00e1ticos han reducido virtualmente a cero sus contagios imponiendo medidas estrictas y haciendo que sus ciudadanos las respeten. En Europa este modelo se ha demostrado imposible. \u00bfSi la sociedad europea responde con tal flaqueza ante un virus tan poco mort\u00edfero, c\u00f3mo lo har\u00e1 ante una crisis realmente grave, como una guerra? Claro est\u00e1 que las culturas y los valores asi\u00e1ticos y europeos difieren, pero la falta de disciplina y de constancia que tanto gobiernos como ciudadanos europeos han demostrado nos ha dejado en evidencia. \u00bfSi la sociedad europea responde con tal flaqueza ante un virus tan poco mort\u00edfero, c\u00f3mo lo har\u00e1 ante una crisis realmente grave, como una guerra? En el campo estrictamente econ\u00f3mico, es cierto que las previsiones para el futuro a medio plazo son m\u00e1s optimistas. El Banco Central Europeo prev\u00e9 que a finales de a\u00f1o el PIB de la eurozona haya aumentado un 4%, y que la econom\u00eda recupere su nivel previo a la pandemia el a\u00f1o que viene. No obstante, es de nuevo la comparaci\u00f3n con las otras potencias la que deber\u00eda preocupar. Estados Unidos recuperar\u00e1 dentro de pocas semanas el PIB que ten\u00eda a comienzos de 2020, y China ya lo ha hecho. El retraso europeo ser\u00e1 muy dif\u00edcil de recuperar. M\u00e1s a\u00fan si se tiene en cuenta que las empresas europeas despuntan cada vez menos en los vectores clave de crecimiento, como la electrificaci\u00f3n autom\u00f3vil, las tecnolog\u00edas vinculadas al hidr\u00f3geno, los superconductores, la electr\u00f3nica, la tecnolog\u00eda espacial o la inteligencia artificial. El panorama es a\u00fan m\u00e1s preocupante si miramos m\u00e1s all\u00e1 de la econom\u00eda. Europa ha demostrado que no sabe, o no puede, gestionar de forma com\u00fan sus problemas internos m\u00e1s all\u00e1 del mercado \u00fanico. Tanto Bruselas como las capitales europeas son incapaces de tomar decisiones de alcance estrat\u00e9gico. Parecen haber olvidado como gestionar nada que vaya m\u00e1s all\u00e1 de lo cotidiano. Bruselas, y cada uno de sus estados miembro, parecen agotados e incapaces de afrontar la tan necesaria reconstrucci\u00f3n econ\u00f3mica y pol\u00edtica En este sentido, el fiasco de la Comisi\u00f3n Europea a la hora de organizar la compra de las vacunas fue muy revelador. Tambi\u00e9n lo es su total incapacidad para armonizar algo tan b\u00e1sico como las restricciones de viaje entre los estados miembro. La falta de concreci\u00f3n del gobierno espa\u00f1ol para determinar c\u00f3mo usar los fondos de recuperaci\u00f3n europeos, m\u00e1s all\u00e1 de recurrir a t\u00f3picos como el \u201ccoche el\u00e9ctrico\u201d o la \u201ctransici\u00f3n ecol\u00f3gica\u201d es igualmente pasmosa. Bruselas, y cada uno de sus estados miembro, parecen agotados e incapaces de afrontar la tan necesaria reconstrucci\u00f3n econ\u00f3mica y pol\u00edtica. Son malos augurios para el futuro. En un mundo post-Covid que se anuncia m\u00e1s competitivo y violento que nunca, se necesitar\u00e1n nuevas y mayores energ\u00edas para asegurar la paz y la prosperidad de los europeos. Ateni\u00e9ndose a lo sucedido este \u00faltimo a\u00f1o, Europa no dispone de ellas."}

La zona euro está de nuevo atrapada en la recesión. Comparado con el desempeño económico de los otros continentes, se trata de un fenómeno anormal, que debería preocupar, y mucho, a nuestros dirigentes. En concreto, el PIB europeo retrocedió un 0,6% respecto a los tres últimos meses de 2020, durante los cuáles ya había perdido 0,7 puntos porcentuales en comparación al trimestre anterior. Las cifras son particularmente malas comparadas con las de las otras dos principales economías del mundo: Estados Unidos creció un 1,6% en el primer trimestre del 2021, y China lo hizo en un 0,6. Al menos una parte de esta diferencia se puede explicar por las medidas restrictivas impuestas por los gobiernos europeos para hacer frente a la tercera ola de la pandemia. Si embargo, con una mirada más profunda, Europa está mostrando signos de una fatiga que no puede explicarse solamente por la pandemia de Covid-19. En primer lugar, si las medidas han sido más estrictas (y también caóticas), es porque los países europeos siguen vacunando a un ritmo claramente inferior al de los Estados Unidos o Reino Unido. Ello demuestra una flagrante falta de medios materiales y de capacidades organizativas. En segundo lugar, la lentitud de la vacunación en Europa se explica también porque ninguno de los países de la Unión Europea ha sido capaz de producir con éxito su propia vacuna, dejándonos a merced de aquéllos que sí la han conseguido. Se trata de una derrota flagrante para la ciencia y para la industria europeas. En tercer lugar, hay que considerar que la vacunación masiva no es la única estrategia posible para aplastar la epidemia. China y otros muchos países asiáticos han reducido virtualmente a cero sus contagios imponiendo medidas estrictas y haciendo que sus ciudadanos las respeten. En Europa este modelo se ha demostrado imposible. ¿Si la sociedad europea responde con tal flaqueza ante un virus tan poco mortífero, cómo lo hará ante una crisis realmente grave, como una guerra? Claro está que las culturas y los valores asiáticos y europeos difieren, pero la falta de disciplina y de constancia que tanto gobiernos como ciudadanos europeos han demostrado nos ha dejado en evidencia. ¿Si la sociedad europea responde con tal flaqueza ante un virus tan poco mortífero, cómo lo hará ante una crisis realmente grave, como una guerra? En el campo estrictamente económico, es cierto que las previsiones para el futuro a medio plazo son más optimistas. El Banco Central Europeo prevé que a finales de año el PIB de la eurozona haya aumentado un 4%, y que la economía recupere su nivel previo a la pandemia el año que viene. No obstante, es de nuevo la comparación con las otras potencias la que debería preocupar. Estados Unidos recuperará dentro de pocas semanas el PIB que tenía a comienzos de 2020, y China ya lo ha hecho. El retraso europeo será muy difícil de recuperar. Más aún si se tiene en cuenta que las empresas europeas despuntan cada vez menos en los vectores clave de crecimiento, como la electrificación automóvil, las tecnologías vinculadas al hidrógeno, los superconductores, la electrónica, la tecnología espacial o la inteligencia artificial. El panorama es aún más preocupante si miramos más allá de la economía. Europa ha demostrado que no sabe, o no puede, gestionar de forma común sus problemas internos más allá del mercado único. Tanto Bruselas como las capitales europeas son incapaces de tomar decisiones de alcance estratégico. Parecen haber olvidado como gestionar nada que vaya más allá de lo cotidiano. Bruselas, y cada uno de sus estados miembro, parecen agotados e incapaces de afrontar la tan necesaria reconstrucción económica y política En este sentido, el fiasco de la Comisión Europea a la hora de organizar la compra de las vacunas fue muy revelador. También lo es su total incapacidad para armonizar algo tan básico como las restricciones de viaje entre los estados miembro. La falta de concreción del gobierno español para determinar cómo usar los fondos de recuperación europeos, más allá de recurrir a tópicos como el “coche eléctrico” o la “transición ecológica” es igualmente pasmosa. Bruselas, y cada uno de sus estados miembro, parecen agotados e incapaces de afrontar la tan necesaria reconstrucción económica y política. Son malos augurios para el futuro. En un mundo post-Covid que se anuncia más competitivo y violento que nunca, se necesitarán nuevas y mayores energías para asegurar la paz y la prosperidad de los europeos. Ateniéndose a lo sucedido este último año, Europa no dispone de ellas.
