{"version":"1.0","provider_name":"Converses a Catalunya","provider_url":"https:\/\/conversesacatalunya.cat\/es\/","title":"\u00bfSe sumar\u00e1 Europa al carro de la desregulaci\u00f3n? - Converses a Catalunya","type":"rich","width":600,"height":338,"html":"<blockquote class=\"wp-embedded-content\" data-secret=\"iKetVONL8V\"><a href=\"https:\/\/conversesacatalunya.cat\/es\/europa-carro-desregulacion\/\">\u00bfSe sumar\u00e1 Europa al carro de la desregulaci\u00f3n?<\/a><\/blockquote><iframe sandbox=\"allow-scripts\" security=\"restricted\" src=\"https:\/\/conversesacatalunya.cat\/es\/europa-carro-desregulacion\/embed\/#?secret=iKetVONL8V\" width=\"600\" height=\"338\" title=\"\u00ab\u00bfSe sumar\u00e1 Europa al carro de la desregulaci\u00f3n?\u00bb \u2014 Converses a Catalunya\" data-secret=\"iKetVONL8V\" frameborder=\"0\" marginwidth=\"0\" marginheight=\"0\" scrolling=\"no\" class=\"wp-embedded-content\"><\/iframe><script>\n\/*! This file is auto-generated *\/\n!function(d,l){\"use strict\";l.querySelector&&d.addEventListener&&\"undefined\"!=typeof URL&&(d.wp=d.wp||{},d.wp.receiveEmbedMessage||(d.wp.receiveEmbedMessage=function(e){var t=e.data;if((t||t.secret||t.message||t.value)&&!\/[^a-zA-Z0-9]\/.test(t.secret)){for(var s,r,n,a=l.querySelectorAll('iframe[data-secret=\"'+t.secret+'\"]'),o=l.querySelectorAll('blockquote[data-secret=\"'+t.secret+'\"]'),c=new RegExp(\"^https?:$\",\"i\"),i=0;i<o.length;i++)o[i].style.display=\"none\";for(i=0;i<a.length;i++)s=a[i],e.source===s.contentWindow&&(s.removeAttribute(\"style\"),\"height\"===t.message?(1e3<(r=parseInt(t.value,10))?r=1e3:~~r<200&&(r=200),s.height=r):\"link\"===t.message&&(r=new URL(s.getAttribute(\"src\")),n=new URL(t.value),c.test(n.protocol))&&n.host===r.host&&l.activeElement===s&&(d.top.location.href=t.value))}},d.addEventListener(\"message\",d.wp.receiveEmbedMessage,!1),l.addEventListener(\"DOMContentLoaded\",function(){for(var e,t,s=l.querySelectorAll(\"iframe.wp-embedded-content\"),r=0;r<s.length;r++)(t=(e=s[r]).getAttribute(\"data-secret\"))||(t=Math.random().toString(36).substring(2,12),e.src+=\"#?secret=\"+t,e.setAttribute(\"data-secret\",t)),e.contentWindow.postMessage({message:\"ready\",secret:t},\"*\")},!1)))}(window,document);\n<\/script>\n","thumbnail_url":"https:\/\/conversesacatalunya.cat\/wp-content\/uploads\/2025\/01\/pacto-verde-europeo_european-green-deal-980x430-1.jpg","thumbnail_width":980,"thumbnail_height":430,"description":"El contexto econ\u00f3mico no podr\u00eda ser m\u00e1s sombr\u00edo en este inicio de 2025 para la Uni\u00f3n Europea. Mientras las instituciones internacionales\u00a0mejoran\u00a0las previsiones de crecimiento econ\u00f3mico de Estados Unidos de Donald Trump, la econom\u00eda del Viejo Continente est\u00e1 viendo c\u00f3mo pierde puestos de trabajo en sectores que hab\u00eda liderado, como el automovil\u00edstico, sufre una fuga de capital hacia la otra orilla del Atl\u00e1ntico y est\u00e1 cada vez m\u00e1s ausente del sector tecnol\u00f3gico y en particular de la carrera por la inteligencia artificial. El malestar social, pero tambi\u00e9n empresarial, va calando poco a poco en toda Europa, y el objetivo de todas las cr\u00edticas m\u00e1s virulentas es la\u00a0tendencia legendaria de las instituciones de Bruselas a la sobreregulaci\u00f3n. Pues bien, la Comisi\u00f3n Europea podr\u00eda estar a punto de rendirse a la evidencia y efectuar un cambio de rumbo de 180 grados. Seg\u00fan informa el diario\u00a0Politico.eu\u00a0bas\u00e1ndose en un borrador filtrado,\u00a0uno de los tres grandes pilares de actuaci\u00f3n\u00a0del nuevo equipo de la Comisi\u00f3n Europea, la llamada \u201cBr\u00fajula de Competitividad\u201d (Competitiveness Compass), se\u00f1ala como prioridad\u00a0desregular masivamente el Pacto Verde Europeo\u00a0(Green Deal)\u00a0\u2013 nombre, por cierto, que deja en evidencia la falta de creatividad de los funcionarios europeos, al estar copiado del\u00a0New Deal\u00a0del presidente estadounidense Franklin D. Roosevelt. El giro es total. Hay que tener en cuenta que la misma persona que dirige la nueva Comisi\u00f3n, la alemana Ursula von der Leyen,\u00a0present\u00f3\u00a0en 2019 dicho Pacto Verde como su\u00a0obra maestra y piedra angular que deb\u00eda guiar a la UE nada menos que hacia el liderazgo mundial en materia de cambio clim\u00e1tico y transici\u00f3n energ\u00e9tica. La misma Von der Leyen se apresurar\u00eda ahora a enmendar de arriba abajo su obra. Salvando las distancias, ser\u00eda como si Biden siguiera al cargo en este 2025, pero estuviera llevando a cabo las medidas de Trump. Pero Europa es distinta y\u00a0nadie ha exigido cuentas\u00a0tras las elecciones al Europarlamento del pasado junio. A pesar de que el borrador apuntar\u00eda seg\u00fan\u00a0Politico\u00a0a una primera ley en el mes de febrero orientada a simplificar la burocracia medioambiental de la UE,\u00a0promete al mismo tiempo \u00abmantener el rumbo\u00bb en los objetivos clim\u00e1ticos\u00a0del bloque. Una afirmaci\u00f3n que plantea serios interrogantes, puesto que ambos objetivos son mutuamente excluyentes, y que hace sospechar que la anunciada simplificaci\u00f3n podr\u00eda acabar teniendo el efecto contrario -un desenlace cl\u00e1sico de este tipo de iniciativas de la Comisi\u00f3n. El\u00a0Partido Popular Europeo (PPE)\u00a0de la misma Von der Leyen es la fuerza pol\u00edtica que m\u00e1s radicalmente ha cambiado de posici\u00f3n desde que el Pacto Verde fue aprobado en un distante pasado pre-Covid, como demuestra por ejemplo la\u00a0campa\u00f1a\u00a0electoral nacionalista que est\u00e1 llevando a cabo la CDU-CSU en Alemania. El PPE exige ahora que la pol\u00edtica clim\u00e1tica de\u00a0la UE debe ser \u00abtecnol\u00f3gicamente neutra\u00bb\u00a0, y no promover sistemas determinados como los motores el\u00e9ctricos y las bombas de calor, as\u00ed como retrasar dos a\u00f1os la entrada en vigor de nuevos impuestos y reglas de sostenibilidad empresariales. La oposici\u00f3n al Pacto Verde de varios pa\u00edses del este gobernados por el PPE, como Polonia, Ruman\u00eda y Chequia, se ha acentuado en las \u00faltimas semanas."}

¿Se sumará Europa al carro de la desregulación? - Converses a Catalunya

<blockquote class="wp-embedded-content" data-secret="iKetVONL8V"><a href="https://conversesacatalunya.cat/es/europa-carro-desregulacion/">¿Se sumará Europa al carro de la desregulación?</a></blockquote><iframe sandbox="allow-scripts" security="restricted" src="https://conversesacatalunya.cat/es/europa-carro-desregulacion/embed/#?secret=iKetVONL8V" width="600" height="338" title="«¿Se sumará Europa al carro de la desregulación?» — Converses a Catalunya" data-secret="iKetVONL8V" frameborder="0" marginwidth="0" marginheight="0" scrolling="no" class="wp-embedded-content"></iframe><script>
/*! This file is auto-generated */
!function(d,l){"use strict";l.querySelector&&d.addEventListener&&"undefined"!=typeof URL&&(d.wp=d.wp||{},d.wp.receiveEmbedMessage||(d.wp.receiveEmbedMessage=function(e){var t=e.data;if((t||t.secret||t.message||t.value)&&!/[^a-zA-Z0-9]/.test(t.secret)){for(var s,r,n,a=l.querySelectorAll('iframe[data-secret="'+t.secret+'"]'),o=l.querySelectorAll('blockquote[data-secret="'+t.secret+'"]'),c=new RegExp("^https?:$","i"),i=0;i<o.length;i++)o[i].style.display="none";for(i=0;i<a.length;i++)s=a[i],e.source===s.contentWindow&&(s.removeAttribute("style"),"height"===t.message?(1e3<(r=parseInt(t.value,10))?r=1e3:~~r<200&&(r=200),s.height=r):"link"===t.message&&(r=new URL(s.getAttribute("src")),n=new URL(t.value),c.test(n.protocol))&&n.host===r.host&&l.activeElement===s&&(d.top.location.href=t.value))}},d.addEventListener("message",d.wp.receiveEmbedMessage,!1),l.addEventListener("DOMContentLoaded",function(){for(var e,t,s=l.querySelectorAll("iframe.wp-embedded-content"),r=0;r<s.length;r++)(t=(e=s[r]).getAttribute("data-secret"))||(t=Math.random().toString(36).substring(2,12),e.src+="#?secret="+t,e.setAttribute("data-secret",t)),e.contentWindow.postMessage({message:"ready",secret:t},"*")},!1)))}(window,document);
</script>

El contexto económico no podría ser más sombrío en este inicio de 2025 para la Unión Europea. Mientras las instituciones internacionales mejoran las previsiones de crecimiento económico de Estados Unidos de Donald Trump, la economía del Viejo Continente está viendo cómo pierde puestos de trabajo en sectores que había liderado, como el automovilístico, sufre una fuga de capital hacia la otra orilla del Atlántico y está cada vez más ausente del sector tecnológico y en particular de la carrera por la inteligencia artificial. El malestar social, pero también empresarial, va calando poco a poco en toda Europa, y el objetivo de todas las críticas más virulentas es la tendencia legendaria de las instituciones de Bruselas a la sobreregulación. Pues bien, la Comisión Europea podría estar a punto de rendirse a la evidencia y efectuar un cambio de rumbo de 180 grados. Según informa el diario Politico.eu basándose en un borrador filtrado, uno de los tres grandes pilares de actuación del nuevo equipo de la Comisión Europea, la llamada “Brújula de Competitividad” (Competitiveness Compass), señala como prioridad desregular masivamente el Pacto Verde Europeo (Green Deal) – nombre, por cierto, que deja en evidencia la falta de creatividad de los funcionarios europeos, al estar copiado del New Deal del presidente estadounidense Franklin D. Roosevelt. El giro es total. Hay que tener en cuenta que la misma persona que dirige la nueva Comisión, la alemana Ursula von der Leyen, presentó en 2019 dicho Pacto Verde como su obra maestra y piedra angular que debía guiar a la UE nada menos que hacia el liderazgo mundial en materia de cambio climático y transición energética. La misma Von der Leyen se apresuraría ahora a enmendar de arriba abajo su obra. Salvando las distancias, sería como si Biden siguiera al cargo en este 2025, pero estuviera llevando a cabo las medidas de Trump. Pero Europa es distinta y nadie ha exigido cuentas tras las elecciones al Europarlamento del pasado junio. A pesar de que el borrador apuntaría según Politico a una primera ley en el mes de febrero orientada a simplificar la burocracia medioambiental de la UE, promete al mismo tiempo «mantener el rumbo» en los objetivos climáticos del bloque. Una afirmación que plantea serios interrogantes, puesto que ambos objetivos son mutuamente excluyentes, y que hace sospechar que la anunciada simplificación podría acabar teniendo el efecto contrario -un desenlace clásico de este tipo de iniciativas de la Comisión. El Partido Popular Europeo (PPE) de la misma Von der Leyen es la fuerza política que más radicalmente ha cambiado de posición desde que el Pacto Verde fue aprobado en un distante pasado pre-Covid, como demuestra por ejemplo la campaña electoral nacionalista que está llevando a cabo la CDU-CSU en Alemania. El PPE exige ahora que la política climática de la UE debe ser «tecnológicamente neutra» , y no promover sistemas determinados como los motores eléctricos y las bombas de calor, así como retrasar dos años la entrada en vigor de nuevos impuestos y reglas de sostenibilidad empresariales. La oposición al Pacto Verde de varios países del este gobernados por el PPE, como Polonia, Rumanía y Chequia, se ha acentuado en las últimas semanas.
