{"version":"1.0","provider_name":"Converses a Catalunya","provider_url":"https:\/\/conversesacatalunya.cat\/es\/","title":"Espa\u00f1a, una gobernanza defectuosa - Converses a Catalunya","type":"rich","width":600,"height":338,"html":"<blockquote class=\"wp-embedded-content\" data-secret=\"5bSt1CB9La\"><a href=\"https:\/\/conversesacatalunya.cat\/es\/espana-una-gobernanza-defectuosa\/\">Espa\u00f1a, una gobernanza defectuosa<\/a><\/blockquote><iframe sandbox=\"allow-scripts\" security=\"restricted\" src=\"https:\/\/conversesacatalunya.cat\/es\/espana-una-gobernanza-defectuosa\/embed\/#?secret=5bSt1CB9La\" width=\"600\" height=\"338\" title=\"\u00abEspa\u00f1a, una gobernanza defectuosa\u00bb \u2014 Converses a Catalunya\" data-secret=\"5bSt1CB9La\" frameborder=\"0\" marginwidth=\"0\" marginheight=\"0\" scrolling=\"no\" class=\"wp-embedded-content\"><\/iframe><script>\n\/*! This file is auto-generated *\/\n!function(d,l){\"use strict\";l.querySelector&&d.addEventListener&&\"undefined\"!=typeof URL&&(d.wp=d.wp||{},d.wp.receiveEmbedMessage||(d.wp.receiveEmbedMessage=function(e){var t=e.data;if((t||t.secret||t.message||t.value)&&!\/[^a-zA-Z0-9]\/.test(t.secret)){for(var s,r,n,a=l.querySelectorAll('iframe[data-secret=\"'+t.secret+'\"]'),o=l.querySelectorAll('blockquote[data-secret=\"'+t.secret+'\"]'),c=new RegExp(\"^https?:$\",\"i\"),i=0;i<o.length;i++)o[i].style.display=\"none\";for(i=0;i<a.length;i++)s=a[i],e.source===s.contentWindow&&(s.removeAttribute(\"style\"),\"height\"===t.message?(1e3<(r=parseInt(t.value,10))?r=1e3:~~r<200&&(r=200),s.height=r):\"link\"===t.message&&(r=new URL(s.getAttribute(\"src\")),n=new URL(t.value),c.test(n.protocol))&&n.host===r.host&&l.activeElement===s&&(d.top.location.href=t.value))}},d.addEventListener(\"message\",d.wp.receiveEmbedMessage,!1),l.addEventListener(\"DOMContentLoaded\",function(){for(var e,t,s=l.querySelectorAll(\"iframe.wp-embedded-content\"),r=0;r<s.length;r++)(t=(e=s[r]).getAttribute(\"data-secret\"))||(t=Math.random().toString(36).substring(2,12),e.src+=\"#?secret=\"+t,e.setAttribute(\"data-secret\",t)),e.contentWindow.postMessage({message:\"ready\",secret:t},\"*\")},!1)))}(window,document);\n<\/script>\n","thumbnail_url":"https:\/\/conversesacatalunya.cat\/wp-content\/uploads\/2020\/11\/fernando-simon-plaza-kksD-620x349@abc.jpg","thumbnail_width":620,"thumbnail_height":349,"description":"Evidentemente el problema no viene de ahora, pero s\u00ed se ha multiplicado hasta extremos ins\u00f3litos. Por ejemplo, no es normal que los\u00a0parados\u00a0con derecho a prestaci\u00f3n desde agosto no hayan ni siquiera podido tramitar la ayuda por el colapso de las oficinas de Trabajo. Un colapso que desgraciadamente no es el primero que se produce, ni es espec\u00edfico de esta \u00e1rea concreta. En el \u00e1mbito judicial, incluido el\u00a0registro civil\u00a0o las rentas dirigidas a paliar las situaciones m\u00e1s agudas, sufren el mismo problema. Una ley no escrita dice que la actual pandemia estresa lo que est\u00e1 estresado y este hecho pone de relieve el mal estado de la administraci\u00f3n y la acci\u00f3n de gobierno espa\u00f1ola. El origen principal del problema es que en Espa\u00f1a la acci\u00f3n gubernamental siempre es a destiempo y el caso de la pandemia lo confirma. Por segunda vez y de acuerdo con la opini\u00f3n de los expertos\u00a0se ha actuado tarde y de manera descoordinada. El retraso viene determinado porque tras el fracaso de la primera ola no se quiso poner en marcha una evaluaci\u00f3n de las pol\u00edticas desplegadas que sirve para ser m\u00e1s eficaz ante la segunda ola. Esta era la reivindicaci\u00f3n de un numeroso grupo de cient\u00edficos en la revista\u00a0The Lancet. Tambi\u00e9n se a\u00f1ade el problema de que es un estado que tiene una carencia que se revela fundamental: no dispone de una\u00a0agencia de salud p\u00fablica dotada de los medios y la independencia necesaria para centralizar toda la informaci\u00f3n, elaborar datos y formular recomendaciones fundamentadas en evidencias cient\u00edficas.\u00a0Espa\u00f1a s\u00f3lo dispone de un funcionario, el\u00a0Dr.\u00a0Sim\u00f3n, convertido en el busto parlante de la pandemia que hace una narrativa similar a la de un locutor de partido de f\u00fatbol. En junio, seg\u00fan todos los datos, ya hab\u00eda elementos de juicio para aventurar la falta de capacidad para afrontar una segunda ola, y a finales de julio,\u00a0seg\u00fan los expertos, ya se hab\u00eda detectado el peligro eminente de la aparici\u00f3n del virus. Tanto es as\u00ed que desde el mes de agosto Espa\u00f1a ya estaba muy por encima del que se considera el l\u00edmite razonable de 50 casos por cada 100.000 habitantes. Esta evoluci\u00f3n se fue complicando a lo largo de los meses hasta llegar a la crisis de la\u00a0segunda mitad de octubre, a partir de la cual se declar\u00f3 el estado de alarma. Desde julio hasta entonces no se hizo nada para desplegar medidas que compensaran las carencias. Por ejemplo, en materia de contrataci\u00f3n de personal m\u00e9dico. Es claro que la peculiar situaci\u00f3n espa\u00f1ola: un gobierno d\u00e9bil pero que consigue agrupar mayor\u00edas parlamentarias amplias a base de hacer concesiones de todo tipo, no ayuda a desplegar pol\u00edticas transparentes y coherentes. La mejor verificaci\u00f3n de lo que es el oportunismo pol\u00edtico lo que marca la ruta. Es haber pasado de un mando \u00fanico muy estricto a una situaci\u00f3n que m\u00e1s que federal se puede considerar como confusa. Pero incluso en este caso, las soluciones que experimentan las comunidades aut\u00f3nomas podr\u00edan constituir una especie de costoso\u00a0sistema de prueba y error, que permitiera al gobierno identificar qu\u00e9 es lo que est\u00e1 funcionando mejor. Determinar qu\u00e9 se debe a factores estructurales y qu\u00e9 a las pol\u00edticas desplegadas, y qu\u00e9 es lo que no funciona. Pero este trabajo, que al menos sacar\u00eda provecho de la heterogeneidad de las pol\u00edticas que se llevan a cabo, el gobierno no la hace. Entre otras razones porque tampoco ha dotado de muchos m\u00e1s recursos los niveles centrales,\u00a0que contin\u00faan sin tener una capacidad m\u00ednimamente a la altura de la crisis; nos estamos refiriendo al\u00a0Ministerio de Sanidad. Todo ello influye en la falta de transparencia y en la desconfianza que impera en una sociedad que cada vez m\u00e1s\u00a0tiene la sensaci\u00f3n de que la hacen responsable de resolver el problema de la pandemia.\u00a0Parece m\u00e1s bien que se trata de un ir pasando hasta que llegue la vacuna salvadora. Claro que, a diferencia de otros pa\u00edses como la vecina Francia, aqu\u00ed el gobierno cuenta con la impunidad ante la justicia por sus responsabilidades en la gesti\u00f3n de la Covid-19, gracias a que la Fiscal\u00eda est\u00e1 dirigida por una ex ministro, Dolores Delgado, de la m\u00e1xima confianza de S\u00e1nchez. En Francia con 40.000 muertes\u00a0por una poblaci\u00f3n que es un 20% mayor que la espa\u00f1ola, la justicia est\u00e1 actuando contra responsables gubernamentales por posibles delitos a causa de actuaciones irregulares y deficientes. En Espa\u00f1a,\u00a0con 65.000 muertos\u00a0seg\u00fan el INE y\u00a039.000\u00a0seg\u00fan los datos oficiales, la\u00a0fiscal\u00eda\u00a0se dedica a detener todas las numerosas denuncias que se han producido. Esta impunidad tambi\u00e9n ayuda a entender el porqu\u00e9 las cosas no funcionan. M\u00e1s informaci\u00f3n sobre el coronavirus en ESPECIAL CORONAVIRUS"}

España, una gobernanza defectuosa - Converses a Catalunya

<blockquote class="wp-embedded-content" data-secret="5bSt1CB9La"><a href="https://conversesacatalunya.cat/es/espana-una-gobernanza-defectuosa/">España, una gobernanza defectuosa</a></blockquote><iframe sandbox="allow-scripts" security="restricted" src="https://conversesacatalunya.cat/es/espana-una-gobernanza-defectuosa/embed/#?secret=5bSt1CB9La" width="600" height="338" title="«España, una gobernanza defectuosa» — Converses a Catalunya" data-secret="5bSt1CB9La" frameborder="0" marginwidth="0" marginheight="0" scrolling="no" class="wp-embedded-content"></iframe><script>
/*! This file is auto-generated */
!function(d,l){"use strict";l.querySelector&&d.addEventListener&&"undefined"!=typeof URL&&(d.wp=d.wp||{},d.wp.receiveEmbedMessage||(d.wp.receiveEmbedMessage=function(e){var t=e.data;if((t||t.secret||t.message||t.value)&&!/[^a-zA-Z0-9]/.test(t.secret)){for(var s,r,n,a=l.querySelectorAll('iframe[data-secret="'+t.secret+'"]'),o=l.querySelectorAll('blockquote[data-secret="'+t.secret+'"]'),c=new RegExp("^https?:$","i"),i=0;i<o.length;i++)o[i].style.display="none";for(i=0;i<a.length;i++)s=a[i],e.source===s.contentWindow&&(s.removeAttribute("style"),"height"===t.message?(1e3<(r=parseInt(t.value,10))?r=1e3:~~r<200&&(r=200),s.height=r):"link"===t.message&&(r=new URL(s.getAttribute("src")),n=new URL(t.value),c.test(n.protocol))&&n.host===r.host&&l.activeElement===s&&(d.top.location.href=t.value))}},d.addEventListener("message",d.wp.receiveEmbedMessage,!1),l.addEventListener("DOMContentLoaded",function(){for(var e,t,s=l.querySelectorAll("iframe.wp-embedded-content"),r=0;r<s.length;r++)(t=(e=s[r]).getAttribute("data-secret"))||(t=Math.random().toString(36).substring(2,12),e.src+="#?secret="+t,e.setAttribute("data-secret",t)),e.contentWindow.postMessage({message:"ready",secret:t},"*")},!1)))}(window,document);
</script>

Evidentemente el problema no viene de ahora, pero sí se ha multiplicado hasta extremos insólitos. Por ejemplo, no es normal que los parados con derecho a prestación desde agosto no hayan ni siquiera podido tramitar la ayuda por el colapso de las oficinas de Trabajo. Un colapso que desgraciadamente no es el primero que se produce, ni es específico de esta área concreta. En el ámbito judicial, incluido el registro civil o las rentas dirigidas a paliar las situaciones más agudas, sufren el mismo problema. Una ley no escrita dice que la actual pandemia estresa lo que está estresado y este hecho pone de relieve el mal estado de la administración y la acción de gobierno española. El origen principal del problema es que en España la acción gubernamental siempre es a destiempo y el caso de la pandemia lo confirma. Por segunda vez y de acuerdo con la opinión de los expertos se ha actuado tarde y de manera descoordinada. El retraso viene determinado porque tras el fracaso de la primera ola no se quiso poner en marcha una evaluación de las políticas desplegadas que sirve para ser más eficaz ante la segunda ola. Esta era la reivindicación de un numeroso grupo de científicos en la revista The Lancet. También se añade el problema de que es un estado que tiene una carencia que se revela fundamental: no dispone de una agencia de salud pública dotada de los medios y la independencia necesaria para centralizar toda la información, elaborar datos y formular recomendaciones fundamentadas en evidencias científicas. España sólo dispone de un funcionario, el Dr. Simón, convertido en el busto parlante de la pandemia que hace una narrativa similar a la de un locutor de partido de fútbol. En junio, según todos los datos, ya había elementos de juicio para aventurar la falta de capacidad para afrontar una segunda ola, y a finales de julio, según los expertos, ya se había detectado el peligro eminente de la aparición del virus. Tanto es así que desde el mes de agosto España ya estaba muy por encima del que se considera el límite razonable de 50 casos por cada 100.000 habitantes. Esta evolución se fue complicando a lo largo de los meses hasta llegar a la crisis de la segunda mitad de octubre, a partir de la cual se declaró el estado de alarma. Desde julio hasta entonces no se hizo nada para desplegar medidas que compensaran las carencias. Por ejemplo, en materia de contratación de personal médico. Es claro que la peculiar situación española: un gobierno débil pero que consigue agrupar mayorías parlamentarias amplias a base de hacer concesiones de todo tipo, no ayuda a desplegar políticas transparentes y coherentes. La mejor verificación de lo que es el oportunismo político lo que marca la ruta. Es haber pasado de un mando único muy estricto a una situación que más que federal se puede considerar como confusa. Pero incluso en este caso, las soluciones que experimentan las comunidades autónomas podrían constituir una especie de costoso sistema de prueba y error, que permitiera al gobierno identificar qué es lo que está funcionando mejor. Determinar qué se debe a factores estructurales y qué a las políticas desplegadas, y qué es lo que no funciona. Pero este trabajo, que al menos sacaría provecho de la heterogeneidad de las políticas que se llevan a cabo, el gobierno no la hace. Entre otras razones porque tampoco ha dotado de muchos más recursos los niveles centrales, que continúan sin tener una capacidad mínimamente a la altura de la crisis; nos estamos refiriendo al Ministerio de Sanidad. Todo ello influye en la falta de transparencia y en la desconfianza que impera en una sociedad que cada vez más tiene la sensación de que la hacen responsable de resolver el problema de la pandemia. Parece más bien que se trata de un ir pasando hasta que llegue la vacuna salvadora. Claro que, a diferencia de otros países como la vecina Francia, aquí el gobierno cuenta con la impunidad ante la justicia por sus responsabilidades en la gestión de la Covid-19, gracias a que la Fiscalía está dirigida por una ex ministro, Dolores Delgado, de la máxima confianza de Sánchez. En Francia con 40.000 muertes por una población que es un 20% mayor que la española, la justicia está actuando contra responsables gubernamentales por posibles delitos a causa de actuaciones irregulares y deficientes. En España, con 65.000 muertos según el INE y 39.000 según los datos oficiales, la fiscalía se dedica a detener todas las numerosas denuncias que se han producido. Esta impunidad también ayuda a entender el porqué las cosas no funcionan. Más información sobre el coronavirus en ESPECIAL CORONAVIRUS
