{"version":"1.0","provider_name":"Converses a Catalunya","provider_url":"https:\/\/conversesacatalunya.cat\/es\/","title":"Emmanuel Macron: el hombre que arruin\u00f3 (un poco m\u00e1s) Francia - Converses a Catalunya","type":"rich","width":600,"height":338,"html":"<blockquote class=\"wp-embedded-content\" data-secret=\"JhH3AG15G2\"><a href=\"https:\/\/conversesacatalunya.cat\/es\/emmanuel-macron-arruinar-francia\/\">Emmanuel Macron: el hombre que arruin\u00f3 (un poco m\u00e1s) Francia<\/a><\/blockquote><iframe sandbox=\"allow-scripts\" security=\"restricted\" src=\"https:\/\/conversesacatalunya.cat\/es\/emmanuel-macron-arruinar-francia\/embed\/#?secret=JhH3AG15G2\" width=\"600\" height=\"338\" title=\"\u00abEmmanuel Macron: el hombre que arruin\u00f3 (un poco m\u00e1s) Francia\u00bb \u2014 Converses a Catalunya\" data-secret=\"JhH3AG15G2\" frameborder=\"0\" marginwidth=\"0\" marginheight=\"0\" scrolling=\"no\" class=\"wp-embedded-content\"><\/iframe><script>\n\/*! This file is auto-generated *\/\n!function(d,l){\"use strict\";l.querySelector&&d.addEventListener&&\"undefined\"!=typeof URL&&(d.wp=d.wp||{},d.wp.receiveEmbedMessage||(d.wp.receiveEmbedMessage=function(e){var t=e.data;if((t||t.secret||t.message||t.value)&&!\/[^a-zA-Z0-9]\/.test(t.secret)){for(var s,r,n,a=l.querySelectorAll('iframe[data-secret=\"'+t.secret+'\"]'),o=l.querySelectorAll('blockquote[data-secret=\"'+t.secret+'\"]'),c=new RegExp(\"^https?:$\",\"i\"),i=0;i<o.length;i++)o[i].style.display=\"none\";for(i=0;i<a.length;i++)s=a[i],e.source===s.contentWindow&&(s.removeAttribute(\"style\"),\"height\"===t.message?(1e3<(r=parseInt(t.value,10))?r=1e3:~~r<200&&(r=200),s.height=r):\"link\"===t.message&&(r=new URL(s.getAttribute(\"src\")),n=new URL(t.value),c.test(n.protocol))&&n.host===r.host&&l.activeElement===s&&(d.top.location.href=t.value))}},d.addEventListener(\"message\",d.wp.receiveEmbedMessage,!1),l.addEventListener(\"DOMContentLoaded\",function(){for(var e,t,s=l.querySelectorAll(\"iframe.wp-embedded-content\"),r=0;r<s.length;r++)(t=(e=s[r]).getAttribute(\"data-secret\"))||(t=Math.random().toString(36).substring(2,12),e.src+=\"#?secret=\"+t,e.setAttribute(\"data-secret\",t)),e.contentWindow.postMessage({message:\"ready\",secret:t},\"*\")},!1)))}(window,document);\n<\/script>\n","thumbnail_url":"https:\/\/conversesacatalunya.cat\/wp-content\/uploads\/2019\/05\/Captura-de-Pantalla-2019-05-13-a-les-22.12.51.png","thumbnail_width":534,"thumbnail_height":363,"description":"Si entonces lo hubieran sabido, esa primavera del 2017 quiz\u00e1s muchos votantes liberales habr\u00edan votado a\u00a0Fran\u00e7ois Fillon, el candidato conservador que se presentaba como un Thatcher franc\u00e9s y que parec\u00eda poder llegar al El\u00edseo despu\u00e9s de un quinquenio de Fran\u00e7ois Hollande que hab\u00eda dejado mucho mal sabor de boca tanto a derecha como a izquierda. Pr\u00e1cticamente, ocho a\u00f1os m\u00e1s tarde, el ex banquero de Rothschild, que deb\u00eda convertir a Francia en una \u201cstart-up nation\u201d, Emmanuel Macron, ha llevado tanto el gasto como la deuda p\u00fablica franceses a niveles de\u00a0r\u00e9cord hist\u00f3rico. Si observamos el d\u00e9ficit de los presupuestos franceses desde 2011, cuando Hollande lleg\u00f3 al poder, se puede constatar una tendencia decreciente que llega a su colof\u00f3n en 2018, precisamente el de las\u00a0protestas de los chalecos amarillos que se iniciaron ese oto\u00f1o. Ya en 2019, y pese a unas condiciones econ\u00f3micas y monetarias excepcionalmente buenas (tipo de inter\u00e9s a cero por ciento),\u00a0el d\u00e9ficit franc\u00e9s repunt\u00f3 desde el 2,3 al 2,4%\u00a0. Se trata de los \u00fanicos dos ejercicios en los que Par\u00eds respet\u00f3 el acuerdo de la UE para mantener los n\u00fameros rojos por debajo del 3%. \u00bfQu\u00e9 sucedi\u00f3 en 2019? Fue el a\u00f1o de las primeras \u201cmedidas sociales\u201d deseadas por Macron para aplacar las protestas que desde entonces se sucedieron: y es que el efecto llamada fue claro y manifiesto. Cualquiera que hiciera suficiente quebradiza ten\u00eda derecho a recibir un cheque\u00a0para que no siguiera perturbando la vida de los millones de franceses que trabajan y de los millones de turistas que el pa\u00eds galo recibe cada a\u00f1o. La multiplicaci\u00f3n de todo tipo de ayudas y subsidios p\u00fablicos (algunos ejemplos: para comprar gasolina, para la vuelta a la escuela, para tomar el transporte p\u00fablico) han marcado los dos mandatos de Macron en\u00a0una sociedad que tiende a exigir al estado la resoluci\u00f3n de todos sus problemas\u00a0(v\u00e9ase por ejemplo la anomal\u00eda francesa con la\u00a0vivienda social). Se ha generado un c\u00edrculo vicioso en el que la ayuda acordada se convierte en la justificaci\u00f3n de otra nueva para un colectivo diferente o para un nuevo \u00e1mbito de la vida. La\u00a0falta de autoridad\u00a0(en el sentido de la\u00a0auctoritas, de la legitimidad colectivamente reconocida del gobernante) de Macron, percibido como un producto de la \u00e9lite financiera internacional desconectado de la gente, ha jugado un papel importante en esta espiral de endeudamiento. Sin embargo, muchos periodistas\u00a0achacan\u00a0err\u00f3neamente la catastr\u00f3fica situaci\u00f3n de las finanzas p\u00fablicas francesas a malas pol\u00edticas durante la crisis del coronavirus y la recuperaci\u00f3n pospand\u00e9mica. Tambi\u00e9n hay que apuntar que durante sus primeros a\u00f1os de mandato,\u00a0Macron baj\u00f3 varios impuestos, pero se neg\u00f3 a efectuar los recortes p\u00fablicos correspondientes, asumiendo sin decirlo que los intereses bajos o incluso negativos se convertir\u00edan en la \u00abnueva normalidad\u00bb -o quiz\u00e1 simplemente esperando que el problema se lo encontrara su sucesor. Ya en el 2024, Macron temi\u00f3 que estallara un esc\u00e1ndalo pol\u00edtico a ra\u00edz del agujero fiscal justo antes de las elecciones europeas de junio. El primer ministro de entonces, Gabriel Attal, se uni\u00f3 a Macron contra el ministerio de finanzas para evitar cualquier recorte antes del verano. Desde entonces, Macron ha perdido las elecciones legislativas que \u00e9l mismo convoc\u00f3, y el pasado jueves 10 de octubre, el nuevo primer ministro Michel Barnier present\u00f3 un plan de unos\u00a020.000 millones de euros en incrementos de impuestos y 41.000 en recortes.\u00a0El hechizo de Macron se hab\u00eda deshecho definitivamente, y Francia volv\u00eda al mundo real."}

Emmanuel Macron: el hombre que arruinó (un poco más) Francia - Converses a Catalunya

<blockquote class="wp-embedded-content" data-secret="JhH3AG15G2"><a href="https://conversesacatalunya.cat/es/emmanuel-macron-arruinar-francia/">Emmanuel Macron: el hombre que arruinó (un poco más) Francia</a></blockquote><iframe sandbox="allow-scripts" security="restricted" src="https://conversesacatalunya.cat/es/emmanuel-macron-arruinar-francia/embed/#?secret=JhH3AG15G2" width="600" height="338" title="«Emmanuel Macron: el hombre que arruinó (un poco más) Francia» — Converses a Catalunya" data-secret="JhH3AG15G2" frameborder="0" marginwidth="0" marginheight="0" scrolling="no" class="wp-embedded-content"></iframe><script>
/*! This file is auto-generated */
!function(d,l){"use strict";l.querySelector&&d.addEventListener&&"undefined"!=typeof URL&&(d.wp=d.wp||{},d.wp.receiveEmbedMessage||(d.wp.receiveEmbedMessage=function(e){var t=e.data;if((t||t.secret||t.message||t.value)&&!/[^a-zA-Z0-9]/.test(t.secret)){for(var s,r,n,a=l.querySelectorAll('iframe[data-secret="'+t.secret+'"]'),o=l.querySelectorAll('blockquote[data-secret="'+t.secret+'"]'),c=new RegExp("^https?:$","i"),i=0;i<o.length;i++)o[i].style.display="none";for(i=0;i<a.length;i++)s=a[i],e.source===s.contentWindow&&(s.removeAttribute("style"),"height"===t.message?(1e3<(r=parseInt(t.value,10))?r=1e3:~~r<200&&(r=200),s.height=r):"link"===t.message&&(r=new URL(s.getAttribute("src")),n=new URL(t.value),c.test(n.protocol))&&n.host===r.host&&l.activeElement===s&&(d.top.location.href=t.value))}},d.addEventListener("message",d.wp.receiveEmbedMessage,!1),l.addEventListener("DOMContentLoaded",function(){for(var e,t,s=l.querySelectorAll("iframe.wp-embedded-content"),r=0;r<s.length;r++)(t=(e=s[r]).getAttribute("data-secret"))||(t=Math.random().toString(36).substring(2,12),e.src+="#?secret="+t,e.setAttribute("data-secret",t)),e.contentWindow.postMessage({message:"ready",secret:t},"*")},!1)))}(window,document);
</script>

Si entonces lo hubieran sabido, esa primavera del 2017 quizás muchos votantes liberales habrían votado a François Fillon, el candidato conservador que se presentaba como un Thatcher francés y que parecía poder llegar al Elíseo después de un quinquenio de François Hollande que había dejado mucho mal sabor de boca tanto a derecha como a izquierda. Prácticamente, ocho años más tarde, el ex banquero de Rothschild, que debía convertir a Francia en una “start-up nation”, Emmanuel Macron, ha llevado tanto el gasto como la deuda pública franceses a niveles de récord histórico. Si observamos el déficit de los presupuestos franceses desde 2011, cuando Hollande llegó al poder, se puede constatar una tendencia decreciente que llega a su colofón en 2018, precisamente el de las protestas de los chalecos amarillos que se iniciaron ese otoño. Ya en 2019, y pese a unas condiciones económicas y monetarias excepcionalmente buenas (tipo de interés a cero por ciento), el déficit francés repuntó desde el 2,3 al 2,4% . Se trata de los únicos dos ejercicios en los que París respetó el acuerdo de la UE para mantener los números rojos por debajo del 3%. ¿Qué sucedió en 2019? Fue el año de las primeras “medidas sociales” deseadas por Macron para aplacar las protestas que desde entonces se sucedieron: y es que el efecto llamada fue claro y manifiesto. Cualquiera que hiciera suficiente quebradiza tenía derecho a recibir un cheque para que no siguiera perturbando la vida de los millones de franceses que trabajan y de los millones de turistas que el país galo recibe cada año. La multiplicación de todo tipo de ayudas y subsidios públicos (algunos ejemplos: para comprar gasolina, para la vuelta a la escuela, para tomar el transporte público) han marcado los dos mandatos de Macron en una sociedad que tiende a exigir al estado la resolución de todos sus problemas (véase por ejemplo la anomalía francesa con la vivienda social). Se ha generado un círculo vicioso en el que la ayuda acordada se convierte en la justificación de otra nueva para un colectivo diferente o para un nuevo ámbito de la vida. La falta de autoridad (en el sentido de la auctoritas, de la legitimidad colectivamente reconocida del gobernante) de Macron, percibido como un producto de la élite financiera internacional desconectado de la gente, ha jugado un papel importante en esta espiral de endeudamiento. Sin embargo, muchos periodistas achacan erróneamente la catastrófica situación de las finanzas públicas francesas a malas políticas durante la crisis del coronavirus y la recuperación pospandémica. También hay que apuntar que durante sus primeros años de mandato, Macron bajó varios impuestos, pero se negó a efectuar los recortes públicos correspondientes, asumiendo sin decirlo que los intereses bajos o incluso negativos se convertirían en la «nueva normalidad» -o quizá simplemente esperando que el problema se lo encontrara su sucesor. Ya en el 2024, Macron temió que estallara un escándalo político a raíz del agujero fiscal justo antes de las elecciones europeas de junio. El primer ministro de entonces, Gabriel Attal, se unió a Macron contra el ministerio de finanzas para evitar cualquier recorte antes del verano. Desde entonces, Macron ha perdido las elecciones legislativas que él mismo convocó, y el pasado jueves 10 de octubre, el nuevo primer ministro Michel Barnier presentó un plan de unos 20.000 millones de euros en incrementos de impuestos y 41.000 en recortes. El hechizo de Macron se había deshecho definitivamente, y Francia volvía al mundo real.
