{"version":"1.0","provider_name":"Converses a Catalunya","provider_url":"https:\/\/conversesacatalunya.cat\/es\/","title":"Elecciones en el horizonte cercano - Converses a Catalunya","type":"rich","width":600,"height":338,"html":"<blockquote class=\"wp-embedded-content\" data-secret=\"Enb9DQIfFO\"><a href=\"https:\/\/conversesacatalunya.cat\/es\/elecciones-en-el-horizonte-cercano\/\">Elecciones en el horizonte cercano<\/a><\/blockquote><iframe sandbox=\"allow-scripts\" security=\"restricted\" src=\"https:\/\/conversesacatalunya.cat\/es\/elecciones-en-el-horizonte-cercano\/embed\/#?secret=Enb9DQIfFO\" width=\"600\" height=\"338\" title=\"\u00abElecciones en el horizonte cercano\u00bb \u2014 Converses a Catalunya\" data-secret=\"Enb9DQIfFO\" frameborder=\"0\" marginwidth=\"0\" marginheight=\"0\" scrolling=\"no\" class=\"wp-embedded-content\"><\/iframe><script>\n\/*! This file is auto-generated *\/\n!function(d,l){\"use strict\";l.querySelector&&d.addEventListener&&\"undefined\"!=typeof URL&&(d.wp=d.wp||{},d.wp.receiveEmbedMessage||(d.wp.receiveEmbedMessage=function(e){var t=e.data;if((t||t.secret||t.message||t.value)&&!\/[^a-zA-Z0-9]\/.test(t.secret)){for(var s,r,n,a=l.querySelectorAll('iframe[data-secret=\"'+t.secret+'\"]'),o=l.querySelectorAll('blockquote[data-secret=\"'+t.secret+'\"]'),c=new RegExp(\"^https?:$\",\"i\"),i=0;i<o.length;i++)o[i].style.display=\"none\";for(i=0;i<a.length;i++)s=a[i],e.source===s.contentWindow&&(s.removeAttribute(\"style\"),\"height\"===t.message?(1e3<(r=parseInt(t.value,10))?r=1e3:~~r<200&&(r=200),s.height=r):\"link\"===t.message&&(r=new URL(s.getAttribute(\"src\")),n=new URL(t.value),c.test(n.protocol))&&n.host===r.host&&l.activeElement===s&&(d.top.location.href=t.value))}},d.addEventListener(\"message\",d.wp.receiveEmbedMessage,!1),l.addEventListener(\"DOMContentLoaded\",function(){for(var e,t,s=l.querySelectorAll(\"iframe.wp-embedded-content\"),r=0;r<s.length;r++)(t=(e=s[r]).getAttribute(\"data-secret\"))||(t=Math.random().toString(36).substring(2,12),e.src+=\"#?secret=\"+t,e.setAttribute(\"data-secret\",t)),e.contentWindow.postMessage({message:\"ready\",secret:t},\"*\")},!1)))}(window,document);\n<\/script>\n","thumbnail_url":"https:\/\/conversesacatalunya.cat\/wp-content\/uploads\/2020\/06\/eleccions.jpg","thumbnail_width":992,"thumbnail_height":558,"description":"En el transcurso de los \u00faltimos d\u00edas va creciendo la idea de que las elecciones en Catalu\u00f1a pueden celebrarse al inicio del oto\u00f1o. Este horizonte viene determinado no s\u00f3lo por la muy posible inhabilitaci\u00f3n del presidente Torra en el mes de septiembre, sino por el hecho de que los dos socios de gobierno ven cada vez ven m\u00e1s dif\u00edcil la continuidad de la f\u00f3rmula actual sin someterla a una nueva rev\u00e1lida ante el electorado. Esta opini\u00f3n hace tiempo que es evidente por parte de ERC, pero no era, y en parte sigue no si\u00e9ndolo, compartida por JxCat y por Torra. Esta discrepancia nace de una raz\u00f3n interna. El conglomerado del \u00abespacio Puigdemont\u00bb no tiene bien clara la f\u00f3rmula org\u00e1nica para ir a las elecciones, ni tiene claro el candidato. La Crida, JxCat, PDeCAT, incluso la ANC, ya claramente separada de ERC, no han encontrado la formulaci\u00f3n electoral que les permita unir fuerzas sin crear fisuras. Por otra parte, con independencia de que Puigdemont pueda o no encabezar formalmente la lista, todos est\u00e1n de acuerdo en que es necesario un candidato que pueda \u00abllenar\u00bb la presidencia y superar la etapa Torra. A pesar de todas estas dificultades, empieza a pesar mucho el convencimiento de que la imposibilidad de gobernar hace necesarias unas elecciones, porque las cosas han llegado a un nivel tan duro que el primer partido de la oposici\u00f3n al gobierno son miembros del mismo gobierno, como se hace patente cada d\u00eda. El \u00faltimo caso con la fuerte ofensiva de ERC contra los Mossos. Por lo tanto, parece evidente que a lo largo de estos meses de verano Puigdemont establecer\u00e1 los contactos y llegar\u00e1 a las decisiones que les permitan ir a las elecciones. Un punto clave en esta cuesti\u00f3n son los alcaldes del PDeCAT, que en definitiva garantizan una buena implantaci\u00f3n en el territorio. A Puigdemont le preocupa m\u00e1s este aspecto que no el intento de recrear con el Partido Nacionalista Catal\u00e1n una nueva formaci\u00f3n heredera del electorado de Convergencia, que hoy ya no existe en t\u00e9rminos sim\u00e9tricos a los del pasado. Dirigentes socialistas se preparan para una contienda electoral que podr\u00eda producirse entre primeros de octubre y mediados de noviembre, si bien otorgan las mayores probabilidades al inicio del oto\u00f1o. Formar\u00eda parte del manual habitual del independentismo de intentar aprovechar el impulso del 11 de septiembre para articular a continuaci\u00f3n el inicio de la campa\u00f1a electoral. El gobierno tambi\u00e9n es consciente de que su papel es insignificante. Con la perspectiva de los fondos europeos, los vascos ya han decidido su gran proyecto que gira en torno a la industria conectada al hidr\u00f3geno, en plena sinton\u00eda con la estrategia alemana, mientras que Valencia sit\u00faa su apuesta sobre el corredor mediterr\u00e1neo y las sus ramificaciones, con un importante impulso del empresariado, y Madrid, junto con las ventajas de la capitalidad, parece que apostar\u00e1 por una fuerte revitalizaci\u00f3n urban\u00edstica generadora de inversi\u00f3n y empleo. El problema, como se\u00f1alaba Enric Juliana en La Vanguardia este martes, es que de Catalu\u00f1a no se sabe nada. Ni el gobierno, primer responsable, ni el empresariado tienen sobre la mesa un proyecto concreto de pa\u00eds vinculado a la recuperaci\u00f3n econ\u00f3mica y los nuevos planteamientos que Europa puede financiar. Y esta exigencia a corto plazo dif\u00edcilmente tiene respuesta si no es con unas nuevas elecciones. En este contexto se echa en falta una mayor presencia del nuevo catalanismo, que todav\u00eda parece muy aprisionado por la vieja pol\u00edtica. Al margen de que algunos grupos vayan produciendo documentos de indudable inter\u00e9s, lo que se echa de menos es el proyecto pol\u00edtico con el vuelo suficiente para hacer pensar que nos encontramos ante un nuevo sujeto capaz de mover el tablero. En este sentido, las dificultades de los cinco grupos pol\u00edticos presentes para dialogar p\u00fablicamente entre ellos y establecer acuerdos para ir como una sola opci\u00f3n, que ser\u00eda el resultado \u00f3ptimo, o bien dos pero despu\u00e9s de haber llegado a un entendimiento pol\u00edtica para el d\u00eda siguiente, es un gran inconveniente. Si no imprimen un cambio de ritmo sustancial, las elecciones les caer\u00e1n encima como una losa, y pueden quedar aplastados bajo ella. &nbsp;"}

En el transcurso de los últimos días va creciendo la idea de que las elecciones en Cataluña pueden celebrarse al inicio del otoño. Este horizonte viene determinado no sólo por la muy posible inhabilitación del presidente Torra en el mes de septiembre, sino por el hecho de que los dos socios de gobierno ven cada vez ven más difícil la continuidad de la fórmula actual sin someterla a una nueva reválida ante el electorado. Esta opinión hace tiempo que es evidente por parte de ERC, pero no era, y en parte sigue no siéndolo, compartida por JxCat y por Torra. Esta discrepancia nace de una razón interna. El conglomerado del «espacio Puigdemont» no tiene bien clara la fórmula orgánica para ir a las elecciones, ni tiene claro el candidato. La Crida, JxCat, PDeCAT, incluso la ANC, ya claramente separada de ERC, no han encontrado la formulación electoral que les permita unir fuerzas sin crear fisuras. Por otra parte, con independencia de que Puigdemont pueda o no encabezar formalmente la lista, todos están de acuerdo en que es necesario un candidato que pueda «llenar» la presidencia y superar la etapa Torra. A pesar de todas estas dificultades, empieza a pesar mucho el convencimiento de que la imposibilidad de gobernar hace necesarias unas elecciones, porque las cosas han llegado a un nivel tan duro que el primer partido de la oposición al gobierno son miembros del mismo gobierno, como se hace patente cada día. El último caso con la fuerte ofensiva de ERC contra los Mossos. Por lo tanto, parece evidente que a lo largo de estos meses de verano Puigdemont establecerá los contactos y llegará a las decisiones que les permitan ir a las elecciones. Un punto clave en esta cuestión son los alcaldes del PDeCAT, que en definitiva garantizan una buena implantación en el territorio. A Puigdemont le preocupa más este aspecto que no el intento de recrear con el Partido Nacionalista Catalán una nueva formación heredera del electorado de Convergencia, que hoy ya no existe en términos simétricos a los del pasado. Dirigentes socialistas se preparan para una contienda electoral que podría producirse entre primeros de octubre y mediados de noviembre, si bien otorgan las mayores probabilidades al inicio del otoño. Formaría parte del manual habitual del independentismo de intentar aprovechar el impulso del 11 de septiembre para articular a continuación el inicio de la campaña electoral. El gobierno también es consciente de que su papel es insignificante. Con la perspectiva de los fondos europeos, los vascos ya han decidido su gran proyecto que gira en torno a la industria conectada al hidrógeno, en plena sintonía con la estrategia alemana, mientras que Valencia sitúa su apuesta sobre el corredor mediterráneo y las sus ramificaciones, con un importante impulso del empresariado, y Madrid, junto con las ventajas de la capitalidad, parece que apostará por una fuerte revitalización urbanística generadora de inversión y empleo. El problema, como señalaba Enric Juliana en La Vanguardia este martes, es que de Cataluña no se sabe nada. Ni el gobierno, primer responsable, ni el empresariado tienen sobre la mesa un proyecto concreto de país vinculado a la recuperación económica y los nuevos planteamientos que Europa puede financiar. Y esta exigencia a corto plazo difícilmente tiene respuesta si no es con unas nuevas elecciones. En este contexto se echa en falta una mayor presencia del nuevo catalanismo, que todavía parece muy aprisionado por la vieja política. Al margen de que algunos grupos vayan produciendo documentos de indudable interés, lo que se echa de menos es el proyecto político con el vuelo suficiente para hacer pensar que nos encontramos ante un nuevo sujeto capaz de mover el tablero. En este sentido, las dificultades de los cinco grupos políticos presentes para dialogar públicamente entre ellos y establecer acuerdos para ir como una sola opción, que sería el resultado óptimo, o bien dos pero después de haber llegado a un entendimiento política para el día siguiente, es un gran inconveniente. Si no imprimen un cambio de ritmo sustancial, las elecciones les caerán encima como una losa, y pueden quedar aplastados bajo ella. &nbsp;
