{"version":"1.0","provider_name":"Converses a Catalunya","provider_url":"https:\/\/conversesacatalunya.cat\/es\/","title":"El solsticio de invierno fracasa en Barcelona - Converses a Catalunya","type":"rich","width":600,"height":338,"html":"<blockquote class=\"wp-embedded-content\" data-secret=\"sWhszhtPws\"><a href=\"https:\/\/conversesacatalunya.cat\/es\/el-solsticio-de-invierno-fracasa-en-barcelona\/\">El solsticio de invierno fracasa en Barcelona<\/a><\/blockquote><iframe sandbox=\"allow-scripts\" security=\"restricted\" src=\"https:\/\/conversesacatalunya.cat\/es\/el-solsticio-de-invierno-fracasa-en-barcelona\/embed\/#?secret=sWhszhtPws\" width=\"600\" height=\"338\" title=\"\u00abEl solsticio de invierno fracasa en Barcelona\u00bb \u2014 Converses a Catalunya\" data-secret=\"sWhszhtPws\" frameborder=\"0\" marginwidth=\"0\" marginheight=\"0\" scrolling=\"no\" class=\"wp-embedded-content\"><\/iframe><script>\n\/*! This file is auto-generated *\/\n!function(d,l){\"use strict\";l.querySelector&&d.addEventListener&&\"undefined\"!=typeof URL&&(d.wp=d.wp||{},d.wp.receiveEmbedMessage||(d.wp.receiveEmbedMessage=function(e){var t=e.data;if((t||t.secret||t.message||t.value)&&!\/[^a-zA-Z0-9]\/.test(t.secret)){for(var s,r,n,a=l.querySelectorAll('iframe[data-secret=\"'+t.secret+'\"]'),o=l.querySelectorAll('blockquote[data-secret=\"'+t.secret+'\"]'),c=new RegExp(\"^https?:$\",\"i\"),i=0;i<o.length;i++)o[i].style.display=\"none\";for(i=0;i<a.length;i++)s=a[i],e.source===s.contentWindow&&(s.removeAttribute(\"style\"),\"height\"===t.message?(1e3<(r=parseInt(t.value,10))?r=1e3:~~r<200&&(r=200),s.height=r):\"link\"===t.message&&(r=new URL(s.getAttribute(\"src\")),n=new URL(t.value),c.test(n.protocol))&&n.host===r.host&&l.activeElement===s&&(d.top.location.href=t.value))}},d.addEventListener(\"message\",d.wp.receiveEmbedMessage,!1),l.addEventListener(\"DOMContentLoaded\",function(){for(var e,t,s=l.querySelectorAll(\"iframe.wp-embedded-content\"),r=0;r<s.length;r++)(t=(e=s[r]).getAttribute(\"data-secret\"))||(t=Math.random().toString(36).substring(2,12),e.src+=\"#?secret=\"+t,e.setAttribute(\"data-secret\",t)),e.contentWindow.postMessage({message:\"ready\",secret:t},\"*\")},!1)))}(window,document);\n<\/script>\n","thumbnail_url":"https:\/\/conversesacatalunya.cat\/wp-content\/uploads\/2019\/11\/Senyor-hivern-Nadal.jpg","thumbnail_width":800,"thumbnail_height":533,"description":"El Ayuntamiento de Barcelona, \u200b\u200bpresidido por Ada Colau, ha impulsado a lo largo de los \u00faltimos a\u00f1os la celebraci\u00f3n en la ciudad del solsticio de invierno como \u00abla fiesta en que la luz gana a la oscuridad\u00bb, en lugar de la Navidad. El Ayuntamiento ha invitado a los barceloneses a que celebraran esta festividad. El a\u00f1o pasado, en la plaza m\u00e1s emblem\u00e1tica de la ciudad, la Pla\u00e7a de Catalu\u00f1a, se instal\u00f3 una gran imagen del se\u00f1or \u201cInvierno\u201d rodeado de un gran decorado de relojes que significaban el paso el tiempo y el camino hacia la luz. Todos estos intentos desde el poder municipal de ocultar la celebraci\u00f3n cristiana contrastan con la atenci\u00f3n que Colau siempre ha tenido hacia las festividades religiosas de otras confesiones, en concreto la musulmana. Puntualmente siempre les ha felicitado sus fiestas m\u00e1s importantes, como la del Cordero o el fin del Ramad\u00e1n. Pero el intento de Ada Colau ha chocado con la realidad de la tradici\u00f3n que no solo es religiosa, sino tambi\u00e9n cultural y pr\u00e1ctica, como todas las tradiciones populares que tienen su origen en el cristianismo. Para m\u00e1s inri de un gobierno que se quiere anticapitalista, el se\u00f1or \u201cInvierno\u201d ten\u00eda un coste, porque era propiedad de la compa\u00f1\u00eda Efimar, es decir, que era un sustituto de la Navidad con royalties. Pero el intento nunca cuaj\u00f3, los ciudadanos han pasado ampliamente de \u00e9l y los comerciantes se han opuesto siempre porque ha dado lugar a una Navidad triste, oscura y acomplejada, porque Colau no quer\u00eda que las calles resaltaran con su ornamentaci\u00f3n esta festividad cristiana. La comparaci\u00f3n con las otras ciudades europeas que exhiben grandes iluminaciones por estas fechas ha sido un permanente motivo de discordia. El intento de sustituci\u00f3n se ha aplicado tambi\u00e9n en el ambiente musical de determinados espacios p\u00fablicos, como la mencionada pla\u00e7a de Catalu\u00f1a, donde las canciones pop sustitu\u00edan a los villancicos. El pr\u00e1cticamente obligado bel\u00e9n municipal de la Pla\u00e7a Sant Jaume, donde radican los edificios del Ayuntamiento y la Generalitat, y que es el centro hist\u00f3rico de la ciudad, siempre ha recibido un maltrato, dando lugar a im\u00e1genes que distan mucho tanto de la tradici\u00f3n como del respeto a su significado religioso. Est\u00e1 por ver que el de este a\u00f1o recobre la belleza y el sentido que le corresponde. En todo caso, la asociaci\u00f3n e-Cristians ya se ha dirigido a la alcaldesa para pedir que el pesebre municipal vuelva por sus fueros. El resultado final de este intento de consagrar el solsticio de invierno y de erradicar la Navidad, despu\u00e9s de los a\u00f1os transcurridos, ha quedado en nada, porque esta Navidad el llamado se\u00f1or \u201cInvierno\u201d se quedar\u00e1 en casa, y la ciudad empezar\u00e1 a recuperar el sentido real de la Navidad: la conmemoraci\u00f3n del nacimiento de Jes\u00fas hace m\u00e1s de 2.000 a\u00f1os. &nbsp; &nbsp; &nbsp; &nbsp; &nbsp;"}

El Ayuntamiento de Barcelona, ​​presidido por Ada Colau, ha impulsado a lo largo de los últimos años la celebración en la ciudad del solsticio de invierno como «la fiesta en que la luz gana a la oscuridad», en lugar de la Navidad. El Ayuntamiento ha invitado a los barceloneses a que celebraran esta festividad. El año pasado, en la plaza más emblemática de la ciudad, la Plaça de Cataluña, se instaló una gran imagen del señor “Invierno” rodeado de un gran decorado de relojes que significaban el paso el tiempo y el camino hacia la luz. Todos estos intentos desde el poder municipal de ocultar la celebración cristiana contrastan con la atención que Colau siempre ha tenido hacia las festividades religiosas de otras confesiones, en concreto la musulmana. Puntualmente siempre les ha felicitado sus fiestas más importantes, como la del Cordero o el fin del Ramadán. Pero el intento de Ada Colau ha chocado con la realidad de la tradición que no solo es religiosa, sino también cultural y práctica, como todas las tradiciones populares que tienen su origen en el cristianismo. Para más inri de un gobierno que se quiere anticapitalista, el señor “Invierno” tenía un coste, porque era propiedad de la compañía Efimar, es decir, que era un sustituto de la Navidad con royalties. Pero el intento nunca cuajó, los ciudadanos han pasado ampliamente de él y los comerciantes se han opuesto siempre porque ha dado lugar a una Navidad triste, oscura y acomplejada, porque Colau no quería que las calles resaltaran con su ornamentación esta festividad cristiana. La comparación con las otras ciudades europeas que exhiben grandes iluminaciones por estas fechas ha sido un permanente motivo de discordia. El intento de sustitución se ha aplicado también en el ambiente musical de determinados espacios públicos, como la mencionada plaça de Cataluña, donde las canciones pop sustituían a los villancicos. El prácticamente obligado belén municipal de la Plaça Sant Jaume, donde radican los edificios del Ayuntamiento y la Generalitat, y que es el centro histórico de la ciudad, siempre ha recibido un maltrato, dando lugar a imágenes que distan mucho tanto de la tradición como del respeto a su significado religioso. Está por ver que el de este año recobre la belleza y el sentido que le corresponde. En todo caso, la asociación e-Cristians ya se ha dirigido a la alcaldesa para pedir que el pesebre municipal vuelva por sus fueros. El resultado final de este intento de consagrar el solsticio de invierno y de erradicar la Navidad, después de los años transcurridos, ha quedado en nada, porque esta Navidad el llamado señor “Invierno” se quedará en casa, y la ciudad empezará a recuperar el sentido real de la Navidad: la conmemoración del nacimiento de Jesús hace más de 2.000 años. &nbsp; &nbsp; &nbsp; &nbsp; &nbsp;
