{"version":"1.0","provider_name":"Converses a Catalunya","provider_url":"https:\/\/conversesacatalunya.cat\/es\/","title":"Diada de Sant Jordi desde el confinamiento - Converses a Catalunya","type":"rich","width":600,"height":338,"html":"<blockquote class=\"wp-embedded-content\" data-secret=\"vMt045Md0Y\"><a href=\"https:\/\/conversesacatalunya.cat\/es\/diada-de-sant-jordi-desde-el-confinamiento\/\">Diada de Sant Jordi desde el confinamiento<\/a><\/blockquote><iframe sandbox=\"allow-scripts\" security=\"restricted\" src=\"https:\/\/conversesacatalunya.cat\/es\/diada-de-sant-jordi-desde-el-confinamiento\/embed\/#?secret=vMt045Md0Y\" width=\"600\" height=\"338\" title=\"\u00abDiada de Sant Jordi desde el confinamiento\u00bb \u2014 Converses a Catalunya\" data-secret=\"vMt045Md0Y\" frameborder=\"0\" marginwidth=\"0\" marginheight=\"0\" scrolling=\"no\" class=\"wp-embedded-content\"><\/iframe><script>\n\/*! This file is auto-generated *\/\n!function(d,l){\"use strict\";l.querySelector&&d.addEventListener&&\"undefined\"!=typeof URL&&(d.wp=d.wp||{},d.wp.receiveEmbedMessage||(d.wp.receiveEmbedMessage=function(e){var t=e.data;if((t||t.secret||t.message||t.value)&&!\/[^a-zA-Z0-9]\/.test(t.secret)){for(var s,r,n,a=l.querySelectorAll('iframe[data-secret=\"'+t.secret+'\"]'),o=l.querySelectorAll('blockquote[data-secret=\"'+t.secret+'\"]'),c=new RegExp(\"^https?:$\",\"i\"),i=0;i<o.length;i++)o[i].style.display=\"none\";for(i=0;i<a.length;i++)s=a[i],e.source===s.contentWindow&&(s.removeAttribute(\"style\"),\"height\"===t.message?(1e3<(r=parseInt(t.value,10))?r=1e3:~~r<200&&(r=200),s.height=r):\"link\"===t.message&&(r=new URL(s.getAttribute(\"src\")),n=new URL(t.value),c.test(n.protocol))&&n.host===r.host&&l.activeElement===s&&(d.top.location.href=t.value))}},d.addEventListener(\"message\",d.wp.receiveEmbedMessage,!1),l.addEventListener(\"DOMContentLoaded\",function(){for(var e,t,s=l.querySelectorAll(\"iframe.wp-embedded-content\"),r=0;r<s.length;r++)(t=(e=s[r]).getAttribute(\"data-secret\"))||(t=Math.random().toString(36).substring(2,12),e.src+=\"#?secret=\"+t,e.setAttribute(\"data-secret\",t)),e.contentWindow.postMessage({message:\"ready\",secret:t},\"*\")},!1)))}(window,document);\n<\/script>\n","thumbnail_url":"https:\/\/conversesacatalunya.cat\/wp-content\/uploads\/2020\/04\/rosa-sant-jordi.jpg","thumbnail_width":480,"thumbnail_height":524,"description":"Este a\u00f1o, Sant Jordi ser\u00e1 diferente, pero no por ello dejaremos de celebrarlo. Varias iniciativas han surgido estos d\u00edas, el\u00a0Gremio de Floristas har\u00e1 todo lo posible para que quien quiera tener una rosa natural de Sant Jordi, la pueda comprar y recibir en casa. Tambi\u00e9n animan a la gente a engalanar los balcones con dibujos de dragones, rosas, cuentos o patadas de libros hechos por los m\u00e1s peque\u00f1os. La\u00a0Casa Batll\u00f3 ha publicado un emotivo v\u00eddeo animando a todos a decorar los balcones: \u00bfC\u00f3mo podemos quedarnos sin Sant Jordi, si tenemos m\u00e1s amor que nunca? La C\u00e1mara del Libro y el Gremio de Floristas han acordado celebrar un Sant Jordi alternativo el 23 de julio. \u00a1\u00a1\u00a1 FELIZ DIADA A TODOS !!!"}

Este año, Sant Jordi será diferente, pero no por ello dejaremos de celebrarlo. Varias iniciativas han surgido estos días, el Gremio de Floristas hará todo lo posible para que quien quiera tener una rosa natural de Sant Jordi, la pueda comprar y recibir en casa. También animan a la gente a engalanar los balcones con dibujos de dragones, rosas, cuentos o patadas de libros hechos por los más pequeños. La Casa Batlló ha publicado un emotivo vídeo animando a todos a decorar los balcones: ¿Cómo podemos quedarnos sin Sant Jordi, si tenemos más amor que nunca? La Cámara del Libro y el Gremio de Floristas han acordado celebrar un Sant Jordi alternativo el 23 de julio. ¡¡¡ FELIZ DIADA A TODOS !!!
