{"version":"1.0","provider_name":"Converses a Catalunya","provider_url":"https:\/\/conversesacatalunya.cat\/es\/","title":"De la calma a la alarma - Converses a Catalunya","type":"rich","width":600,"height":338,"html":"<blockquote class=\"wp-embedded-content\" data-secret=\"yWWsflpc1V\"><a href=\"https:\/\/conversesacatalunya.cat\/es\/de-la-calma-a-la-alarma\/\">De la calma a la alarma<\/a><\/blockquote><iframe sandbox=\"allow-scripts\" security=\"restricted\" src=\"https:\/\/conversesacatalunya.cat\/es\/de-la-calma-a-la-alarma\/embed\/#?secret=yWWsflpc1V\" width=\"600\" height=\"338\" title=\"\u00abDe la calma a la alarma\u00bb \u2014 Converses a Catalunya\" data-secret=\"yWWsflpc1V\" frameborder=\"0\" marginwidth=\"0\" marginheight=\"0\" scrolling=\"no\" class=\"wp-embedded-content\"><\/iframe><script>\n\/*! This file is auto-generated *\/\n!function(d,l){\"use strict\";l.querySelector&&d.addEventListener&&\"undefined\"!=typeof URL&&(d.wp=d.wp||{},d.wp.receiveEmbedMessage||(d.wp.receiveEmbedMessage=function(e){var t=e.data;if((t||t.secret||t.message||t.value)&&!\/[^a-zA-Z0-9]\/.test(t.secret)){for(var s,r,n,a=l.querySelectorAll('iframe[data-secret=\"'+t.secret+'\"]'),o=l.querySelectorAll('blockquote[data-secret=\"'+t.secret+'\"]'),c=new RegExp(\"^https?:$\",\"i\"),i=0;i<o.length;i++)o[i].style.display=\"none\";for(i=0;i<a.length;i++)s=a[i],e.source===s.contentWindow&&(s.removeAttribute(\"style\"),\"height\"===t.message?(1e3<(r=parseInt(t.value,10))?r=1e3:~~r<200&&(r=200),s.height=r):\"link\"===t.message&&(r=new URL(s.getAttribute(\"src\")),n=new URL(t.value),c.test(n.protocol))&&n.host===r.host&&l.activeElement===s&&(d.top.location.href=t.value))}},d.addEventListener(\"message\",d.wp.receiveEmbedMessage,!1),l.addEventListener(\"DOMContentLoaded\",function(){for(var e,t,s=l.querySelectorAll(\"iframe.wp-embedded-content\"),r=0;r<s.length;r++)(t=(e=s[r]).getAttribute(\"data-secret\"))||(t=Math.random().toString(36).substring(2,12),e.src+=\"#?secret=\"+t,e.setAttribute(\"data-secret\",t)),e.contentWindow.postMessage({message:\"ready\",secret:t},\"*\")},!1)))}(window,document);\n<\/script>\n","thumbnail_url":"https:\/\/conversesacatalunya.cat\/wp-content\/uploads\/2020\/04\/coronavirus-espana-espera-pico-10-dias-peor-escenario-6440.jpg","thumbnail_width":620,"thumbnail_height":368,"description":"Afrontar una pandemia como la que est\u00e1 generando el coronavirus en todo el mundo es sin duda una de las crisis de mayor envergadura a las que puede hacer frente cualquier gobierno. Estamos, adem\u00e1s, en Espa\u00f1a, en medio de la tormenta, y por tanto a\u00fan es pronto para evaluar la actuaci\u00f3n de las distintas administraciones p\u00fablicas del Estado con cierta distancia y equidad. Por otro lado, hay que reconocer algunos obst\u00e1culos que no han facilitado la tarea de encarar la crisis con eficacia desde el primer momento. La experiencia de un primerizo e inaudito gobierno de coalici\u00f3n en Espa\u00f1a desde la transici\u00f3n, reci\u00e9n constituido, que necesita adem\u00e1s los apoyos parlamentarios de otros partidos para sacar adelante sus propuestas legislativas no es el escenario ideal para tomar medidas r\u00e1pidas en caso de emergencia. Al tratarse de una crisis sanitaria, y dado que las competencias en esa materia est\u00e1n en manos de las comunidades aut\u00f3nomas, algunas de ellas (de peso) gobernadas por partidos distintos a los que gobiernan en el Estado (como Euskadi, Catalunya, Galicia o Andaluc\u00eda), la dificultad para adoptar medidas homog\u00e9neas tambi\u00e9n aumenta. Y el hecho de que la sanidad p\u00fablica en Espa\u00f1a haya sido objeto de serios recortes en los \u00faltimos a\u00f1os, consecuencia de la crisis econ\u00f3mica que sufrimos hace apenas una d\u00e9cada, y a pesar de la gran cualificaci\u00f3n de sus profesionales, tampoco ha colaborado en la lucha desesperada contra el virus y sus efectos letales. Pero una crisis es una crisis, y hay una serie de protocolos que cumplir que la mayor\u00eda de docentes que nos dedicamos a la comunicaci\u00f3n conocemos, y que en el supuesto en el que nos encontramos no siempre se han cumplido. A pesar de todos los obst\u00e1culos que ya hemos detallado, hay errores que no deber\u00edan cometerse y que vale la pena analizar utilizando un dec\u00e1logo de factores para gestionar una crisis. 1.- Responder, calmar la ansiedad, dar la cara. En realidad, este es uno de los puntos que se cumpli\u00f3 a pies juntillas tanto desde el Gobierno del Estado como en el caso de Catalunya, desde la Conselleria de Salut. Pero de una manera tan exagerada que se ha convertido en uno de los principales errores. Con el objetivo de \u201ccalmar la ansiedad\u201d, de no generar alarma, y tal vez con otros objetivos m\u00e1s espurios (con cierto sesgo ideol\u00f3gico), es evidente que se reaccion\u00f3 tarde y se quit\u00f3 excesiva importancia a lo que nos ven\u00eda encima. Tras observar lo que hab\u00eda ocurrido en China, pero sobre todo a partir del brote surgido en Italia a mediados de febrero, deb\u00edan haber saltado todas las alarmas. Se cre\u00f3 un gabinete t\u00e9cnico, se puso al frente a un excelente comunicador como el doctor Fernando Sim\u00f3n, con un aspecto algo desali\u00f1ado pero con un talante moderado, reposado, que genera confianza y se envi\u00f3 un mensaje de tranquilidad. Se quit\u00f3 importancia a la propagaci\u00f3n del virus, y se garantiz\u00f3 que nuestro sistema sanitario estaba preparado para la emergencia. Quiz\u00e1 es un portavoz ideal para otra tipo de emergencia menos agresiva. \u00a0No se adoptaron medidas que en aquel momento hubieran sido muy impopulares, como prohibir grandes manifestaciones o acontecimientos deportivos o culturales, ni mucho menos medidas de confinamiento tan duras como las que al final se han acabado adoptando. Alguien podr\u00e1 decir que ning\u00fan gobierno se habr\u00eda atrevido a adoptar esas medidas. Tal vez es cierto. En Catalunya, la consellera de Salut se cans\u00f3 de decir al principio que no hab\u00eda riesgo de contagio, que no hab\u00eda nada que temer, y al cabo de unas pocas semanas, el presidente de la Generalitat lideraba la petici\u00f3n de confinamiento total de Catalunya. En otros pa\u00edses como Alemania (olvidemos Corea o Singapur, culturalmente tan distintos a nosotros) decidieron empezar a hacer miles de tests a la poblaci\u00f3n desde el principio sin adoptar tampoco medidas dr\u00e1sticas de aislamiento y la mortalidad es de momento mucho m\u00e1s baja que aqu\u00ed. Probablemente porque aqu\u00ed hay mucha m\u00e1s gente infectada de la que afirman las estad\u00edsticas y eso hace que el \u00edndice de mortalidad sea m\u00e1s alto. En definitiva, el objetivo de calmar la ansiedad se cumpli\u00f3, pero el efecto ha sido peor cuando la epidemia ha empezado a crecer vertiginosamente. 2.- Anticipar. Si alguien fue capaz de anticipar lo que ven\u00eda, se guard\u00f3 celosamente la informaci\u00f3n. No hab\u00eda protocolos claros para este tipo de pandemia. Es algo excepcional, pero pod\u00eda suceder. Y nadie fue capaz de anticiparse, de prepararse con tiempo. Algo que ha resultado mortal (en este caso el adjetivo es tristemente adecuado), porque luego te obliga a reaccionar a remolque de los acontecimientos. Cuando todo esto no sea m\u00e1s que un mal recuerdo alguien deber\u00eda redactar un manual de crisis con mecanismos detallados de anticipaci\u00f3n que por lo visto no exist\u00edan, para que nunca m\u00e1s vuelva a ocurrir algo parecido. 3.- Coordinar. Organizar. La dificultad que hemos comentado sobre el reparto de competencias sanitarias en manos de las comunidades aut\u00f3nomas era un factor conocido que pod\u00eda impedir la coordinaci\u00f3n necesaria entre administraciones. La impresi\u00f3n general inicial es que cada territorio actuaba por su cuenta con medidas distintas e incluso contradictorias. Lo mismo podr\u00edamos decir de la Uni\u00f3n Europea, donde al final cada pa\u00eds ha cerrado sus fronteras y ha actuado exclusivamente velando por sus intereses, con algunas excepciones de colaboraci\u00f3n solidaria entre estados. Visto con retrovisor, decretar el estado de alarma era imprescindible y centralizar en el gobierno del Estado la adopci\u00f3n de medidas excepcionales en detrimento de las competencias auton\u00f3micas era probablemente necesario para combatir el virus, pero a la vez ha generado grandes dificultades para adquirir material sanitario, tests de detecci\u00f3n de COVID19 y otros recursos en el exterior en una subasta imp\u00fadica al mejor postor en la que hay empresas que deben de haber triplicado sus beneficios. As\u00ed pues, la coordinaci\u00f3n y organizaci\u00f3n ha funcionado tarde y a medias. 4.- Informar adecuadamente. No se puede negar que el Gobierno del Estado ha informado de manera reiterada, con ruedas de prensa diarias, comparecencias, comunicados, propaganda, campa\u00f1as en redes..."}

Afrontar una pandemia como la que está generando el coronavirus en todo el mundo es sin duda una de las crisis de mayor envergadura a las que puede hacer frente cualquier gobierno. Estamos, además, en España, en medio de la tormenta, y por tanto aún es pronto para evaluar la actuación de las distintas administraciones públicas del Estado con cierta distancia y equidad. Por otro lado, hay que reconocer algunos obstáculos que no han facilitado la tarea de encarar la crisis con eficacia desde el primer momento. La experiencia de un primerizo e inaudito gobierno de coalición en España desde la transición, recién constituido, que necesita además los apoyos parlamentarios de otros partidos para sacar adelante sus propuestas legislativas no es el escenario ideal para tomar medidas rápidas en caso de emergencia. Al tratarse de una crisis sanitaria, y dado que las competencias en esa materia están en manos de las comunidades autónomas, algunas de ellas (de peso) gobernadas por partidos distintos a los que gobiernan en el Estado (como Euskadi, Catalunya, Galicia o Andalucía), la dificultad para adoptar medidas homogéneas también aumenta. Y el hecho de que la sanidad pública en España haya sido objeto de serios recortes en los últimos años, consecuencia de la crisis económica que sufrimos hace apenas una década, y a pesar de la gran cualificación de sus profesionales, tampoco ha colaborado en la lucha desesperada contra el virus y sus efectos letales. Pero una crisis es una crisis, y hay una serie de protocolos que cumplir que la mayoría de docentes que nos dedicamos a la comunicación conocemos, y que en el supuesto en el que nos encontramos no siempre se han cumplido. A pesar de todos los obstáculos que ya hemos detallado, hay errores que no deberían cometerse y que vale la pena analizar utilizando un decálogo de factores para gestionar una crisis. 1.- Responder, calmar la ansiedad, dar la cara. En realidad, este es uno de los puntos que se cumplió a pies juntillas tanto desde el Gobierno del Estado como en el caso de Catalunya, desde la Conselleria de Salut. Pero de una manera tan exagerada que se ha convertido en uno de los principales errores. Con el objetivo de “calmar la ansiedad”, de no generar alarma, y tal vez con otros objetivos más espurios (con cierto sesgo ideológico), es evidente que se reaccionó tarde y se quitó excesiva importancia a lo que nos venía encima. Tras observar lo que había ocurrido en China, pero sobre todo a partir del brote surgido en Italia a mediados de febrero, debían haber saltado todas las alarmas. Se creó un gabinete técnico, se puso al frente a un excelente comunicador como el doctor Fernando Simón, con un aspecto algo desaliñado pero con un talante moderado, reposado, que genera confianza y se envió un mensaje de tranquilidad. Se quitó importancia a la propagación del virus, y se garantizó que nuestro sistema sanitario estaba preparado para la emergencia. Quizá es un portavoz ideal para otra tipo de emergencia menos agresiva.  No se adoptaron medidas que en aquel momento hubieran sido muy impopulares, como prohibir grandes manifestaciones o acontecimientos deportivos o culturales, ni mucho menos medidas de confinamiento tan duras como las que al final se han acabado adoptando. Alguien podrá decir que ningún gobierno se habría atrevido a adoptar esas medidas. Tal vez es cierto. En Catalunya, la consellera de Salut se cansó de decir al principio que no había riesgo de contagio, que no había nada que temer, y al cabo de unas pocas semanas, el presidente de la Generalitat lideraba la petición de confinamiento total de Catalunya. En otros países como Alemania (olvidemos Corea o Singapur, culturalmente tan distintos a nosotros) decidieron empezar a hacer miles de tests a la población desde el principio sin adoptar tampoco medidas drásticas de aislamiento y la mortalidad es de momento mucho más baja que aquí. Probablemente porque aquí hay mucha más gente infectada de la que afirman las estadísticas y eso hace que el índice de mortalidad sea más alto. En definitiva, el objetivo de calmar la ansiedad se cumplió, pero el efecto ha sido peor cuando la epidemia ha empezado a crecer vertiginosamente. 2.- Anticipar. Si alguien fue capaz de anticipar lo que venía, se guardó celosamente la información. No había protocolos claros para este tipo de pandemia. Es algo excepcional, pero podía suceder. Y nadie fue capaz de anticiparse, de prepararse con tiempo. Algo que ha resultado mortal (en este caso el adjetivo es tristemente adecuado), porque luego te obliga a reaccionar a remolque de los acontecimientos. Cuando todo esto no sea más que un mal recuerdo alguien debería redactar un manual de crisis con mecanismos detallados de anticipación que por lo visto no existían, para que nunca más vuelva a ocurrir algo parecido. 3.- Coordinar. Organizar. La dificultad que hemos comentado sobre el reparto de competencias sanitarias en manos de las comunidades autónomas era un factor conocido que podía impedir la coordinación necesaria entre administraciones. La impresión general inicial es que cada territorio actuaba por su cuenta con medidas distintas e incluso contradictorias. Lo mismo podríamos decir de la Unión Europea, donde al final cada país ha cerrado sus fronteras y ha actuado exclusivamente velando por sus intereses, con algunas excepciones de colaboración solidaria entre estados. Visto con retrovisor, decretar el estado de alarma era imprescindible y centralizar en el gobierno del Estado la adopción de medidas excepcionales en detrimento de las competencias autonómicas era probablemente necesario para combatir el virus, pero a la vez ha generado grandes dificultades para adquirir material sanitario, tests de detección de COVID19 y otros recursos en el exterior en una subasta impúdica al mejor postor en la que hay empresas que deben de haber triplicado sus beneficios. Así pues, la coordinación y organización ha funcionado tarde y a medias. 4.- Informar adecuadamente. No se puede negar que el Gobierno del Estado ha informado de manera reiterada, con ruedas de prensa diarias, comparecencias, comunicados, propaganda, campañas en redes...
