{"version":"1.0","provider_name":"Converses a Catalunya","provider_url":"https:\/\/conversesacatalunya.cat\/es\/","title":"Una cr\u00edtica razonada a las pol\u00edticas del gobierno S\u00e1nchez. El deterioro del estado de derecho y de la constitucionalidad - Converses a Catalunya","type":"rich","width":600,"height":338,"html":"<blockquote class=\"wp-embedded-content\" data-secret=\"zWuXWi1mcZ\"><a href=\"https:\/\/conversesacatalunya.cat\/es\/critica-razonada-a-las-politicas-del-gobierno-sanchez\/\">Una cr\u00edtica razonada a las pol\u00edticas del gobierno S\u00e1nchez. El deterioro del estado de derecho y de la constitucionalidad<\/a><\/blockquote><iframe sandbox=\"allow-scripts\" security=\"restricted\" src=\"https:\/\/conversesacatalunya.cat\/es\/critica-razonada-a-las-politicas-del-gobierno-sanchez\/embed\/#?secret=zWuXWi1mcZ\" width=\"600\" height=\"338\" title=\"\u00abUna cr\u00edtica razonada a las pol\u00edticas del gobierno S\u00e1nchez. El deterioro del estado de derecho y de la constitucionalidad\u00bb \u2014 Converses a Catalunya\" data-secret=\"zWuXWi1mcZ\" frameborder=\"0\" marginwidth=\"0\" marginheight=\"0\" scrolling=\"no\" class=\"wp-embedded-content\"><\/iframe><script>\n\/*! This file is auto-generated *\/\n!function(d,l){\"use strict\";l.querySelector&&d.addEventListener&&\"undefined\"!=typeof URL&&(d.wp=d.wp||{},d.wp.receiveEmbedMessage||(d.wp.receiveEmbedMessage=function(e){var t=e.data;if((t||t.secret||t.message||t.value)&&!\/[^a-zA-Z0-9]\/.test(t.secret)){for(var s,r,n,a=l.querySelectorAll('iframe[data-secret=\"'+t.secret+'\"]'),o=l.querySelectorAll('blockquote[data-secret=\"'+t.secret+'\"]'),c=new RegExp(\"^https?:$\",\"i\"),i=0;i<o.length;i++)o[i].style.display=\"none\";for(i=0;i<a.length;i++)s=a[i],e.source===s.contentWindow&&(s.removeAttribute(\"style\"),\"height\"===t.message?(1e3<(r=parseInt(t.value,10))?r=1e3:~~r<200&&(r=200),s.height=r):\"link\"===t.message&&(r=new URL(s.getAttribute(\"src\")),n=new URL(t.value),c.test(n.protocol))&&n.host===r.host&&l.activeElement===s&&(d.top.location.href=t.value))}},d.addEventListener(\"message\",d.wp.receiveEmbedMessage,!1),l.addEventListener(\"DOMContentLoaded\",function(){for(var e,t,s=l.querySelectorAll(\"iframe.wp-embedded-content\"),r=0;r<s.length;r++)(t=(e=s[r]).getAttribute(\"data-secret\"))||(t=Math.random().toString(36).substring(2,12),e.src+=\"#?secret=\"+t,e.setAttribute(\"data-secret\",t)),e.contentWindow.postMessage({message:\"ready\",secret:t},\"*\")},!1)))}(window,document);\n<\/script>\n","thumbnail_url":"https:\/\/conversesacatalunya.cat\/wp-content\/uploads\/2023\/07\/18072018_Sanchez_Oficial3_Original2.jpg","thumbnail_width":2000,"thumbnail_height":1333,"description":"En pol\u00edtica no creo en la demonizaci\u00f3n del adversario, porque la posibilidad de construir el bien com\u00fan requiere de la virtud de la amistad civil entre contrarios. Al mismo tiempo, debe de existir una cr\u00edtica razonada al poder pol\u00edtico, que debe ser m\u00e1s exigente en la medida que \u00e9ste se vuelve m\u00e1s intrusivo en la vida de las personas y con una capacidad creciente de influir decisivamente en todas la dimensiones de la sociedad civil. A un estado poderoso solo puede compensarlo una critica libre. El gobierno de S\u00e1nchez ha sido un ejemplo de esta intrusi\u00f3n en todos los \u00f3rdenes del estado, y esta es una raz\u00f3n fundamental de cr\u00edtica: el deterioro del estado de\u00a0derecho y de la constitucionalidad. Se ha producido un\u00a0asalto desde\u00a0el poder ejecutivo, debilitando los poderes legislativo, judicial y constitucional. Se ha erosionado la misi\u00f3n parlamentaria de control y participaci\u00f3n por v\u00edas diversas: El uso abusivo del Decreto Ley. El falseamiento procedimental en la tramitaci\u00f3n de las leyes, a fin de acortar los plazos, obviar la consulta a \u00f3rganos institucionales y disponer de los informes de las partes concernidas. La Mesa del Congreso, controlada desde el gobierno, ha establecido la tramitaci\u00f3n de las leyes en funci\u00f3n de los intereses del ejecutivo, como muestra el escandaloso bloqueo de la ley sobre los enfermos de \u00a0ELA. Se ha hurtado la capacidad de control del parlamento, eludiendo su intervenci\u00f3n sobre los fondos Next Generation, o suprimiendo su\u00a0 tarea cuando m\u00e1s necesaria era su funci\u00f3n de control gubernamental en el momento \u00e1lgido de la Covid-19, con el resultado de la declaraci\u00f3n de inconstitucionalidad de los estados de alarma. En otro orden de cosas, ha sido una caracter\u00edstica continuada la\u00a0falta de transparencia. La inexistencia de un rendimiento real de cuentas, la ocultaci\u00f3n de datos en cuestiones tan importantes como el\u00a0Programa Next Generation\u00a0o la situaci\u00f3n real de los trabajadores fijos discontinuos. Se ha\u00a0paralizado en gran parte al Consejo General del Poder Judicial. Que la oposici\u00f3n bloquee su renovaci\u00f3n no justifica que a su vez el gobierno bloquee al CGPJ. Lo mal hecho no se cura con mayor maldad. Tampoco ha asumido las reiteradas recomendaciones de la UE sobre la forma de elegirlo. Quiz\u00e1s lo m\u00e1s grave sea el descarado\u00a0control pol\u00edtico que se ha producido del Tribunal Constitucional, que de momento culmin\u00f3 con el desafuero de la sentencia sobre el recurso de la ley del aborto, cuya denegaci\u00f3n sali\u00f3 adelante con los votos de tres \u00a0magistrados, incluido el presidente, que claramente estaban incursos en una recusaci\u00f3n objetiva por haber intervenido con anterioridad en esta ley. Nunca se ha dado en el pasado una arbitrariedad de esta dimensi\u00f3n, que terminar\u00e1 con el TC ante la justicia europea. Tambi\u00e9n los mismos jueces se han permitido interpretaciones jur\u00eddicas que le confieren el car\u00e1cter de segunda c\u00e1mara legislativa, que obviamente no tiene. El resultado es la degradaci\u00f3n de de la mas alta instancia constitucional, que hasta ahora, mal que bien havia preservado un prestigio m\u00ednimamente razonable. El TC est\u00e1 para dictaminar lo que cabe en la Constituci\u00f3n. En la sentencia sobre el aborto se ha producido otro hecho ins\u00f3lito. Como no cuadraba con la legislaci\u00f3n de la actual mayor\u00eda gubernamental, han prescindido de la jurisprudencia del propio tribunal dictada con motivo de la primera ley del aborto. La sentencia de 11 de abril de 1985 declar\u00f3 la constitucionalidad de la ley que despenalizaba el aborto en tres supuestos: riesgo para la vida o salud de la embarazada, violaci\u00f3n y malformaciones fetales, al mismo tiempo que \u00a0ponderaba el derecho a la vida del nasciturus, que consideraba un bien constitucionalmente protegido, y los derechos de la mujer embarazada. La negaci\u00f3n del principio que asegura que el estado no imponga una ideolog\u00eda propia y su \u00fanico fundamento sea la Constituci\u00f3n. Esta es una salvaguarda fundamental del estado de derecho. A pesar de ello, el gobierno ha impuesto el feminismo y las identidades de g\u00e9nero como ideolog\u00edas de estado. Si all\u00ed donde aparece la perspectiva de g\u00e9nero y feminismo en los textos normativos de todo rango y condici\u00f3n, de leyes a instrucciones, lo sustituy\u00e9ramos por otro concepto ideol\u00f3gico, como por ejemplo marxismo, se har\u00eda evidente que nos encontramos en una situaci\u00f3n incompatible con un estado de derecho. Intentar aducir que aquellas teor\u00edas no componen una ideolog\u00eda, es el mismo tipo de respuesta que en otras \u00e9pocas hab\u00eda aportado el marxismo. Ideolog\u00eda es solo lo que predican los dem\u00e1s. Lo propio es un an\u00e1lisis de lo real puro y duro. Y aquella cuesti\u00f3n de haber\u00a0insuflado al estado una ideolog\u00eda, que la reproduce y favorece en todo, incluido el adoctrinamiento escolar, ha\u00a0convertido nuestro estado de derecho en un estado de leyes. La diferencia no es menor. Por ejemplo, el franquismo era un estado de leyes, pero no de derecho. En el primer caso, todo se centra en la existencia de un sistema legal, en el que sus \u00a0normas son consideradas supremas y se espera que todos los ciudadanos y entidades se sometan a ellas. Por ejemplo, la ley sobre el aborto es inmutable. Y el concepto de violencia de g\u00e9nero, por cierto, jur\u00eddicamente casi exclusivo de Espa\u00f1a, no podr\u00eda modificarse. Y as\u00ed todo aquello que forma parte de la nueva ideolog\u00eda del estado. En un estado de derecho, la soberan\u00eda radica en el Congreso que, de acuerdo con los procedimientos establecidos por la ley y la Constituci\u00f3n, puede modificarlo todo.\u00a0 Este sistema legal se aplica de manera justa, equitativa y con respeto a los derechos fundamentales de las personas. En un estado de derecho, las leyes son herramientas para proteger los derechos y las libertades individuales, y la igualdad de todos los ciudadanos ante la ley, y no meramente instrumentos para mantener el poder de los grupos del\u00a0establishment. Finalmente, tambi\u00e9n se degrada el estado de derecho como consecuencia de la\u00a0deficiente calidad de buena parte de las leyes que se han aprobado, hasta llegar al caso extremo de la ley del \u201csolo s\u00ed es s\u00ed\u201d. Este es el balance del \u00e1mbito de los derechos y de la constitucionalidad del gobierno Sanchez, cuyo da\u00f1o es..."}

Una crítica razonada a las políticas del gobierno Sánchez. El deterioro del estado de derecho y de la constitucionalidad - Converses a Catalunya

<blockquote class="wp-embedded-content" data-secret="zWuXWi1mcZ"><a href="https://conversesacatalunya.cat/es/critica-razonada-a-las-politicas-del-gobierno-sanchez/">Una crítica razonada a las políticas del gobierno Sánchez. El deterioro del estado de derecho y de la constitucionalidad</a></blockquote><iframe sandbox="allow-scripts" security="restricted" src="https://conversesacatalunya.cat/es/critica-razonada-a-las-politicas-del-gobierno-sanchez/embed/#?secret=zWuXWi1mcZ" width="600" height="338" title="«Una crítica razonada a las políticas del gobierno Sánchez. El deterioro del estado de derecho y de la constitucionalidad» — Converses a Catalunya" data-secret="zWuXWi1mcZ" frameborder="0" marginwidth="0" marginheight="0" scrolling="no" class="wp-embedded-content"></iframe><script>
/*! This file is auto-generated */
!function(d,l){"use strict";l.querySelector&&d.addEventListener&&"undefined"!=typeof URL&&(d.wp=d.wp||{},d.wp.receiveEmbedMessage||(d.wp.receiveEmbedMessage=function(e){var t=e.data;if((t||t.secret||t.message||t.value)&&!/[^a-zA-Z0-9]/.test(t.secret)){for(var s,r,n,a=l.querySelectorAll('iframe[data-secret="'+t.secret+'"]'),o=l.querySelectorAll('blockquote[data-secret="'+t.secret+'"]'),c=new RegExp("^https?:$","i"),i=0;i<o.length;i++)o[i].style.display="none";for(i=0;i<a.length;i++)s=a[i],e.source===s.contentWindow&&(s.removeAttribute("style"),"height"===t.message?(1e3<(r=parseInt(t.value,10))?r=1e3:~~r<200&&(r=200),s.height=r):"link"===t.message&&(r=new URL(s.getAttribute("src")),n=new URL(t.value),c.test(n.protocol))&&n.host===r.host&&l.activeElement===s&&(d.top.location.href=t.value))}},d.addEventListener("message",d.wp.receiveEmbedMessage,!1),l.addEventListener("DOMContentLoaded",function(){for(var e,t,s=l.querySelectorAll("iframe.wp-embedded-content"),r=0;r<s.length;r++)(t=(e=s[r]).getAttribute("data-secret"))||(t=Math.random().toString(36).substring(2,12),e.src+="#?secret="+t,e.setAttribute("data-secret",t)),e.contentWindow.postMessage({message:"ready",secret:t},"*")},!1)))}(window,document);
</script>

En política no creo en la demonización del adversario, porque la posibilidad de construir el bien común requiere de la virtud de la amistad civil entre contrarios. Al mismo tiempo, debe de existir una crítica razonada al poder político, que debe ser más exigente en la medida que éste se vuelve más intrusivo en la vida de las personas y con una capacidad creciente de influir decisivamente en todas la dimensiones de la sociedad civil. A un estado poderoso solo puede compensarlo una critica libre. El gobierno de Sánchez ha sido un ejemplo de esta intrusión en todos los órdenes del estado, y esta es una razón fundamental de crítica: el deterioro del estado de derecho y de la constitucionalidad. Se ha producido un asalto desde el poder ejecutivo, debilitando los poderes legislativo, judicial y constitucional. Se ha erosionado la misión parlamentaria de control y participación por vías diversas: El uso abusivo del Decreto Ley. El falseamiento procedimental en la tramitación de las leyes, a fin de acortar los plazos, obviar la consulta a órganos institucionales y disponer de los informes de las partes concernidas. La Mesa del Congreso, controlada desde el gobierno, ha establecido la tramitación de las leyes en función de los intereses del ejecutivo, como muestra el escandaloso bloqueo de la ley sobre los enfermos de  ELA. Se ha hurtado la capacidad de control del parlamento, eludiendo su intervención sobre los fondos Next Generation, o suprimiendo su  tarea cuando más necesaria era su función de control gubernamental en el momento álgido de la Covid-19, con el resultado de la declaración de inconstitucionalidad de los estados de alarma. En otro orden de cosas, ha sido una característica continuada la falta de transparencia. La inexistencia de un rendimiento real de cuentas, la ocultación de datos en cuestiones tan importantes como el Programa Next Generation o la situación real de los trabajadores fijos discontinuos. Se ha paralizado en gran parte al Consejo General del Poder Judicial. Que la oposición bloquee su renovación no justifica que a su vez el gobierno bloquee al CGPJ. Lo mal hecho no se cura con mayor maldad. Tampoco ha asumido las reiteradas recomendaciones de la UE sobre la forma de elegirlo. Quizás lo más grave sea el descarado control político que se ha producido del Tribunal Constitucional, que de momento culminó con el desafuero de la sentencia sobre el recurso de la ley del aborto, cuya denegación salió adelante con los votos de tres  magistrados, incluido el presidente, que claramente estaban incursos en una recusación objetiva por haber intervenido con anterioridad en esta ley. Nunca se ha dado en el pasado una arbitrariedad de esta dimensión, que terminará con el TC ante la justicia europea. También los mismos jueces se han permitido interpretaciones jurídicas que le confieren el carácter de segunda cámara legislativa, que obviamente no tiene. El resultado es la degradación de de la mas alta instancia constitucional, que hasta ahora, mal que bien havia preservado un prestigio mínimamente razonable. El TC está para dictaminar lo que cabe en la Constitución. En la sentencia sobre el aborto se ha producido otro hecho insólito. Como no cuadraba con la legislación de la actual mayoría gubernamental, han prescindido de la jurisprudencia del propio tribunal dictada con motivo de la primera ley del aborto. La sentencia de 11 de abril de 1985 declaró la constitucionalidad de la ley que despenalizaba el aborto en tres supuestos: riesgo para la vida o salud de la embarazada, violación y malformaciones fetales, al mismo tiempo que  ponderaba el derecho a la vida del nasciturus, que consideraba un bien constitucionalmente protegido, y los derechos de la mujer embarazada. La negación del principio que asegura que el estado no imponga una ideología propia y su único fundamento sea la Constitución. Esta es una salvaguarda fundamental del estado de derecho. A pesar de ello, el gobierno ha impuesto el feminismo y las identidades de género como ideologías de estado. Si allí donde aparece la perspectiva de género y feminismo en los textos normativos de todo rango y condición, de leyes a instrucciones, lo sustituyéramos por otro concepto ideológico, como por ejemplo marxismo, se haría evidente que nos encontramos en una situación incompatible con un estado de derecho. Intentar aducir que aquellas teorías no componen una ideología, es el mismo tipo de respuesta que en otras épocas había aportado el marxismo. Ideología es solo lo que predican los demás. Lo propio es un análisis de lo real puro y duro. Y aquella cuestión de haber insuflado al estado una ideología, que la reproduce y favorece en todo, incluido el adoctrinamiento escolar, ha convertido nuestro estado de derecho en un estado de leyes. La diferencia no es menor. Por ejemplo, el franquismo era un estado de leyes, pero no de derecho. En el primer caso, todo se centra en la existencia de un sistema legal, en el que sus  normas son consideradas supremas y se espera que todos los ciudadanos y entidades se sometan a ellas. Por ejemplo, la ley sobre el aborto es inmutable. Y el concepto de violencia de género, por cierto, jurídicamente casi exclusivo de España, no podría modificarse. Y así todo aquello que forma parte de la nueva ideología del estado. En un estado de derecho, la soberanía radica en el Congreso que, de acuerdo con los procedimientos establecidos por la ley y la Constitución, puede modificarlo todo.  Este sistema legal se aplica de manera justa, equitativa y con respeto a los derechos fundamentales de las personas. En un estado de derecho, las leyes son herramientas para proteger los derechos y las libertades individuales, y la igualdad de todos los ciudadanos ante la ley, y no meramente instrumentos para mantener el poder de los grupos del establishment. Finalmente, también se degrada el estado de derecho como consecuencia de la deficiente calidad de buena parte de las leyes que se han aprobado, hasta llegar al caso extremo de la ley del “solo sí es sí”. Este es el balance del ámbito de los derechos y de la constitucionalidad del gobierno Sanchez, cuyo daño es...
