{"version":"1.0","provider_name":"Converses a Catalunya","provider_url":"https:\/\/conversesacatalunya.cat\/es\/","title":"Coronavirus: \u00bfCon la independencia menos muertos? - Converses a Catalunya","type":"rich","width":600,"height":338,"html":"<blockquote class=\"wp-embedded-content\" data-secret=\"2NZUwnvwgV\"><a href=\"https:\/\/conversesacatalunya.cat\/es\/coronavirus-con-la-independencia-menos-muertos\/\">Coronavirus: \u00bfCon la independencia menos muertos?<\/a><\/blockquote><iframe sandbox=\"allow-scripts\" security=\"restricted\" src=\"https:\/\/conversesacatalunya.cat\/es\/coronavirus-con-la-independencia-menos-muertos\/embed\/#?secret=2NZUwnvwgV\" width=\"600\" height=\"338\" title=\"\u00abCoronavirus: \u00bfCon la independencia menos muertos?\u00bb \u2014 Converses a Catalunya\" data-secret=\"2NZUwnvwgV\" frameborder=\"0\" marginwidth=\"0\" marginheight=\"0\" scrolling=\"no\" class=\"wp-embedded-content\"><\/iframe><script>\n\/*! This file is auto-generated *\/\n!function(d,l){\"use strict\";l.querySelector&&d.addEventListener&&\"undefined\"!=typeof URL&&(d.wp=d.wp||{},d.wp.receiveEmbedMessage||(d.wp.receiveEmbedMessage=function(e){var t=e.data;if((t||t.secret||t.message||t.value)&&!\/[^a-zA-Z0-9]\/.test(t.secret)){for(var s,r,n,a=l.querySelectorAll('iframe[data-secret=\"'+t.secret+'\"]'),o=l.querySelectorAll('blockquote[data-secret=\"'+t.secret+'\"]'),c=new RegExp(\"^https?:$\",\"i\"),i=0;i<o.length;i++)o[i].style.display=\"none\";for(i=0;i<a.length;i++)s=a[i],e.source===s.contentWindow&&(s.removeAttribute(\"style\"),\"height\"===t.message?(1e3<(r=parseInt(t.value,10))?r=1e3:~~r<200&&(r=200),s.height=r):\"link\"===t.message&&(r=new URL(s.getAttribute(\"src\")),n=new URL(t.value),c.test(n.protocol))&&n.host===r.host&&l.activeElement===s&&(d.top.location.href=t.value))}},d.addEventListener(\"message\",d.wp.receiveEmbedMessage,!1),l.addEventListener(\"DOMContentLoaded\",function(){for(var e,t,s=l.querySelectorAll(\"iframe.wp-embedded-content\"),r=0;r<s.length;r++)(t=(e=s[r]).getAttribute(\"data-secret\"))||(t=Math.random().toString(36).substring(2,12),e.src+=\"#?secret=\"+t,e.setAttribute(\"data-secret\",t)),e.contentWindow.postMessage({message:\"ready\",secret:t},\"*\")},!1)))}(window,document);\n<\/script>\n","thumbnail_url":"https:\/\/conversesacatalunya.cat\/wp-content\/uploads\/2020\/04\/coronavirus-10-6.jpg","thumbnail_width":1200,"thumbnail_height":674,"description":"La temeridad, que ya resulta impudicia, del Gobierno independentista de la Generalitat, no conoce l\u00edmites. La \u00faltima haza\u00f1a es la de la portavoz del Gobierno, la consejera Meritxell Bud\u00f3, quien ha afirmado que con la independencia todo hubiera ido a mejor y se tendr\u00edan menos muertos en Catalu\u00f1a. Hablan como si ellos no estuvieran a cargo del Gobierno, que tiene competencias plenas en sanidad y en servicios sociales, adem\u00e1s de otros muchos aspectos fundamentales. Hablan como si sus actuaciones estuvieran marcadas por el \u00e9xito y no por los fracasos m\u00e1s rotundos. Baste comparar lo que ha hecho la Generalitat, que dispone de un amplio autogobierno, con lo conseguido por la regi\u00f3n italiana del V\u00e9neto, que dispone de muchas menores atribuciones. Esta regi\u00f3n, a pesar de ser uno de los focos iniciales de la pandemia, ha conseguido controlarla con eficacia y rapidez marcando la diferencia con Lombard\u00eda, el otro gran foco inicial. Mientras que en el primer caso, el del V\u00e9neto, est\u00e1n contabilizados 16.127 contagios, en Lombard\u00eda la cifra asciende a 66.971, con la diferencia adicional de que en el V\u00e9neto, se han realizado muchas m\u00e1s pruebas para identificar a los portadores. El \u00faltimo fiasco del Gobierno catal\u00e1n ha sido el inicio de la distribuci\u00f3n de las mascarillas, porque a las pocas horas y sin que se formaran colas en las farmacias, se hab\u00eda colapsado el sistema inform\u00e1tico. No ser\u00e1 por falta de tiempo para prevenir y organizar mejor la distribuci\u00f3n, porque hay que recordar que esta distribuci\u00f3n en las farmacias ya es producto de un retraso, obligado por la improvisaci\u00f3n con la que el presidente Torra anunci\u00f3 d\u00edas atr\u00e1s el inicio de este servicio. Pero adem\u00e1s es que solo se distribuye gratuitamente una m\u00e1scara quir\u00fargica por persona. Al tratarse de material desechable su uso es muy limitado y como mucho podr\u00e1 servir para algunos d\u00edas. El resto de mascarillas solo ser\u00e1n accesibles a un coste de 0,70 c\u00e9ntimos, un precio singularmente caro. En la Comunidad \u00a0Valenciana, que est\u00e1 aqu\u00ed al lado y que est\u00e1 mucho peor financiada que la Generalidad, ya ha empezado sin problemas la distribuci\u00f3n de este factor de protecci\u00f3n b\u00e1sico. En Cantabria se han distribuido masivamente mascarillas de fabricaci\u00f3n propia, elaboradas mediante un innovador tratamiento del papel. Aqu\u00ed ni cantidad, ni buen servicio, ni previsi\u00f3n, ni creatividad y tecnolog\u00eda, y no ser\u00e1 porque en la sociedad catalana no se disponga de todo ello en abundancia. Aqu\u00ed, cuando las camas de UCI y el acceso a los respiradores fue desbordado por las necesidades, se prefiri\u00f3 practicar la selecci\u00f3n vital en funci\u00f3n de la edad, en lugar de acudir a una distribuci\u00f3n de enfermos graves en otros territorios y centros, que ten\u00edan camas disponibles, en la sanidad p\u00fablica, y en la privada, que se ha quedado con m\u00e1s de 2.000 camas UCI sin utilizar. La primera medida que adopt\u00f3 la Generalitat por su cuenta fue el confinamiento de Igualada y la Conca d\u2019\u00d2dena. Las medidas pertinentes derivadas del hecho de que uno de los principales focos de transmisi\u00f3n era precisamente el hospital comarcal, el lugar donde precisamente deb\u00edan acudir las personas que enfermaran y sus familiares. Resultado: ha significado una multiplicaci\u00f3n de contagios, hasta el extremo de convertir aquella zona en una de las que poseen una mortalidad m\u00e1s elevada de Europa. La primera medida que tom\u00f3 la Generalitat al darse cuenta de lo que estaba sucediendo, fue suprimir el conteo por separado del n\u00famero de casos y defunciones de esta zona. Hoy no conocemos el balance espec\u00edfico del territorio, que en su momento fue confinado por la Generalitat, y presentado como un ejemplo de capacidad de actuaci\u00f3n. Y qu\u00e9 decir de la gran cat\u00e1strofe de las residencias de ancianos. Ha sido tal el desastre, que se han sustra\u00eddo las competencias al Departamento de Trabajo y Asuntos Sociales, que se han traspasado a Sanidad. Es el \u00fanico caso entre todas las autonom\u00edas que, en plena pandemia, se produce una desautorizaci\u00f3n tan evidente como esta. \u00bfC\u00f3mo puede funcionar la administraci\u00f3n en estas condiciones? \u00bfC\u00f3mo confiar en un Gobierno, cuyo presidente crea un Comit\u00e9 de expertos al margen del que dispone el Departamento de Sanidad, con lo que tambi\u00e9n significa desautorizaci\u00f3n de la consejera Alba Verg\u00e9s? La clave del \u00e9xito de Alemania, Portugal, Chequia, V\u00e9neto, Finlandia, ha radicado en dos puntos, que la Generalitat a diferencia de otras comunidades, como el Pa\u00eds Vasco, ha sido incapaz de emprender: test de contagio numerosos y capacidad de identificar y aislar las l\u00edneas de contagio, y uso masivo de mascarillas por parte de la poblaci\u00f3n. Para eso no es necesaria la independencia. Basta con personas capaces al frente. M\u00e1s informaci\u00f3n sobre el coronavirus en ESPECIAL CORONAVIRUS"}

La temeridad, que ya resulta impudicia, del Gobierno independentista de la Generalitat, no conoce límites. La última hazaña es la de la portavoz del Gobierno, la consejera Meritxell Budó, quien ha afirmado que con la independencia todo hubiera ido a mejor y se tendrían menos muertos en Cataluña. Hablan como si ellos no estuvieran a cargo del Gobierno, que tiene competencias plenas en sanidad y en servicios sociales, además de otros muchos aspectos fundamentales. Hablan como si sus actuaciones estuvieran marcadas por el éxito y no por los fracasos más rotundos. Baste comparar lo que ha hecho la Generalitat, que dispone de un amplio autogobierno, con lo conseguido por la región italiana del Véneto, que dispone de muchas menores atribuciones. Esta región, a pesar de ser uno de los focos iniciales de la pandemia, ha conseguido controlarla con eficacia y rapidez marcando la diferencia con Lombardía, el otro gran foco inicial. Mientras que en el primer caso, el del Véneto, están contabilizados 16.127 contagios, en Lombardía la cifra asciende a 66.971, con la diferencia adicional de que en el Véneto, se han realizado muchas más pruebas para identificar a los portadores. El último fiasco del Gobierno catalán ha sido el inicio de la distribución de las mascarillas, porque a las pocas horas y sin que se formaran colas en las farmacias, se había colapsado el sistema informático. No será por falta de tiempo para prevenir y organizar mejor la distribución, porque hay que recordar que esta distribución en las farmacias ya es producto de un retraso, obligado por la improvisación con la que el presidente Torra anunció días atrás el inicio de este servicio. Pero además es que solo se distribuye gratuitamente una máscara quirúrgica por persona. Al tratarse de material desechable su uso es muy limitado y como mucho podrá servir para algunos días. El resto de mascarillas solo serán accesibles a un coste de 0,70 céntimos, un precio singularmente caro. En la Comunidad  Valenciana, que está aquí al lado y que está mucho peor financiada que la Generalidad, ya ha empezado sin problemas la distribución de este factor de protección básico. En Cantabria se han distribuido masivamente mascarillas de fabricación propia, elaboradas mediante un innovador tratamiento del papel. Aquí ni cantidad, ni buen servicio, ni previsión, ni creatividad y tecnología, y no será porque en la sociedad catalana no se disponga de todo ello en abundancia. Aquí, cuando las camas de UCI y el acceso a los respiradores fue desbordado por las necesidades, se prefirió practicar la selección vital en función de la edad, en lugar de acudir a una distribución de enfermos graves en otros territorios y centros, que tenían camas disponibles, en la sanidad pública, y en la privada, que se ha quedado con más de 2.000 camas UCI sin utilizar. La primera medida que adoptó la Generalitat por su cuenta fue el confinamiento de Igualada y la Conca d’Òdena. Las medidas pertinentes derivadas del hecho de que uno de los principales focos de transmisión era precisamente el hospital comarcal, el lugar donde precisamente debían acudir las personas que enfermaran y sus familiares. Resultado: ha significado una multiplicación de contagios, hasta el extremo de convertir aquella zona en una de las que poseen una mortalidad más elevada de Europa. La primera medida que tomó la Generalitat al darse cuenta de lo que estaba sucediendo, fue suprimir el conteo por separado del número de casos y defunciones de esta zona. Hoy no conocemos el balance específico del territorio, que en su momento fue confinado por la Generalitat, y presentado como un ejemplo de capacidad de actuación. Y qué decir de la gran catástrofe de las residencias de ancianos. Ha sido tal el desastre, que se han sustraído las competencias al Departamento de Trabajo y Asuntos Sociales, que se han traspasado a Sanidad. Es el único caso entre todas las autonomías que, en plena pandemia, se produce una desautorización tan evidente como esta. ¿Cómo puede funcionar la administración en estas condiciones? ¿Cómo confiar en un Gobierno, cuyo presidente crea un Comité de expertos al margen del que dispone el Departamento de Sanidad, con lo que también significa desautorización de la consejera Alba Vergés? La clave del éxito de Alemania, Portugal, Chequia, Véneto, Finlandia, ha radicado en dos puntos, que la Generalitat a diferencia de otras comunidades, como el País Vasco, ha sido incapaz de emprender: test de contagio numerosos y capacidad de identificar y aislar las líneas de contagio, y uso masivo de mascarillas por parte de la población. Para eso no es necesaria la independencia. Basta con personas capaces al frente. Más información sobre el coronavirus en ESPECIAL CORONAVIRUS
