{"version":"1.0","provider_name":"Converses a Catalunya","provider_url":"https:\/\/conversesacatalunya.cat\/es\/","title":"Colau desbocada: \u00bfse necesita una moci\u00f3n de censura? - Converses a Catalunya","type":"rich","width":600,"height":338,"html":"<blockquote class=\"wp-embedded-content\" data-secret=\"VJsaxYy58H\"><a href=\"https:\/\/conversesacatalunya.cat\/es\/colau-desbocada-se-necesita-una-mocion-de-censura\/\">Colau desbocada: \u00bfse necesita una moci\u00f3n de censura?<\/a><\/blockquote><iframe sandbox=\"allow-scripts\" security=\"restricted\" src=\"https:\/\/conversesacatalunya.cat\/es\/colau-desbocada-se-necesita-una-mocion-de-censura\/embed\/#?secret=VJsaxYy58H\" width=\"600\" height=\"338\" title=\"\u00abColau desbocada: \u00bfse necesita una moci\u00f3n de censura?\u00bb \u2014 Converses a Catalunya\" data-secret=\"VJsaxYy58H\" frameborder=\"0\" marginwidth=\"0\" marginheight=\"0\" scrolling=\"no\" class=\"wp-embedded-content\"><\/iframe><script>\n\/*! This file is auto-generated *\/\n!function(d,l){\"use strict\";l.querySelector&&d.addEventListener&&\"undefined\"!=typeof URL&&(d.wp=d.wp||{},d.wp.receiveEmbedMessage||(d.wp.receiveEmbedMessage=function(e){var t=e.data;if((t||t.secret||t.message||t.value)&&!\/[^a-zA-Z0-9]\/.test(t.secret)){for(var s,r,n,a=l.querySelectorAll('iframe[data-secret=\"'+t.secret+'\"]'),o=l.querySelectorAll('blockquote[data-secret=\"'+t.secret+'\"]'),c=new RegExp(\"^https?:$\",\"i\"),i=0;i<o.length;i++)o[i].style.display=\"none\";for(i=0;i<a.length;i++)s=a[i],e.source===s.contentWindow&&(s.removeAttribute(\"style\"),\"height\"===t.message?(1e3<(r=parseInt(t.value,10))?r=1e3:~~r<200&&(r=200),s.height=r):\"link\"===t.message&&(r=new URL(s.getAttribute(\"src\")),n=new URL(t.value),c.test(n.protocol))&&n.host===r.host&&l.activeElement===s&&(d.top.location.href=t.value))}},d.addEventListener(\"message\",d.wp.receiveEmbedMessage,!1),l.addEventListener(\"DOMContentLoaded\",function(){for(var e,t,s=l.querySelectorAll(\"iframe.wp-embedded-content\"),r=0;r<s.length;r++)(t=(e=s[r]).getAttribute(\"data-secret\"))||(t=Math.random().toString(36).substring(2,12),e.src+=\"#?secret=\"+t,e.setAttribute(\"data-secret\",t)),e.contentWindow.postMessage({message:\"ready\",secret:t},\"*\")},!1)))}(window,document);\n<\/script>\n","thumbnail_url":"https:\/\/conversesacatalunya.cat\/wp-content\/uploads\/2020\/09\/colau.jpeg","thumbnail_width":2560,"thumbnail_height":1707,"description":"Hay dos evidencias sobre la mesa. Una, que la gesti\u00f3n de Colau tiene cada vez m\u00e1s detractores o, al menos, m\u00e1s opini\u00f3n en contra. La principal objeci\u00f3n es su gesti\u00f3n del transporte, circulaci\u00f3n y v\u00eda p\u00fablica debido a su pol\u00edtica basada en redefinir las calles a base de pintura y obst\u00e1culos de hormig\u00f3n. Lo llaman urbanismo t\u00e1ctico, pero m\u00e1s bien es un pastel que dificulta el buen funcionamiento de la ciudad y que se contradice de forma brutal con la \u00abciudad del dise\u00f1o\u00bb que era una de las herencias de Maragall y los alcaldes continuadores de su l\u00ednea. En este sentido, el papel de Collboni est\u00e1 resultando muy deslucido, porque pese a ser socio de gobierno absolutamente necesario para la continuidad de Colau, no incide para nada en las pol\u00edticas de la ciudad. Detr\u00e1s de este hecho evidentemente existe la necesidad superior de que el partido socialista mantenga unas excelentes relaciones con la alcaldesa, que es una pieza importante en el entramado de Pablo Iglesias. El PSC, por tanto, no estar\u00eda actuando en Barcelona en funci\u00f3n de sus intereses municipales, sino para mantener el clima de colaboraci\u00f3n con el aliado al gobierno de S\u00e1nchez. La imprevisi\u00f3n de las acciones municipales es patente cuando el mismo ayuntamiento habla ahora de organizar un concurso de ideas para renovar el modelo urban\u00edstico. Tenemos una alcaldesa que necesita hacer un concurso para que le digan cu\u00e1l es el modelo de ciudad que tiene que hacer. Incre\u00edble. Y mientras tanto, pinta las calles de colores y convierte la circulaci\u00f3n de veh\u00edculos en una gincana. La segunda evidencia es la escasa representatividad de Colau y su grupo. Hay que recordar que en las elecciones qued\u00f3 como segunda fuerza, con el 20,7% de los votos, que apenas representan el 16% de los electores de la ciudad. Sac\u00f3 s\u00f3lo 156.000 votos, y con esta cifra hace y deshace por incomparecencia de los dem\u00e1s. En el caso del \u00e1mbito del modelo urbano, por incomparecencia de ERC, que en la \u00faltima reuni\u00f3n de la comisi\u00f3n para tratar el conflicto de las calles de Barcelona \u200b\u200bse abstuvo a pesar de ser el partido m\u00e1s votado en la ciudad. Tambi\u00e9n en este caso pesar\u00edan razones pol\u00edticas de futuro que poco tienen que ver con los intereses de los barceloneses. Y luego quedar\u00eda el gran responsable: Colau es alcaldesa por los dos votos del grupo de Valls que, a su vez, es el gran desaparecido de la ciudad. No sabemos si ha renunciado a su retribuci\u00f3n como concejal, pero en todo caso su actividad es perfectamente descriptible. Las cr\u00edticas, sin embargo, van m\u00e1s all\u00e1 de la circulaci\u00f3n y el estado de las calles. Hay una clara incapacidad de definir una pol\u00edtica de recuperaci\u00f3n de la ciudad, que es, entre todas las grandes ciudades espa\u00f1olas, la que m\u00e1s sufre y sufrir\u00e1 los efectos de la crisis. La inseguridad, que se ha reducido sensiblemente por efectos de la pandemia, contin\u00faa castigando buena a parte del \u00e1rea central de Barcelona, \u200b\u200bel Raval y el G\u00f3tico. Crece la cr\u00edtica por el estado de suciedad de las calles y la dejadez con que se encuentra el parque de la Ciutadella y otras zonas verdes. M\u00e1s all\u00e1 de la repartidora de subvenciones, que generan un electorado dependiente, es dif\u00edcil encontrar pol\u00edticas de peso en la Barcelona de hoy. Por si fuera poco, Colau tiene la oposici\u00f3n frontal del mundo empresarial, encabezado por Fomento del Trabajo. Su presidente, Josep S\u00e1nchez Llibre, la acus\u00f3 de arruinar la ciudad en un debate celebrado en el C\u00edrculo Ecuestre con la asistencia de Collboni. Tambi\u00e9n fue muy cr\u00edtico el presidente del C\u00edrculo de Econom\u00eda, Xavier Faus. Sus discursos fueron notoriamente compartidos por la mayor parte de los asistentes, m\u00e1s de un centenar, sobre todo entre los empresarios y ejecutivos que asistieron a este almuerzo-coloquio el pasado lunes 14 de septiembre. Por todo ello, dada la situaci\u00f3n y las perspectivas, visto como fue elegida, hace imperativo que se ponga sobre la mesa una pregunta necesaria: \u00bfse requiere un voto de censura contra Ada Colau?"}

Colau desbocada: ¿se necesita una moción de censura? - Converses a Catalunya

<blockquote class="wp-embedded-content" data-secret="VJsaxYy58H"><a href="https://conversesacatalunya.cat/es/colau-desbocada-se-necesita-una-mocion-de-censura/">Colau desbocada: ¿se necesita una moción de censura?</a></blockquote><iframe sandbox="allow-scripts" security="restricted" src="https://conversesacatalunya.cat/es/colau-desbocada-se-necesita-una-mocion-de-censura/embed/#?secret=VJsaxYy58H" width="600" height="338" title="«Colau desbocada: ¿se necesita una moción de censura?» — Converses a Catalunya" data-secret="VJsaxYy58H" frameborder="0" marginwidth="0" marginheight="0" scrolling="no" class="wp-embedded-content"></iframe><script>
/*! This file is auto-generated */
!function(d,l){"use strict";l.querySelector&&d.addEventListener&&"undefined"!=typeof URL&&(d.wp=d.wp||{},d.wp.receiveEmbedMessage||(d.wp.receiveEmbedMessage=function(e){var t=e.data;if((t||t.secret||t.message||t.value)&&!/[^a-zA-Z0-9]/.test(t.secret)){for(var s,r,n,a=l.querySelectorAll('iframe[data-secret="'+t.secret+'"]'),o=l.querySelectorAll('blockquote[data-secret="'+t.secret+'"]'),c=new RegExp("^https?:$","i"),i=0;i<o.length;i++)o[i].style.display="none";for(i=0;i<a.length;i++)s=a[i],e.source===s.contentWindow&&(s.removeAttribute("style"),"height"===t.message?(1e3<(r=parseInt(t.value,10))?r=1e3:~~r<200&&(r=200),s.height=r):"link"===t.message&&(r=new URL(s.getAttribute("src")),n=new URL(t.value),c.test(n.protocol))&&n.host===r.host&&l.activeElement===s&&(d.top.location.href=t.value))}},d.addEventListener("message",d.wp.receiveEmbedMessage,!1),l.addEventListener("DOMContentLoaded",function(){for(var e,t,s=l.querySelectorAll("iframe.wp-embedded-content"),r=0;r<s.length;r++)(t=(e=s[r]).getAttribute("data-secret"))||(t=Math.random().toString(36).substring(2,12),e.src+="#?secret="+t,e.setAttribute("data-secret",t)),e.contentWindow.postMessage({message:"ready",secret:t},"*")},!1)))}(window,document);
</script>

Hay dos evidencias sobre la mesa. Una, que la gestión de Colau tiene cada vez más detractores o, al menos, más opinión en contra. La principal objeción es su gestión del transporte, circulación y vía pública debido a su política basada en redefinir las calles a base de pintura y obstáculos de hormigón. Lo llaman urbanismo táctico, pero más bien es un pastel que dificulta el buen funcionamiento de la ciudad y que se contradice de forma brutal con la «ciudad del diseño» que era una de las herencias de Maragall y los alcaldes continuadores de su línea. En este sentido, el papel de Collboni está resultando muy deslucido, porque pese a ser socio de gobierno absolutamente necesario para la continuidad de Colau, no incide para nada en las políticas de la ciudad. Detrás de este hecho evidentemente existe la necesidad superior de que el partido socialista mantenga unas excelentes relaciones con la alcaldesa, que es una pieza importante en el entramado de Pablo Iglesias. El PSC, por tanto, no estaría actuando en Barcelona en función de sus intereses municipales, sino para mantener el clima de colaboración con el aliado al gobierno de Sánchez. La imprevisión de las acciones municipales es patente cuando el mismo ayuntamiento habla ahora de organizar un concurso de ideas para renovar el modelo urbanístico. Tenemos una alcaldesa que necesita hacer un concurso para que le digan cuál es el modelo de ciudad que tiene que hacer. Increíble. Y mientras tanto, pinta las calles de colores y convierte la circulación de vehículos en una gincana. La segunda evidencia es la escasa representatividad de Colau y su grupo. Hay que recordar que en las elecciones quedó como segunda fuerza, con el 20,7% de los votos, que apenas representan el 16% de los electores de la ciudad. Sacó sólo 156.000 votos, y con esta cifra hace y deshace por incomparecencia de los demás. En el caso del ámbito del modelo urbano, por incomparecencia de ERC, que en la última reunión de la comisión para tratar el conflicto de las calles de Barcelona ​​se abstuvo a pesar de ser el partido más votado en la ciudad. También en este caso pesarían razones políticas de futuro que poco tienen que ver con los intereses de los barceloneses. Y luego quedaría el gran responsable: Colau es alcaldesa por los dos votos del grupo de Valls que, a su vez, es el gran desaparecido de la ciudad. No sabemos si ha renunciado a su retribución como concejal, pero en todo caso su actividad es perfectamente descriptible. Las críticas, sin embargo, van más allá de la circulación y el estado de las calles. Hay una clara incapacidad de definir una política de recuperación de la ciudad, que es, entre todas las grandes ciudades españolas, la que más sufre y sufrirá los efectos de la crisis. La inseguridad, que se ha reducido sensiblemente por efectos de la pandemia, continúa castigando buena a parte del área central de Barcelona, ​​el Raval y el Gótico. Crece la crítica por el estado de suciedad de las calles y la dejadez con que se encuentra el parque de la Ciutadella y otras zonas verdes. Más allá de la repartidora de subvenciones, que generan un electorado dependiente, es difícil encontrar políticas de peso en la Barcelona de hoy. Por si fuera poco, Colau tiene la oposición frontal del mundo empresarial, encabezado por Fomento del Trabajo. Su presidente, Josep Sánchez Llibre, la acusó de arruinar la ciudad en un debate celebrado en el Círculo Ecuestre con la asistencia de Collboni. También fue muy crítico el presidente del Círculo de Economía, Xavier Faus. Sus discursos fueron notoriamente compartidos por la mayor parte de los asistentes, más de un centenar, sobre todo entre los empresarios y ejecutivos que asistieron a este almuerzo-coloquio el pasado lunes 14 de septiembre. Por todo ello, dada la situación y las perspectivas, visto como fue elegida, hace imperativo que se ponga sobre la mesa una pregunta necesaria: ¿se requiere un voto de censura contra Ada Colau?
