{"version":"1.0","provider_name":"Converses a Catalunya","provider_url":"https:\/\/conversesacatalunya.cat\/es\/","title":"Castigando a las familias - Converses a Catalunya","type":"rich","width":600,"height":338,"html":"<blockquote class=\"wp-embedded-content\" data-secret=\"OF5UlO6i9S\"><a href=\"https:\/\/conversesacatalunya.cat\/es\/castigando-a-las-familias-es\/\">Castigando a las familias<\/a><\/blockquote><iframe sandbox=\"allow-scripts\" security=\"restricted\" src=\"https:\/\/conversesacatalunya.cat\/es\/castigando-a-las-familias-es\/embed\/#?secret=OF5UlO6i9S\" width=\"600\" height=\"338\" title=\"\u00abCastigando a las familias\u00bb \u2014 Converses a Catalunya\" data-secret=\"OF5UlO6i9S\" frameborder=\"0\" marginwidth=\"0\" marginheight=\"0\" scrolling=\"no\" class=\"wp-embedded-content\"><\/iframe><script>\n\/*! This file is auto-generated *\/\n!function(d,l){\"use strict\";l.querySelector&&d.addEventListener&&\"undefined\"!=typeof URL&&(d.wp=d.wp||{},d.wp.receiveEmbedMessage||(d.wp.receiveEmbedMessage=function(e){var t=e.data;if((t||t.secret||t.message||t.value)&&!\/[^a-zA-Z0-9]\/.test(t.secret)){for(var s,r,n,a=l.querySelectorAll('iframe[data-secret=\"'+t.secret+'\"]'),o=l.querySelectorAll('blockquote[data-secret=\"'+t.secret+'\"]'),c=new RegExp(\"^https?:$\",\"i\"),i=0;i<o.length;i++)o[i].style.display=\"none\";for(i=0;i<a.length;i++)s=a[i],e.source===s.contentWindow&&(s.removeAttribute(\"style\"),\"height\"===t.message?(1e3<(r=parseInt(t.value,10))?r=1e3:~~r<200&&(r=200),s.height=r):\"link\"===t.message&&(r=new URL(s.getAttribute(\"src\")),n=new URL(t.value),c.test(n.protocol))&&n.host===r.host&&l.activeElement===s&&(d.top.location.href=t.value))}},d.addEventListener(\"message\",d.wp.receiveEmbedMessage,!1),l.addEventListener(\"DOMContentLoaded\",function(){for(var e,t,s=l.querySelectorAll(\"iframe.wp-embedded-content\"),r=0;r<s.length;r++)(t=(e=s[r]).getAttribute(\"data-secret\"))||(t=Math.random().toString(36).substring(2,12),e.src+=\"#?secret=\"+t,e.setAttribute(\"data-secret\",t)),e.contentWindow.postMessage({message:\"ready\",secret:t},\"*\")},!1)))}(window,document);\n<\/script>\n","thumbnail_url":"https:\/\/conversesacatalunya.cat\/wp-content\/uploads\/2020\/02\/familia-numerosa-612x412-1.jpeg","thumbnail_width":612,"thumbnail_height":412,"description":"Con motivos m\u00e1s que sobrados, las gentes del campo se han lanzado a la calle a expresar su descontento y protesta por su situaci\u00f3n econ\u00f3mica y marginaci\u00f3n social. Con menos razones, lo que no significa carencia de ellas, los jubilados tambi\u00e9n vienen manifestando su protesta de manera regular, aunque juega a su favor, como grupo social, el ser el que menos ha registrado los estragos de la crisis pasada. El feminismo aborda con frecuencia la manifestaci\u00f3n callejera para expresar sus cuitas, y como m\u00ednimo una vez al a\u00f1o y con gran despliegue de medios, lo hacen los grupos politizados LGBTIT (+), y as\u00ed podr\u00eda seguir repasando los colectivos socioecon\u00f3micos, que con regularidad se manifiestan, protestan, exigen. Pero hay una gran excepci\u00f3n que ata\u00f1e adem\u00e1s a la colectividad central y vertebral de la sociedad: las familias. Concreto m\u00e1s: Espa\u00f1a es uno de los pocos estados europeos que carece de pol\u00edticas familiares, y de ayuda a la maternidad y a la infancia. Y este olvido, que ya es menosprecio, se confirma en el nuevo gobierno de S\u00e1nchez. No es una novedad, pero a base de reiterar esta actitud, que discrimina y da\u00f1a a la instituci\u00f3n m\u00e1s necesaria de nuestra sociedad, ocurre que el problema se multiplica y agrava. El nuevo Gobierno tiene un ministerio para la transici\u00f3n ecol\u00f3gica y la Espa\u00f1a vaciada, y tambi\u00e9n tiene otro para la inmigraci\u00f3n, y las pensiones, pero no tiene ninguno que se\u00f1ale a la familia como sujeto de atenci\u00f3n prioritaria, Es realmente raro porque, el poblamiento y las pensiones, tienen su \u00faltima raz\u00f3n en ella, adem\u00e1s de muchas otras cosas, que van de la educaci\u00f3n a la productividad. El presidente ha escogido un t\u00e9cnico acreditado como Jos\u00e9 Luis Escriv\u00e1, ahora ya expresidente de AIReF, para dirigir el nuevo Ministerio dedicado a la Seguridad Social. Seguramente lo ha elegido porque dentro del rigor, es la persona que\u00a0muestra una visi\u00f3n m\u00e1s optimista\u00a0de la crisis estructural del sistema p\u00fablico de pensiones. Escriv\u00e1 considera que el d\u00e9ficit puede resolverse\u00a0trasvasando al presupuesto ordinario del Estado, el coste de las pensiones no contributivas, y porque considera que la\u00a0inmigraci\u00f3n\u00a0acabar\u00e1 de hacer el resto. Creo- obviamente ni soy el primero ni el m\u00e1s dotado para hacerlo- que, con aquel trasvase de gasto p\u00fablico, solo se traspasar\u00eda el desequilibrio a otra parte, pero el problema continuar\u00eda siendo el mismo: como pagarlo. En el trasfondo de esta soluci\u00f3n se encuentra la condici\u00f3n necesaria:\u00a0m\u00e1s impuestos. Sobre la inmigraci\u00f3n, lo m\u00ednimo que hay que decir es que es una salida en falso, porque los salarios de los reci\u00e9n llegados corresponden mayoritariamente a personas de un bajo nivel de cualificaci\u00f3n profesional, o en todo caso de baja productividad, y su valor medio resulta\u00a0inferior al de la pensi\u00f3n media. Importar trabajadores de escasa calificaci\u00f3n con un salario m\u00ednimo, que se persigue que llegue a los 1.200 euros en el 2023, es una soluci\u00f3n bien extra\u00f1a. \u00a0Mientras, Espa\u00f1a contin\u00faa siendo un pa\u00eds con una\u00a0elevada tasa de paro, que afecta sobre todo a las personas con menor formaci\u00f3n profesional, y que tiene unas p\u00e9simas pol\u00edticas activas de empleo. Es sobre estos trabajadores menos preparados con los que la inmigraci\u00f3n compite presionando a la baja a los salarios. No se puede abordar la soluci\u00f3n de la inmigraci\u00f3n masiva sin resolver antes estas contradicciones y omisiones, y no se puede hacer sin una pol\u00edtica de familia que facilite la natalidad Y es que al otro lado del\u00a0espejo hay 2,5 millones de mujeres de entre 18 y 55 a\u00f1os\u00a0a las que les gustar\u00eda tener m\u00e1s hijos pero que todav\u00eda no han podido hacerlo por problemas econ\u00f3micos y de conciliaci\u00f3n laboral. Pero no hay nada para ellas en las pol\u00edticas p\u00fablicas del gobierno PSOE-UP. En realidad, la respuesta est\u00e1 en otra parte, la m\u00e1s abandonada. Porque solo con\u00a0productividad y familias con capacidad educadora\u00a0se asegurar\u00e1n unas buenas pensiones y el futuro del pa\u00eds. Pero para ello es necesaria una profunda revisi\u00f3n de las pol\u00edticas p\u00fablicas, que de momento no forman parte del programa de este gobierno. \u00a0La cu\u00f1a fiscal y las familias Y es que adem\u00e1s la soluci\u00f3n de aumentar los impuestos da\u00f1ara todav\u00eda mas a las familias. Veamos porque: Habitualmente se dice, y es cierto, que Espa\u00f1a sufre una menor presi\u00f3n fiscal que la media europea. Pero esta afirmaci\u00f3n solo entra\u00f1a una parte de la verdad: la del c\u00f3mputo global de los ingresos proporcionados por la fiscalidad, y ah\u00ed juegan factores tales como la evasi\u00f3n fiscal legal, el fraude, la baja recaudaci\u00f3n en el \u00e1mbito de las grandes empresas, y un sistema fiscal mal dise\u00f1ado, porque es solo una colecci\u00f3n de retazos que se han ido zurciendo con el paso del tiempo. Pero la gente que paga impuestos,\u00a0el \u201cpueblo del IRPF\u201d,\u00a0lo hace \u00a0en una dimensi\u00f3n \u00a0que en nada tiene que envidiar a los pa\u00edses europeos, y en este pagar m\u00e1s son precisamente\u00a0m\u00e1s perjudicadas El mejor instrumento para medir esta realidad es la llamada \u201ccu\u00f1a fiscal\u201d, que recoge la suma de lo que se paga en el impuesto sobre la renta por el trabajo, y las cotizaciones de la empresa y el trabajador a la Seguridad Social. Los salarios espa\u00f1oles soportan una \u2018cu\u00f1a fiscal\u2019\u00a0media del 39,4%.\u00a0Esto significa que las personas solo ingresan\u00a0realmente el 60 por ciento\u00a0de la retribuci\u00f3n contabilizada por la empresa. La cifra revela que la \u2018cu\u00f1a fiscal\u2019 que soporta un trabajador medio sin cargas familiares es m\u00e1s de tres puntos superior a la media de la OCDE, que se sit\u00faa en\u00a0el 36,1%. Pero si medimos dicha cu\u00f1a cuando existen\u00a0cargas familiares\u00a0(por ejemplo, dos hijos y el padre y la madre trabajan), la brecha es a\u00fan mayor, y\u00a0alcanza los 7,3 puntos\u00a0(33,9% en Espa\u00f1a frente a una media del 26,6% en la OCDE). Este resultado define la situaci\u00f3n de discriminaci\u00f3n\u00a0en la que se encuentra la familia en Espa\u00f1a. En los pa\u00edses de Europa y del resto de la OCDE de media la familia se beneficia de\u00a0casi 10 puntos menos en los pagos, mientras que en Espa\u00f1a la diferencia es de solo 5,5 puntos, un poco m\u00e1s que la mitad. Ese 2 a 1 marca la distancia entre..."}

Con motivos más que sobrados, las gentes del campo se han lanzado a la calle a expresar su descontento y protesta por su situación económica y marginación social. Con menos razones, lo que no significa carencia de ellas, los jubilados también vienen manifestando su protesta de manera regular, aunque juega a su favor, como grupo social, el ser el que menos ha registrado los estragos de la crisis pasada. El feminismo aborda con frecuencia la manifestación callejera para expresar sus cuitas, y como mínimo una vez al año y con gran despliegue de medios, lo hacen los grupos politizados LGBTIT (+), y así podría seguir repasando los colectivos socioeconómicos, que con regularidad se manifiestan, protestan, exigen. Pero hay una gran excepción que atañe además a la colectividad central y vertebral de la sociedad: las familias. Concreto más: España es uno de los pocos estados europeos que carece de políticas familiares, y de ayuda a la maternidad y a la infancia. Y este olvido, que ya es menosprecio, se confirma en el nuevo gobierno de Sánchez. No es una novedad, pero a base de reiterar esta actitud, que discrimina y daña a la institución más necesaria de nuestra sociedad, ocurre que el problema se multiplica y agrava. El nuevo Gobierno tiene un ministerio para la transición ecológica y la España vaciada, y también tiene otro para la inmigración, y las pensiones, pero no tiene ninguno que señale a la familia como sujeto de atención prioritaria, Es realmente raro porque, el poblamiento y las pensiones, tienen su última razón en ella, además de muchas otras cosas, que van de la educación a la productividad. El presidente ha escogido un técnico acreditado como José Luis Escrivá, ahora ya expresidente de AIReF, para dirigir el nuevo Ministerio dedicado a la Seguridad Social. Seguramente lo ha elegido porque dentro del rigor, es la persona que muestra una visión más optimista de la crisis estructural del sistema público de pensiones. Escrivá considera que el déficit puede resolverse trasvasando al presupuesto ordinario del Estado, el coste de las pensiones no contributivas, y porque considera que la inmigración acabará de hacer el resto. Creo- obviamente ni soy el primero ni el más dotado para hacerlo- que, con aquel trasvase de gasto público, solo se traspasaría el desequilibrio a otra parte, pero el problema continuaría siendo el mismo: como pagarlo. En el trasfondo de esta solución se encuentra la condición necesaria: más impuestos. Sobre la inmigración, lo mínimo que hay que decir es que es una salida en falso, porque los salarios de los recién llegados corresponden mayoritariamente a personas de un bajo nivel de cualificación profesional, o en todo caso de baja productividad, y su valor medio resulta inferior al de la pensión media. Importar trabajadores de escasa calificación con un salario mínimo, que se persigue que llegue a los 1.200 euros en el 2023, es una solución bien extraña.  Mientras, España continúa siendo un país con una elevada tasa de paro, que afecta sobre todo a las personas con menor formación profesional, y que tiene unas pésimas políticas activas de empleo. Es sobre estos trabajadores menos preparados con los que la inmigración compite presionando a la baja a los salarios. No se puede abordar la solución de la inmigración masiva sin resolver antes estas contradicciones y omisiones, y no se puede hacer sin una política de familia que facilite la natalidad Y es que al otro lado del espejo hay 2,5 millones de mujeres de entre 18 y 55 años a las que les gustaría tener más hijos pero que todavía no han podido hacerlo por problemas económicos y de conciliación laboral. Pero no hay nada para ellas en las políticas públicas del gobierno PSOE-UP. En realidad, la respuesta está en otra parte, la más abandonada. Porque solo con productividad y familias con capacidad educadora se asegurarán unas buenas pensiones y el futuro del país. Pero para ello es necesaria una profunda revisión de las políticas públicas, que de momento no forman parte del programa de este gobierno.  La cuña fiscal y las familias Y es que además la solución de aumentar los impuestos dañara todavía mas a las familias. Veamos porque: Habitualmente se dice, y es cierto, que España sufre una menor presión fiscal que la media europea. Pero esta afirmación solo entraña una parte de la verdad: la del cómputo global de los ingresos proporcionados por la fiscalidad, y ahí juegan factores tales como la evasión fiscal legal, el fraude, la baja recaudación en el ámbito de las grandes empresas, y un sistema fiscal mal diseñado, porque es solo una colección de retazos que se han ido zurciendo con el paso del tiempo. Pero la gente que paga impuestos, el “pueblo del IRPF”, lo hace  en una dimensión  que en nada tiene que envidiar a los países europeos, y en este pagar más son precisamente más perjudicadas El mejor instrumento para medir esta realidad es la llamada “cuña fiscal”, que recoge la suma de lo que se paga en el impuesto sobre la renta por el trabajo, y las cotizaciones de la empresa y el trabajador a la Seguridad Social. Los salarios españoles soportan una ‘cuña fiscal’ media del 39,4%. Esto significa que las personas solo ingresan realmente el 60 por ciento de la retribución contabilizada por la empresa. La cifra revela que la ‘cuña fiscal’ que soporta un trabajador medio sin cargas familiares es más de tres puntos superior a la media de la OCDE, que se sitúa en el 36,1%. Pero si medimos dicha cuña cuando existen cargas familiares (por ejemplo, dos hijos y el padre y la madre trabajan), la brecha es aún mayor, y alcanza los 7,3 puntos (33,9% en España frente a una media del 26,6% en la OCDE). Este resultado define la situación de discriminación en la que se encuentra la familia en España. En los países de Europa y del resto de la OCDE de media la familia se beneficia de casi 10 puntos menos en los pagos, mientras que en España la diferencia es de solo 5,5 puntos, un poco más que la mitad. Ese 2 a 1 marca la distancia entre...
