{"version":"1.0","provider_name":"Converses a Catalunya","provider_url":"https:\/\/conversesacatalunya.cat\/es\/","title":"Castells: El extra\u00f1o caso del ministro de universidades - Converses a Catalunya","type":"rich","width":600,"height":338,"html":"<blockquote class=\"wp-embedded-content\" data-secret=\"rs6HwCcHSa\"><a href=\"https:\/\/conversesacatalunya.cat\/es\/castells-el-extrano-caso-del-ministro-de-universidades\/\">Castells: El extra\u00f1o caso del ministro de universidades<\/a><\/blockquote><iframe sandbox=\"allow-scripts\" security=\"restricted\" src=\"https:\/\/conversesacatalunya.cat\/es\/castells-el-extrano-caso-del-ministro-de-universidades\/embed\/#?secret=rs6HwCcHSa\" width=\"600\" height=\"338\" title=\"\u00abCastells: El extra\u00f1o caso del ministro de universidades\u00bb \u2014 Converses a Catalunya\" data-secret=\"rs6HwCcHSa\" frameborder=\"0\" marginwidth=\"0\" marginheight=\"0\" scrolling=\"no\" class=\"wp-embedded-content\"><\/iframe><script>\n\/*! This file is auto-generated *\/\n!function(d,l){\"use strict\";l.querySelector&&d.addEventListener&&\"undefined\"!=typeof URL&&(d.wp=d.wp||{},d.wp.receiveEmbedMessage||(d.wp.receiveEmbedMessage=function(e){var t=e.data;if((t||t.secret||t.message||t.value)&&!\/[^a-zA-Z0-9]\/.test(t.secret)){for(var s,r,n,a=l.querySelectorAll('iframe[data-secret=\"'+t.secret+'\"]'),o=l.querySelectorAll('blockquote[data-secret=\"'+t.secret+'\"]'),c=new RegExp(\"^https?:$\",\"i\"),i=0;i<o.length;i++)o[i].style.display=\"none\";for(i=0;i<a.length;i++)s=a[i],e.source===s.contentWindow&&(s.removeAttribute(\"style\"),\"height\"===t.message?(1e3<(r=parseInt(t.value,10))?r=1e3:~~r<200&&(r=200),s.height=r):\"link\"===t.message&&(r=new URL(s.getAttribute(\"src\")),n=new URL(t.value),c.test(n.protocol))&&n.host===r.host&&l.activeElement===s&&(d.top.location.href=t.value))}},d.addEventListener(\"message\",d.wp.receiveEmbedMessage,!1),l.addEventListener(\"DOMContentLoaded\",function(){for(var e,t,s=l.querySelectorAll(\"iframe.wp-embedded-content\"),r=0;r<s.length;r++)(t=(e=s[r]).getAttribute(\"data-secret\"))||(t=Math.random().toString(36).substring(2,12),e.src+=\"#?secret=\"+t,e.setAttribute(\"data-secret\",t)),e.contentWindow.postMessage({message:\"ready\",secret:t},\"*\")},!1)))}(window,document);\n<\/script>\n","thumbnail_url":"https:\/\/conversesacatalunya.cat\/wp-content\/uploads\/2020\/03\/Manuel-castells.jpg","thumbnail_width":1024,"thumbnail_height":479,"description":"Sin duda, uno de los ministros m\u00e1s desconocidos del actual Gobierno, a pesar de ser uno de los que posee una mayor notoriedad previa al cargo sin proceder de la pol\u00edtica, es el soci\u00f3logo Manuel Castells. Su proyecto para las universidades, nos referimos al per\u00edodo anterior a la pandemia, es perfectamente desconocido y su mutismo ha sido casi absoluto. Despu\u00e9s vino el cierre de las universidades, las dudas de c\u00f3mo se recuperar\u00e1n las clases y se producir\u00e1n los ex\u00e1menes, los criterios que seg\u00fan las universidades deben regir las pruebas de acceso a las mismas, y tambi\u00e9n c\u00f3mo enfocar con este bagaje el nuevo curso, considerando que es muy probable una segunda oleada a finales de oto\u00f1o, principios de invierno. Es decir, no sabemos qu\u00e9 piensa hacer el ministro, ni c\u00f3mo ha reaccionado ante la tremenda desorganizaci\u00f3n que el coronavirus ha provocado en el sistema universitario. Su mutismo es total, perfecto. Pero lo es como ministro, que es a lo que ahora se dedica y por lo cual percibe un importante salario. Pero este silencio no rige como colaborador habitual de La Vanguardia de Barcelona, donde sigue escribiendo cada semana su art\u00edculo habitual, en el cual pontifica, porque este es su estilo, sobre todo lo divino y lo humano, y acostumbra a aportar respuestas para todo. Esto no es una cr\u00edtica, todo lo contrario, porque enriquece el debate p\u00fablico. Lo que sucede es que ahora su responsabilidad es como ministro y su discurso implica una responsabilidad colectiva, porque debido a su cargo, su posici\u00f3n no es solo a t\u00edtulo personal, sino como miembro del colectivo solidario que es el Gobierno, del que forma parte y comparte responsabilidades. Es por ello por lo que resulta fr\u00edvolo que, como hac\u00eda este pasado s\u00e1bado 28 de marzo, se dedique a definir cu\u00e1l debe ser el proyecto econ\u00f3mico y financiero para cuando esta crisis amaine. Literalmente ha escrito cosas de este tenor: El financiamiento de la pol\u00edtica expansiva m\u00e1s all\u00e1 del obligado endeudamiento requerir\u00e1 imaginaci\u00f3n para crear una nueva arquitectura financiera y capacidad de gesti\u00f3n para operar una econom\u00eda diferente que no caiga en la trampa secular de una austeridad de servicios esenciales\u2026 Pero tambi\u00e9n ser\u00e1 el momento de ensayar modelos no consumistas qu\u00e9 conduzcan a la transici\u00f3n ecol\u00f3gica y cultural qu\u00e9 tanto se proclama pero que se practica aun t\u00edmidamente\u2026 A largo plazo es necesario el aumento de la carga fiscal en las grandes bolsas de acumulaci\u00f3n de capital que hoy tributa poco o nada. Reinventar la fiscalidad quiere decir superar el enfoque de grabar sobre todo las personas o las empresas para centrarse en una regulaci\u00f3n impositiva del mercado global de capitales que hoy d\u00eda ha perdido gran parte de su funci\u00f3n productiva. Esta econom\u00eda a m\u00e1s de ser sostenible habr\u00eda de incluir un estado de bienestar desburocratizado y preparado para choques futuros\u2026 \u00bfEs esta la posici\u00f3n del Gobierno S\u00e1nchez? \u00bfqu\u00e9 piensan de todo ello las ministras de Econom\u00eda y de Hacienda? Su propio partido, Unidas Podemos, en nombre del cual forma parte del Gobierno, \u00bfest\u00e1 de acuerdo en que no se suban los impuestos a personas y empresas y que las nuevas subidas se centren en los movimientos de capital? \u00bfQu\u00e9 significa para el vicepresidente de Asuntos Sociales, Pablo Iglesias, la necesidad de desburocratizar el estado del bienestar? Todo esto solo genera desconcierto. Es la primera vez que un ministro en ejercicio se dedica a escribir cada semana en un peri\u00f3dico, formulando opiniones que comprometen al conjunto del Gobierno, y que no se sabe en qu\u00e9 medida responden a un compromiso pol\u00edtico, o son simplemente un ejercicio est\u00e9tico de brindis al sol. Pero, lo peor de todo es que a pesar de que escribe con esta regularidad y abundancia, a\u00fan no ha dicho una sola palabra sobre la Universidad. Castells sabe c\u00f3mo debe ser el sistema fiscal, el modelo productivo, el Estado del bienestar, pero parece que no tiene la m\u00e1s m\u00ednima composici\u00f3n de lugar de c\u00f3mo debe ser la Universidad, ni como modelo futuro, ni ahora para las dif\u00edciles circunstancias que ahora atraviesa. Pontificar sobre aquello que no tiene responsabilidades y callar sobre lo que es su deber, llevar a la Universidad a buen puerto, es un p\u00e9simo ejercicio de responsabilidad pol\u00edtica. M\u00e1s sobre el coronavirus en ESPECIAL CORONAVIRUS\u00a0"}

Castells: El extraño caso del ministro de universidades - Converses a Catalunya

<blockquote class="wp-embedded-content" data-secret="rs6HwCcHSa"><a href="https://conversesacatalunya.cat/es/castells-el-extrano-caso-del-ministro-de-universidades/">Castells: El extraño caso del ministro de universidades</a></blockquote><iframe sandbox="allow-scripts" security="restricted" src="https://conversesacatalunya.cat/es/castells-el-extrano-caso-del-ministro-de-universidades/embed/#?secret=rs6HwCcHSa" width="600" height="338" title="«Castells: El extraño caso del ministro de universidades» — Converses a Catalunya" data-secret="rs6HwCcHSa" frameborder="0" marginwidth="0" marginheight="0" scrolling="no" class="wp-embedded-content"></iframe><script>
/*! This file is auto-generated */
!function(d,l){"use strict";l.querySelector&&d.addEventListener&&"undefined"!=typeof URL&&(d.wp=d.wp||{},d.wp.receiveEmbedMessage||(d.wp.receiveEmbedMessage=function(e){var t=e.data;if((t||t.secret||t.message||t.value)&&!/[^a-zA-Z0-9]/.test(t.secret)){for(var s,r,n,a=l.querySelectorAll('iframe[data-secret="'+t.secret+'"]'),o=l.querySelectorAll('blockquote[data-secret="'+t.secret+'"]'),c=new RegExp("^https?:$","i"),i=0;i<o.length;i++)o[i].style.display="none";for(i=0;i<a.length;i++)s=a[i],e.source===s.contentWindow&&(s.removeAttribute("style"),"height"===t.message?(1e3<(r=parseInt(t.value,10))?r=1e3:~~r<200&&(r=200),s.height=r):"link"===t.message&&(r=new URL(s.getAttribute("src")),n=new URL(t.value),c.test(n.protocol))&&n.host===r.host&&l.activeElement===s&&(d.top.location.href=t.value))}},d.addEventListener("message",d.wp.receiveEmbedMessage,!1),l.addEventListener("DOMContentLoaded",function(){for(var e,t,s=l.querySelectorAll("iframe.wp-embedded-content"),r=0;r<s.length;r++)(t=(e=s[r]).getAttribute("data-secret"))||(t=Math.random().toString(36).substring(2,12),e.src+="#?secret="+t,e.setAttribute("data-secret",t)),e.contentWindow.postMessage({message:"ready",secret:t},"*")},!1)))}(window,document);
</script>

Sin duda, uno de los ministros más desconocidos del actual Gobierno, a pesar de ser uno de los que posee una mayor notoriedad previa al cargo sin proceder de la política, es el sociólogo Manuel Castells. Su proyecto para las universidades, nos referimos al período anterior a la pandemia, es perfectamente desconocido y su mutismo ha sido casi absoluto. Después vino el cierre de las universidades, las dudas de cómo se recuperarán las clases y se producirán los exámenes, los criterios que según las universidades deben regir las pruebas de acceso a las mismas, y también cómo enfocar con este bagaje el nuevo curso, considerando que es muy probable una segunda oleada a finales de otoño, principios de invierno. Es decir, no sabemos qué piensa hacer el ministro, ni cómo ha reaccionado ante la tremenda desorganización que el coronavirus ha provocado en el sistema universitario. Su mutismo es total, perfecto. Pero lo es como ministro, que es a lo que ahora se dedica y por lo cual percibe un importante salario. Pero este silencio no rige como colaborador habitual de La Vanguardia de Barcelona, donde sigue escribiendo cada semana su artículo habitual, en el cual pontifica, porque este es su estilo, sobre todo lo divino y lo humano, y acostumbra a aportar respuestas para todo. Esto no es una crítica, todo lo contrario, porque enriquece el debate público. Lo que sucede es que ahora su responsabilidad es como ministro y su discurso implica una responsabilidad colectiva, porque debido a su cargo, su posición no es solo a título personal, sino como miembro del colectivo solidario que es el Gobierno, del que forma parte y comparte responsabilidades. Es por ello por lo que resulta frívolo que, como hacía este pasado sábado 28 de marzo, se dedique a definir cuál debe ser el proyecto económico y financiero para cuando esta crisis amaine. Literalmente ha escrito cosas de este tenor: El financiamiento de la política expansiva más allá del obligado endeudamiento requerirá imaginación para crear una nueva arquitectura financiera y capacidad de gestión para operar una economía diferente que no caiga en la trampa secular de una austeridad de servicios esenciales… Pero también será el momento de ensayar modelos no consumistas qué conduzcan a la transición ecológica y cultural qué tanto se proclama pero que se practica aun tímidamente… A largo plazo es necesario el aumento de la carga fiscal en las grandes bolsas de acumulación de capital que hoy tributa poco o nada. Reinventar la fiscalidad quiere decir superar el enfoque de grabar sobre todo las personas o las empresas para centrarse en una regulación impositiva del mercado global de capitales que hoy día ha perdido gran parte de su función productiva. Esta economía a más de ser sostenible habría de incluir un estado de bienestar desburocratizado y preparado para choques futuros… ¿Es esta la posición del Gobierno Sánchez? ¿qué piensan de todo ello las ministras de Economía y de Hacienda? Su propio partido, Unidas Podemos, en nombre del cual forma parte del Gobierno, ¿está de acuerdo en que no se suban los impuestos a personas y empresas y que las nuevas subidas se centren en los movimientos de capital? ¿Qué significa para el vicepresidente de Asuntos Sociales, Pablo Iglesias, la necesidad de desburocratizar el estado del bienestar? Todo esto solo genera desconcierto. Es la primera vez que un ministro en ejercicio se dedica a escribir cada semana en un periódico, formulando opiniones que comprometen al conjunto del Gobierno, y que no se sabe en qué medida responden a un compromiso político, o son simplemente un ejercicio estético de brindis al sol. Pero, lo peor de todo es que a pesar de que escribe con esta regularidad y abundancia, aún no ha dicho una sola palabra sobre la Universidad. Castells sabe cómo debe ser el sistema fiscal, el modelo productivo, el Estado del bienestar, pero parece que no tiene la más mínima composición de lugar de cómo debe ser la Universidad, ni como modelo futuro, ni ahora para las difíciles circunstancias que ahora atraviesa. Pontificar sobre aquello que no tiene responsabilidades y callar sobre lo que es su deber, llevar a la Universidad a buen puerto, es un pésimo ejercicio de responsabilidad política. Más sobre el coronavirus en ESPECIAL CORONAVIRUS
