{"version":"1.0","provider_name":"Converses a Catalunya","provider_url":"https:\/\/conversesacatalunya.cat\/es\/","title":"Campa\u00f1a electoral: frentes de guerra - Converses a Catalunya","type":"rich","width":600,"height":338,"html":"<blockquote class=\"wp-embedded-content\" data-secret=\"3uqlJY6GT4\"><a href=\"https:\/\/conversesacatalunya.cat\/es\/campana-electoral-frentes-de-guerra\/\">Campa\u00f1a electoral: frentes de guerra<\/a><\/blockquote><iframe sandbox=\"allow-scripts\" security=\"restricted\" src=\"https:\/\/conversesacatalunya.cat\/es\/campana-electoral-frentes-de-guerra\/embed\/#?secret=3uqlJY6GT4\" width=\"600\" height=\"338\" title=\"\u00abCampa\u00f1a electoral: frentes de guerra\u00bb \u2014 Converses a Catalunya\" data-secret=\"3uqlJY6GT4\" frameborder=\"0\" marginwidth=\"0\" marginheight=\"0\" scrolling=\"no\" class=\"wp-embedded-content\"><\/iframe><script>\n\/*! This file is auto-generated *\/\n!function(d,l){\"use strict\";l.querySelector&&d.addEventListener&&\"undefined\"!=typeof URL&&(d.wp=d.wp||{},d.wp.receiveEmbedMessage||(d.wp.receiveEmbedMessage=function(e){var t=e.data;if((t||t.secret||t.message||t.value)&&!\/[^a-zA-Z0-9]\/.test(t.secret)){for(var s,r,n,a=l.querySelectorAll('iframe[data-secret=\"'+t.secret+'\"]'),o=l.querySelectorAll('blockquote[data-secret=\"'+t.secret+'\"]'),c=new RegExp(\"^https?:$\",\"i\"),i=0;i<o.length;i++)o[i].style.display=\"none\";for(i=0;i<a.length;i++)s=a[i],e.source===s.contentWindow&&(s.removeAttribute(\"style\"),\"height\"===t.message?(1e3<(r=parseInt(t.value,10))?r=1e3:~~r<200&&(r=200),s.height=r):\"link\"===t.message&&(r=new URL(s.getAttribute(\"src\")),n=new URL(t.value),c.test(n.protocol))&&n.host===r.host&&l.activeElement===s&&(d.top.location.href=t.value))}},d.addEventListener(\"message\",d.wp.receiveEmbedMessage,!1),l.addEventListener(\"DOMContentLoaded\",function(){for(var e,t,s=l.querySelectorAll(\"iframe.wp-embedded-content\"),r=0;r<s.length;r++)(t=(e=s[r]).getAttribute(\"data-secret\"))||(t=Math.random().toString(36).substring(2,12),e.src+=\"#?secret=\"+t,e.setAttribute(\"data-secret\",t)),e.contentWindow.postMessage({message:\"ready\",secret:t},\"*\")},!1)))}(window,document);\n<\/script>\n","thumbnail_url":"https:\/\/conversesacatalunya.cat\/wp-content\/uploads\/2023\/06\/elecciones-generales-del-23-de-julio.jpeg","thumbnail_width":990,"thumbnail_height":556,"description":"Como es l\u00f3gico por el pr\u00f3logo de estos a\u00f1os, todo est\u00e1 muy polarizado y ambos bloques registran un movimiento relativamente reducido.\u00a0Por ejemplo, seg\u00fan la \u00faltima encuesta de GAD3,\u00a0PSOE y Sumar obtendr\u00edan en 39,9%\u00a0de los votos;\u00a0una diferencia muy escasa con el resultado precedente del PSOE +UP, que alcanz\u00f3 el 40,8%. M\u00e1s movimiento existe en el otro bloque,\u00a0PP y Vox conseguir\u00edan el 49%.\u00a0Mientras el agregado de estos dos partidos m\u00e1s Cs en las \u00faltimas elecciones se acerc\u00f3 al 42%. Por tanto, todo va bastante justo y el resultado final depender\u00e1 mucho de la prima que otorga el sistema de Hondt al partido que queda primero en cada circunscripci\u00f3n y el que queda tercero en la veintena de circunscripciones peque\u00f1as, porque \u00faltimamente los que vienen alcanzan un resultado de 0 esca\u00f1os. En este caso, adem\u00e1s, dada la fecha elegida para las elecciones, la previsi\u00f3n del resultado es m\u00e1s complicada.\u00a0Se har\u00e1n en plenas vacaciones, con millones de personas desplazadas, lo que da una importancia \u00faltima desde la recuperaci\u00f3n de la democracia al voto por correo.\u00a0Para la mitad sur de Espa\u00f1a, de Madrid abajo, la fecha puede convertir a muchos colegios electorales en verdaderos hornos.\u00a0Y por el momento no se ve ning\u00fan gesto por parte del gobierno para aliviar este problema con el uso masivo de ventiladores.\u00a0Parecer\u00eda como que hubiera un especial inter\u00e9s en que la gente de a pie, la que no tiene militancia por unos u otros, pasara de largo de la cita en las urnas y fueran a votar s\u00f3lo los m\u00e1s militantes. Esta suma de cuestiones (Vox que no se mueve demasiado, riesgo de la abstenci\u00f3n, m\u00e1s voto por correo, a\u00f1adida a la crispaci\u00f3n de nuestra pol\u00edtica), puede generar un conflicto nunca visto si adem\u00e1s resultara que el resultado electoral fuese contradictorio con el consenso de lo que hubieran dicho las encuestas hasta el domingo antes. Aunque no exista conciencia, Espa\u00f1a se acerca a vivir un momento hist\u00f3rico y no exactamente para bien. En este escenario tan complicado, a ambos lados del tablero, los contendientes se mueven en sus gabinetes y se lanzan flechas envenenadas.\u00a0En el campo de la\u00a0derecha,\u00a0los medios que apoyan al PP, y que a menudo juegan a encarcelarle, ya han levantado su principal bandera para estas elecciones:\u00a0el catal\u00e1n.\u00a0Se prepara anticipadamente para un nuevo intento de reducir a\u00fan m\u00e1s el uso de la lengua catalana.\u00a0Este pasado 28 de junio en portada entera El Mundo titulaba \u201cEl separatismo amenaza a Feijo\u00f3 con un \u201cfrente com\u00fan\u201d por el 25%\u201d.\u00a0Se refieren a la obligaci\u00f3n de utilizar el castellano en esta cifra en la escuela.\u00a0Y declaran sin demasiada verg\u00fcenza que ERC y Junts combatir\u00e1n la educaci\u00f3n en castellano.\u00a0Y encuentran lamentable que el PSC tarde en defender al catal\u00e1n. No contentos con ello, aseguran que\u00a0la inmersi\u00f3n ling\u00fc\u00edstica es la causa del bajo rendimiento escolar en Catalu\u00f1a, algo que evidentemente no es cierto porque precisamente en el \u00e1mbito que estamos peor es precisamente en matem\u00e1ticas y tambi\u00e9n que el conocimiento de lengua catalana sale mucho m\u00e1s perjudicado que la castellana. En Converses\u00a0ya hemos explicado cu\u00e1les son las causas de nuestra bajada educativa y nada tienen que ver con que el catal\u00e1n sea lengua vehicular. En realidad su uso, incluso en la escuela, se va reduciendo y este hecho ligado a la p\u00e9rdida de valor social de la lengua conduce a una situaci\u00f3n dif\u00edcil que el DOGC no es capaz de corregir. Pero de eso los gobernantes catalanes tienen o quieren tener una escasa conciencia. El Mundo no se est\u00e1 de declarar que el sistema educativo catal\u00e1n es monoling\u00fce y no le importa para nada que este hecho no sea verdad. La cuesti\u00f3n est\u00e1 en levantar la bandera y apretar al PP para que no afloje en este tema. Y\u00a0los del otro lado, a la suya.\u00a0En este caso, la fuerza de choque que utilizan, adem\u00e1s de los 10.000 millones que el gobierno se ha comprometido a gastar en ayudas y subvenciones directas, est\u00e1 en el feminismo de g\u00e9nero y el loby LGTBI. Seg\u00fan El Pa\u00eds, tambi\u00e9n en portada ayer, \u201cUna ofensiva ultraconservadora apunta a los LGBTI en el mundo\u201d.\u00a0Para ir haciendo boca.\u00a0Y dentro proliferan art\u00edculos de este tenor: \u00abLas conquistas LGBTI deben de ser innegociables\u00bb. Hasta ahora pens\u00e1bamos que en una democracia representativa, parlamentaria, que algunos califican de liberal, salvo los derechos fundamentales concretamente fijados por la Constituci\u00f3n todo lo dem\u00e1s puede negociarse.\u00a0Pues no.\u00a0Estas \u201cconquistas\u201d entre otras cosas incorporan la aberraci\u00f3n de la inversi\u00f3n de la carga de la prueba, de modo que una persona acusada por alguien que demuestre ser lesbiana, gay, transexual, ha de demostrar su inocencia, en lugar de, como es normal prejuzgarla, s\u00f3n innegociables. Tambi\u00e9n aparecen nuevas reivindicaciones pateadas de derechos.\u00a0Por ejemplo, se considera que los personajes LGBTI en las series de televisi\u00f3n tienen una representaci\u00f3n en una medida que no les corresponde.\u00a0Han hecho un estudio y dicen que en lo que son comedias y dramas ya est\u00e1 bien, pero que en las pel\u00edculas de acci\u00f3n o suspense no salen lo suficiente. Nuestra impresi\u00f3n es que venga o no a cuenta en cada serie nos sit\u00faan de lleno en pr\u00e1cticas y culturas procedentes de este mundo de la homosexualidad, bisexualidad y transg\u00e9nero, pero no es suficiente. Est\u00e1 claro que la cosa se aclara cuando afirman que de los 99 films analizados s\u00f3lo un 9,2% incluyen esta diversidad\u00bb, que es otra forma de conceptuar la pertenencia a alguna de estas opciones. Pues si esta es la cifra hay que decir que tal y como pens\u00e1bamos est\u00e1n\u00a0sobrerrepresentados, porque la proporci\u00f3n de homosexuales en nuestra sociedad dif\u00edcilmente supera el 3% como orden de magnitud, y es evidente que los transexuales s\u00f3lo a\u00f1aden unas d\u00e9cimas a todo esto.\u00a0Est\u00e1 claro que si a\u00f1adimos a los bisexuales, que m\u00e1s bien expresan un signo de oportunidad, la cosa sube.\u00a0Pero en cualquier caso un 9% s\u00f3lo nos dice que realmente nos est\u00e1n sirviendo, quieras que no, una manera de entender la sexualidad que es muy visible, pero que estad\u00edsticamente es tambi\u00e9n muy minoritaria. Y para terminarlo, el inefable Ministerio de Igualdad celebra el d\u00eda del Orgullo de todos estos..."}

Campaña electoral: frentes de guerra - Converses a Catalunya

<blockquote class="wp-embedded-content" data-secret="3uqlJY6GT4"><a href="https://conversesacatalunya.cat/es/campana-electoral-frentes-de-guerra/">Campaña electoral: frentes de guerra</a></blockquote><iframe sandbox="allow-scripts" security="restricted" src="https://conversesacatalunya.cat/es/campana-electoral-frentes-de-guerra/embed/#?secret=3uqlJY6GT4" width="600" height="338" title="«Campaña electoral: frentes de guerra» — Converses a Catalunya" data-secret="3uqlJY6GT4" frameborder="0" marginwidth="0" marginheight="0" scrolling="no" class="wp-embedded-content"></iframe><script>
/*! This file is auto-generated */
!function(d,l){"use strict";l.querySelector&&d.addEventListener&&"undefined"!=typeof URL&&(d.wp=d.wp||{},d.wp.receiveEmbedMessage||(d.wp.receiveEmbedMessage=function(e){var t=e.data;if((t||t.secret||t.message||t.value)&&!/[^a-zA-Z0-9]/.test(t.secret)){for(var s,r,n,a=l.querySelectorAll('iframe[data-secret="'+t.secret+'"]'),o=l.querySelectorAll('blockquote[data-secret="'+t.secret+'"]'),c=new RegExp("^https?:$","i"),i=0;i<o.length;i++)o[i].style.display="none";for(i=0;i<a.length;i++)s=a[i],e.source===s.contentWindow&&(s.removeAttribute("style"),"height"===t.message?(1e3<(r=parseInt(t.value,10))?r=1e3:~~r<200&&(r=200),s.height=r):"link"===t.message&&(r=new URL(s.getAttribute("src")),n=new URL(t.value),c.test(n.protocol))&&n.host===r.host&&l.activeElement===s&&(d.top.location.href=t.value))}},d.addEventListener("message",d.wp.receiveEmbedMessage,!1),l.addEventListener("DOMContentLoaded",function(){for(var e,t,s=l.querySelectorAll("iframe.wp-embedded-content"),r=0;r<s.length;r++)(t=(e=s[r]).getAttribute("data-secret"))||(t=Math.random().toString(36).substring(2,12),e.src+="#?secret="+t,e.setAttribute("data-secret",t)),e.contentWindow.postMessage({message:"ready",secret:t},"*")},!1)))}(window,document);
</script>

Como es lógico por el prólogo de estos años, todo está muy polarizado y ambos bloques registran un movimiento relativamente reducido. Por ejemplo, según la última encuesta de GAD3, PSOE y Sumar obtendrían en 39,9% de los votos; una diferencia muy escasa con el resultado precedente del PSOE +UP, que alcanzó el 40,8%. Más movimiento existe en el otro bloque, PP y Vox conseguirían el 49%. Mientras el agregado de estos dos partidos más Cs en las últimas elecciones se acercó al 42%. Por tanto, todo va bastante justo y el resultado final dependerá mucho de la prima que otorga el sistema de Hondt al partido que queda primero en cada circunscripción y el que queda tercero en la veintena de circunscripciones pequeñas, porque últimamente los que vienen alcanzan un resultado de 0 escaños. En este caso, además, dada la fecha elegida para las elecciones, la previsión del resultado es más complicada. Se harán en plenas vacaciones, con millones de personas desplazadas, lo que da una importancia última desde la recuperación de la democracia al voto por correo. Para la mitad sur de España, de Madrid abajo, la fecha puede convertir a muchos colegios electorales en verdaderos hornos. Y por el momento no se ve ningún gesto por parte del gobierno para aliviar este problema con el uso masivo de ventiladores. Parecería como que hubiera un especial interés en que la gente de a pie, la que no tiene militancia por unos u otros, pasara de largo de la cita en las urnas y fueran a votar sólo los más militantes. Esta suma de cuestiones (Vox que no se mueve demasiado, riesgo de la abstención, más voto por correo, añadida a la crispación de nuestra política), puede generar un conflicto nunca visto si además resultara que el resultado electoral fuese contradictorio con el consenso de lo que hubieran dicho las encuestas hasta el domingo antes. Aunque no exista conciencia, España se acerca a vivir un momento histórico y no exactamente para bien. En este escenario tan complicado, a ambos lados del tablero, los contendientes se mueven en sus gabinetes y se lanzan flechas envenenadas. En el campo de la derecha, los medios que apoyan al PP, y que a menudo juegan a encarcelarle, ya han levantado su principal bandera para estas elecciones: el catalán. Se prepara anticipadamente para un nuevo intento de reducir aún más el uso de la lengua catalana. Este pasado 28 de junio en portada entera El Mundo titulaba “El separatismo amenaza a Feijoó con un “frente común” por el 25%”. Se refieren a la obligación de utilizar el castellano en esta cifra en la escuela. Y declaran sin demasiada vergüenza que ERC y Junts combatirán la educación en castellano. Y encuentran lamentable que el PSC tarde en defender al catalán. No contentos con ello, aseguran que la inmersión lingüística es la causa del bajo rendimiento escolar en Cataluña, algo que evidentemente no es cierto porque precisamente en el ámbito que estamos peor es precisamente en matemáticas y también que el conocimiento de lengua catalana sale mucho más perjudicado que la castellana. En Converses ya hemos explicado cuáles son las causas de nuestra bajada educativa y nada tienen que ver con que el catalán sea lengua vehicular. En realidad su uso, incluso en la escuela, se va reduciendo y este hecho ligado a la pérdida de valor social de la lengua conduce a una situación difícil que el DOGC no es capaz de corregir. Pero de eso los gobernantes catalanes tienen o quieren tener una escasa conciencia. El Mundo no se está de declarar que el sistema educativo catalán es monolingüe y no le importa para nada que este hecho no sea verdad. La cuestión está en levantar la bandera y apretar al PP para que no afloje en este tema. Y los del otro lado, a la suya. En este caso, la fuerza de choque que utilizan, además de los 10.000 millones que el gobierno se ha comprometido a gastar en ayudas y subvenciones directas, está en el feminismo de género y el loby LGTBI. Según El País, también en portada ayer, “Una ofensiva ultraconservadora apunta a los LGBTI en el mundo”. Para ir haciendo boca. Y dentro proliferan artículos de este tenor: «Las conquistas LGBTI deben de ser innegociables». Hasta ahora pensábamos que en una democracia representativa, parlamentaria, que algunos califican de liberal, salvo los derechos fundamentales concretamente fijados por la Constitución todo lo demás puede negociarse. Pues no. Estas “conquistas” entre otras cosas incorporan la aberración de la inversión de la carga de la prueba, de modo que una persona acusada por alguien que demuestre ser lesbiana, gay, transexual, ha de demostrar su inocencia, en lugar de, como es normal prejuzgarla, són innegociables. También aparecen nuevas reivindicaciones pateadas de derechos. Por ejemplo, se considera que los personajes LGBTI en las series de televisión tienen una representación en una medida que no les corresponde. Han hecho un estudio y dicen que en lo que son comedias y dramas ya está bien, pero que en las películas de acción o suspense no salen lo suficiente. Nuestra impresión es que venga o no a cuenta en cada serie nos sitúan de lleno en prácticas y culturas procedentes de este mundo de la homosexualidad, bisexualidad y transgénero, pero no es suficiente. Está claro que la cosa se aclara cuando afirman que de los 99 films analizados sólo un 9,2% incluyen esta diversidad», que es otra forma de conceptuar la pertenencia a alguna de estas opciones. Pues si esta es la cifra hay que decir que tal y como pensábamos están sobrerrepresentados, porque la proporción de homosexuales en nuestra sociedad difícilmente supera el 3% como orden de magnitud, y es evidente que los transexuales sólo añaden unas décimas a todo esto. Está claro que si añadimos a los bisexuales, que más bien expresan un signo de oportunidad, la cosa sube. Pero en cualquier caso un 9% sólo nos dice que realmente nos están sirviendo, quieras que no, una manera de entender la sexualidad que es muy visible, pero que estadísticamente es también muy minoritaria. Y para terminarlo, el inefable Ministerio de Igualdad celebra el día del Orgullo de todos estos...
