{"version":"1.0","provider_name":"Converses a Catalunya","provider_url":"https:\/\/conversesacatalunya.cat\/es\/","title":"\u00bfA\u00fan es independentista ERC?: la extra\u00f1a iniciativa para reducir la autonom\u00eda fiscal de las comunidades aut\u00f3nomas - Converses a Catalunya","type":"rich","width":600,"height":338,"html":"<blockquote class=\"wp-embedded-content\" data-secret=\"fj2fDaKL03\"><a href=\"https:\/\/conversesacatalunya.cat\/es\/aun-es-independentista-erc\/\">\u00bfA\u00fan es independentista ERC?: la extra\u00f1a iniciativa para reducir la autonom\u00eda fiscal de las comunidades aut\u00f3nomas<\/a><\/blockquote><iframe sandbox=\"allow-scripts\" security=\"restricted\" src=\"https:\/\/conversesacatalunya.cat\/es\/aun-es-independentista-erc\/embed\/#?secret=fj2fDaKL03\" width=\"600\" height=\"338\" title=\"\u00ab\u00bfA\u00fan es independentista ERC?: la extra\u00f1a iniciativa para reducir la autonom\u00eda fiscal de las comunidades aut\u00f3nomas\u00bb \u2014 Converses a Catalunya\" data-secret=\"fj2fDaKL03\" frameborder=\"0\" marginwidth=\"0\" marginheight=\"0\" scrolling=\"no\" class=\"wp-embedded-content\"><\/iframe><script>\n\/*! This file is auto-generated *\/\n!function(d,l){\"use strict\";l.querySelector&&d.addEventListener&&\"undefined\"!=typeof URL&&(d.wp=d.wp||{},d.wp.receiveEmbedMessage||(d.wp.receiveEmbedMessage=function(e){var t=e.data;if((t||t.secret||t.message||t.value)&&!\/[^a-zA-Z0-9]\/.test(t.secret)){for(var s,r,n,a=l.querySelectorAll('iframe[data-secret=\"'+t.secret+'\"]'),o=l.querySelectorAll('blockquote[data-secret=\"'+t.secret+'\"]'),c=new RegExp(\"^https?:$\",\"i\"),i=0;i<o.length;i++)o[i].style.display=\"none\";for(i=0;i<a.length;i++)s=a[i],e.source===s.contentWindow&&(s.removeAttribute(\"style\"),\"height\"===t.message?(1e3<(r=parseInt(t.value,10))?r=1e3:~~r<200&&(r=200),s.height=r):\"link\"===t.message&&(r=new URL(s.getAttribute(\"src\")),n=new URL(t.value),c.test(n.protocol))&&n.host===r.host&&l.activeElement===s&&(d.top.location.href=t.value))}},d.addEventListener(\"message\",d.wp.receiveEmbedMessage,!1),l.addEventListener(\"DOMContentLoaded\",function(){for(var e,t,s=l.querySelectorAll(\"iframe.wp-embedded-content\"),r=0;r<s.length;r++)(t=(e=s[r]).getAttribute(\"data-secret\"))||(t=Math.random().toString(36).substring(2,12),e.src+=\"#?secret=\"+t,e.setAttribute(\"data-secret\",t)),e.contentWindow.postMessage({message:\"ready\",secret:t},\"*\")},!1)))}(window,document);\n<\/script>\n","thumbnail_url":"https:\/\/conversesacatalunya.cat\/wp-content\/uploads\/2020\/11\/erc-1.jpg","thumbnail_width":954,"thumbnail_height":632,"description":"ERC est\u00e1 adentr\u00e1ndose cada vez m\u00e1s en la confusi\u00f3n de las dos banderas que intenta simultanear. La del independentismo en Catalu\u00f1a y la de formar parte, en palabras de Iglesias, del \u00abbloque por la gobernaci\u00f3n del estado\u00bb\u00a0en Madrid. Es en esta segunda vertiente donde hay que situar la iniciativa de pactar una comisi\u00f3n que tiene como finalidad evitar el pretendido \u00abdumping\u00bb fiscal de Madrid. Es evidente que esto no existe, porque todas las autonom\u00edas tienen las mismas competencias fiscales, excepto el Pa\u00eds Vasco y Navarra. Lo que hace Madrid es utilizar su capacidad de autogobierno y optar por reducir impuestos. Es, adem\u00e1s, \u00e9sta una l\u00ednea sostenida en el tiempo porque comenz\u00f3 en 2004, un hecho, el de la continuidad, que desgraciadamente en Catalu\u00f1a no abunda en la \u00faltima d\u00e9cada. El hecho de que la plaza Sant Jaume haya optado por la v\u00eda contraria a la de Madrid, la de una alta presi\u00f3n fiscal, no significa otra cosa que han cre\u00eddo que esta era la mejor v\u00eda. Ahora resulta que Madrid obtiene buenos resultados y Catalu\u00f1a no, pero es una ingenuidad considerable pensar que la diferencia tiene como causa s\u00f3lo las diferencias fiscales que caso por caso tampoco representan unos dividendos extraordinarios.\u00a0Lo que sucede es que Madrid ha jugado a fondo las cartas de su capitalidad y Barcelona no.\u00a0Cada vez se ha cerrado m\u00e1s en s\u00ed misma, como lo constata el actual gobierno de Ada Colau.\u00a0Este hecho se ha acentuado en los \u00faltimos a\u00f1os al gobernar desde una v\u00eda independentista combinada con el gobierno de los Comunes en la capital. El resultado de todo ello ha sido muy negativo para la actividad econ\u00f3mica, y lo sigue siendo en plena crisis. ERC al querer restringir la capacidad de autogobernarse act\u00faa en sentido opuesto a la CDC de Pujol, que se esforzaba por un \u00abque nos dejen hacer\u00bb. No se entiende que en lugar de querer profundizar en el autogobierno, ERC adopte una iniciativa que al estatismo gubernamental, y le va de perlas, quiso intervenir sobre otra comunidad aut\u00f3noma.\u00a0Es tirarse piedras en el propio tejado y establece el precedente que en cualquier momento y por cualquier tema se puede girar contra Catalu\u00f1a.\u00a0En lugar de debilitar al estado, del que dice que se quiere separar, lo fortalece.\u00a0En lugar de fortalecer el autogobierno de camino a la independencia, lo debilita.\u00a0El precedente est\u00e1 creado y s\u00f3lo se explica porque cada vez de forma m\u00e1s evidente ERC se comporta como el partido republicano espa\u00f1ol que fue con Companys. Si ERC lo que quiere es actuar contra un \u00abdumping\u00bb fiscal real, que no mire a una autonom\u00eda que juega en el mismo marco competencial que Catalu\u00f1a, sino que se fije en el Pa\u00eds Vasco y en las condiciones impresentables de la cuota que lo convierten en una excepci\u00f3n fiscal extraordinaria. El famoso d\u00e9ficit fiscal que sufre Catalu\u00f1a, pero a\u00fan m\u00e1s Madrid y Valencia, se transforma en un\u00a0beneficio fiscal mayor en el caso del Pa\u00eds Vasco, porque recibe mucho m\u00e1s de lo que paga. Pero este esc\u00e1ndalo por razones pol\u00edticas nunca ha sido objeto de atenci\u00f3n por parte de Catalu\u00f1a, pero si ERC proyecta en primer plano la cuesti\u00f3n de Madrid es evidente que el tema vasco como gran contradicci\u00f3n, emerge con fuerza. En realidad lo que se pod\u00eda esperar de un partido no ya independentista, sino simplemente partidario del autogobierno, era forzar el acuerdo no para polemizar con Madrid, sino para conseguir que de una vez por todas se establezca el nuevo sistema de financiaci\u00f3n que lleva 4 a\u00f1os de retraso. Ahora era el momento de aprovechar la necesidad de los votos catalanes del gobierno S\u00e1nchez para forzar plazos para resolver de una vez por todas esta cuesti\u00f3n, que s\u00ed perjudica y mucho en Catalu\u00f1a. Pero esto habr\u00eda sido ir al fondo de las cosas y cuestionar el poder del estado, y ERC que ya se considera miembro de este poder, prefiere dejarlo estar y dedicarse a la pol\u00e9mica superficial con la comunidad de Madrid que, adem\u00e1s, cuenta con el aliciente de estar gobernada por el PP. Mientras que en Catalu\u00f1a una persona que ingrese como salario bruto 20.000 euros al a\u00f1o, pagar\u00e1 2.510, en Madrid s\u00f3lo pagar\u00e1 2.200\u00a0.\u00a0Pero, atenci\u00f3n se\u00f1oras y se\u00f1ores, en Vizcaya, Guip\u00fazcoa o \u00c1lava, a\u00fan pagar\u00e1 menos, 2.186.\u00a0Y si miramos el impuesto por el patrimonio en un supuesto de valor de\u00a0800.000 euros, en Catalu\u00f1a pagar\u00e1n 769 y en Madrid 0. Exactamente lo mismo que en Vizcaya y \u00c1lava.\u00a0Y que no se diga, en Guip\u00fazcoa pagar\u00e1n 200.\u00a0Volvemos a decirlo, si se quiere mirar el \u00abdumping\u00bb fiscal real, hay que mirar hacia el norte."}

¿Aún es independentista ERC?: la extraña iniciativa para reducir la autonomía fiscal de las comunidades autónomas - Converses a Catalunya

<blockquote class="wp-embedded-content" data-secret="fj2fDaKL03"><a href="https://conversesacatalunya.cat/es/aun-es-independentista-erc/">¿Aún es independentista ERC?: la extraña iniciativa para reducir la autonomía fiscal de las comunidades autónomas</a></blockquote><iframe sandbox="allow-scripts" security="restricted" src="https://conversesacatalunya.cat/es/aun-es-independentista-erc/embed/#?secret=fj2fDaKL03" width="600" height="338" title="«¿Aún es independentista ERC?: la extraña iniciativa para reducir la autonomía fiscal de las comunidades autónomas» — Converses a Catalunya" data-secret="fj2fDaKL03" frameborder="0" marginwidth="0" marginheight="0" scrolling="no" class="wp-embedded-content"></iframe><script>
/*! This file is auto-generated */
!function(d,l){"use strict";l.querySelector&&d.addEventListener&&"undefined"!=typeof URL&&(d.wp=d.wp||{},d.wp.receiveEmbedMessage||(d.wp.receiveEmbedMessage=function(e){var t=e.data;if((t||t.secret||t.message||t.value)&&!/[^a-zA-Z0-9]/.test(t.secret)){for(var s,r,n,a=l.querySelectorAll('iframe[data-secret="'+t.secret+'"]'),o=l.querySelectorAll('blockquote[data-secret="'+t.secret+'"]'),c=new RegExp("^https?:$","i"),i=0;i<o.length;i++)o[i].style.display="none";for(i=0;i<a.length;i++)s=a[i],e.source===s.contentWindow&&(s.removeAttribute("style"),"height"===t.message?(1e3<(r=parseInt(t.value,10))?r=1e3:~~r<200&&(r=200),s.height=r):"link"===t.message&&(r=new URL(s.getAttribute("src")),n=new URL(t.value),c.test(n.protocol))&&n.host===r.host&&l.activeElement===s&&(d.top.location.href=t.value))}},d.addEventListener("message",d.wp.receiveEmbedMessage,!1),l.addEventListener("DOMContentLoaded",function(){for(var e,t,s=l.querySelectorAll("iframe.wp-embedded-content"),r=0;r<s.length;r++)(t=(e=s[r]).getAttribute("data-secret"))||(t=Math.random().toString(36).substring(2,12),e.src+="#?secret="+t,e.setAttribute("data-secret",t)),e.contentWindow.postMessage({message:"ready",secret:t},"*")},!1)))}(window,document);
</script>

ERC está adentrándose cada vez más en la confusión de las dos banderas que intenta simultanear. La del independentismo en Cataluña y la de formar parte, en palabras de Iglesias, del «bloque por la gobernación del estado» en Madrid. Es en esta segunda vertiente donde hay que situar la iniciativa de pactar una comisión que tiene como finalidad evitar el pretendido «dumping» fiscal de Madrid. Es evidente que esto no existe, porque todas las autonomías tienen las mismas competencias fiscales, excepto el País Vasco y Navarra. Lo que hace Madrid es utilizar su capacidad de autogobierno y optar por reducir impuestos. Es, además, ésta una línea sostenida en el tiempo porque comenzó en 2004, un hecho, el de la continuidad, que desgraciadamente en Cataluña no abunda en la última década. El hecho de que la plaza Sant Jaume haya optado por la vía contraria a la de Madrid, la de una alta presión fiscal, no significa otra cosa que han creído que esta era la mejor vía. Ahora resulta que Madrid obtiene buenos resultados y Cataluña no, pero es una ingenuidad considerable pensar que la diferencia tiene como causa sólo las diferencias fiscales que caso por caso tampoco representan unos dividendos extraordinarios. Lo que sucede es que Madrid ha jugado a fondo las cartas de su capitalidad y Barcelona no. Cada vez se ha cerrado más en sí misma, como lo constata el actual gobierno de Ada Colau. Este hecho se ha acentuado en los últimos años al gobernar desde una vía independentista combinada con el gobierno de los Comunes en la capital. El resultado de todo ello ha sido muy negativo para la actividad económica, y lo sigue siendo en plena crisis. ERC al querer restringir la capacidad de autogobernarse actúa en sentido opuesto a la CDC de Pujol, que se esforzaba por un «que nos dejen hacer». No se entiende que en lugar de querer profundizar en el autogobierno, ERC adopte una iniciativa que al estatismo gubernamental, y le va de perlas, quiso intervenir sobre otra comunidad autónoma. Es tirarse piedras en el propio tejado y establece el precedente que en cualquier momento y por cualquier tema se puede girar contra Cataluña. En lugar de debilitar al estado, del que dice que se quiere separar, lo fortalece. En lugar de fortalecer el autogobierno de camino a la independencia, lo debilita. El precedente está creado y sólo se explica porque cada vez de forma más evidente ERC se comporta como el partido republicano español que fue con Companys. Si ERC lo que quiere es actuar contra un «dumping» fiscal real, que no mire a una autonomía que juega en el mismo marco competencial que Cataluña, sino que se fije en el País Vasco y en las condiciones impresentables de la cuota que lo convierten en una excepción fiscal extraordinaria. El famoso déficit fiscal que sufre Cataluña, pero aún más Madrid y Valencia, se transforma en un beneficio fiscal mayor en el caso del País Vasco, porque recibe mucho más de lo que paga. Pero este escándalo por razones políticas nunca ha sido objeto de atención por parte de Cataluña, pero si ERC proyecta en primer plano la cuestión de Madrid es evidente que el tema vasco como gran contradicción, emerge con fuerza. En realidad lo que se podía esperar de un partido no ya independentista, sino simplemente partidario del autogobierno, era forzar el acuerdo no para polemizar con Madrid, sino para conseguir que de una vez por todas se establezca el nuevo sistema de financiación que lleva 4 años de retraso. Ahora era el momento de aprovechar la necesidad de los votos catalanes del gobierno Sánchez para forzar plazos para resolver de una vez por todas esta cuestión, que sí perjudica y mucho en Cataluña. Pero esto habría sido ir al fondo de las cosas y cuestionar el poder del estado, y ERC que ya se considera miembro de este poder, prefiere dejarlo estar y dedicarse a la polémica superficial con la comunidad de Madrid que, además, cuenta con el aliciente de estar gobernada por el PP. Mientras que en Cataluña una persona que ingrese como salario bruto 20.000 euros al año, pagará 2.510, en Madrid sólo pagará 2.200 . Pero, atención señoras y señores, en Vizcaya, Guipúzcoa o Álava, aún pagará menos, 2.186. Y si miramos el impuesto por el patrimonio en un supuesto de valor de 800.000 euros, en Cataluña pagarán 769 y en Madrid 0. Exactamente lo mismo que en Vizcaya y Álava. Y que no se diga, en Guipúzcoa pagarán 200. Volvemos a decirlo, si se quiere mirar el «dumping» fiscal real, hay que mirar hacia el norte.
