{"version":"1.0","provider_name":"Converses a Catalunya","provider_url":"https:\/\/conversesacatalunya.cat\/es\/","title":"Tres muertos y varios heridos por un ataque con cuchillo en una iglesia en Niza - Converses a Catalunya","type":"rich","width":600,"height":338,"html":"<blockquote class=\"wp-embedded-content\" data-secret=\"KUlhfzUgw2\"><a href=\"https:\/\/conversesacatalunya.cat\/es\/ataque-en-una-iglesia-en-niza\/\">Tres muertos y varios heridos por un ataque con cuchillo en una iglesia en Niza<\/a><\/blockquote><iframe sandbox=\"allow-scripts\" security=\"restricted\" src=\"https:\/\/conversesacatalunya.cat\/es\/ataque-en-una-iglesia-en-niza\/embed\/#?secret=KUlhfzUgw2\" width=\"600\" height=\"338\" title=\"\u00abTres muertos y varios heridos por un ataque con cuchillo en una iglesia en Niza\u00bb \u2014 Converses a Catalunya\" data-secret=\"KUlhfzUgw2\" frameborder=\"0\" marginwidth=\"0\" marginheight=\"0\" scrolling=\"no\" class=\"wp-embedded-content\"><\/iframe><script>\n\/*! This file is auto-generated *\/\n!function(d,l){\"use strict\";l.querySelector&&d.addEventListener&&\"undefined\"!=typeof URL&&(d.wp=d.wp||{},d.wp.receiveEmbedMessage||(d.wp.receiveEmbedMessage=function(e){var t=e.data;if((t||t.secret||t.message||t.value)&&!\/[^a-zA-Z0-9]\/.test(t.secret)){for(var s,r,n,a=l.querySelectorAll('iframe[data-secret=\"'+t.secret+'\"]'),o=l.querySelectorAll('blockquote[data-secret=\"'+t.secret+'\"]'),c=new RegExp(\"^https?:$\",\"i\"),i=0;i<o.length;i++)o[i].style.display=\"none\";for(i=0;i<a.length;i++)s=a[i],e.source===s.contentWindow&&(s.removeAttribute(\"style\"),\"height\"===t.message?(1e3<(r=parseInt(t.value,10))?r=1e3:~~r<200&&(r=200),s.height=r):\"link\"===t.message&&(r=new URL(s.getAttribute(\"src\")),n=new URL(t.value),c.test(n.protocol))&&n.host===r.host&&l.activeElement===s&&(d.top.location.href=t.value))}},d.addEventListener(\"message\",d.wp.receiveEmbedMessage,!1),l.addEventListener(\"DOMContentLoaded\",function(){for(var e,t,s=l.querySelectorAll(\"iframe.wp-embedded-content\"),r=0;r<s.length;r++)(t=(e=s[r]).getAttribute(\"data-secret\"))||(t=Math.random().toString(36).substring(2,12),e.src+=\"#?secret=\"+t,e.setAttribute(\"data-secret\",t)),e.contentWindow.postMessage({message:\"ready\",secret:t},\"*\")},!1)))}(window,document);\n<\/script>\n","thumbnail_url":"https:\/\/conversesacatalunya.cat\/wp-content\/uploads\/2020\/10\/atentado-en-Niza.jpg","thumbnail_width":624,"thumbnail_height":385,"description":"Esta ma\u00f1ana, en torno a las 9&#8217;00 horas, ha tenido lugar un ataque con cuchillo, en el interior de la iglesia de Notre Dame de Niza. El presunto agresor ha sido detenido con heridas y evacuado a un hospital, seg\u00fan fuentes policiales citadas por la cadena BFMTV. El resultado de la agresi\u00f3n ha sido de al menos tres personas muertas y varias m\u00e1s han resultado heridas, seg\u00fan el alcalde, Christian Estrosi quien ha comentado en Twitter: \u00abtodo hace suponer\u00bb que se trata de un atentado terrorista; \u00abno hay ninguna duda\u00bb del significado de este ataque, que ha atribuido al \u00abislamofascismo\u00bb. Seg\u00fan ha explicado ante los medios de comunicaci\u00f3n, el detenido \u00abno dejaba de repetir &#8216;Allahu akbar&#8217; (Al\u00e1 es el m\u00e1s grande) cuando estaba siendo atendido por los m\u00e9dicos\u00bb en el lugar de los hechos. El ministro franc\u00e9s del Interior, G\u00e9rald Darmanin, ha convocado una reuni\u00f3n de urgencia y ha instado a la ciudadan\u00eda a evitar la zona. Todas las iglesias de Niza han quedado bajo vigilancia por el temor a nuevos ataques. Est\u00e1 previsto que el presidente Emmanuel Macron viaje a Niza a lo largo del d\u00eda. Conversesacatalunya, en un art\u00edculo que public\u00f3 el pasado 17 de octubre, titulado \u00abC\u00f3mo una dictadura de terror islamista se est\u00e1 instalando en Francia\u00bb, ya hac\u00eda incapi\u00e9 sobre el hecho de que en Francia, los islamistas se proclaman cada vez m\u00e1s abiertamente en el espacio p\u00fablico."}

Esta mañana, en torno a las 9&#8217;00 horas, ha tenido lugar un ataque con cuchillo, en el interior de la iglesia de Notre Dame de Niza. El presunto agresor ha sido detenido con heridas y evacuado a un hospital, según fuentes policiales citadas por la cadena BFMTV. El resultado de la agresión ha sido de al menos tres personas muertas y varias más han resultado heridas, según el alcalde, Christian Estrosi quien ha comentado en Twitter: «todo hace suponer» que se trata de un atentado terrorista; «no hay ninguna duda» del significado de este ataque, que ha atribuido al «islamofascismo». Según ha explicado ante los medios de comunicación, el detenido «no dejaba de repetir &#8216;Allahu akbar&#8217; (Alá es el más grande) cuando estaba siendo atendido por los médicos» en el lugar de los hechos. El ministro francés del Interior, Gérald Darmanin, ha convocado una reunión de urgencia y ha instado a la ciudadanía a evitar la zona. Todas las iglesias de Niza han quedado bajo vigilancia por el temor a nuevos ataques. Está previsto que el presidente Emmanuel Macron viaje a Niza a lo largo del día. Conversesacatalunya, en un artículo que publicó el pasado 17 de octubre, titulado «Cómo una dictadura de terror islamista se está instalando en Francia», ya hacía incapié sobre el hecho de que en Francia, los islamistas se proclaman cada vez más abiertamente en el espacio público.
