{"version":"1.0","provider_name":"Converses a Catalunya","provider_url":"https:\/\/conversesacatalunya.cat\/es\/","title":"Ante la immigraci\u00f3n masiva, Europa ha de despertarse - Converses a Catalunya","type":"rich","width":600,"height":338,"html":"<blockquote class=\"wp-embedded-content\" data-secret=\"8LCST1ZsYP\"><a href=\"https:\/\/conversesacatalunya.cat\/es\/ante-la-immigracion-masiva-europa-despertarse\/\">Ante la immigraci\u00f3n masiva, Europa ha de despertarse<\/a><\/blockquote><iframe sandbox=\"allow-scripts\" security=\"restricted\" src=\"https:\/\/conversesacatalunya.cat\/es\/ante-la-immigracion-masiva-europa-despertarse\/embed\/#?secret=8LCST1ZsYP\" width=\"600\" height=\"338\" title=\"\u00abAnte la immigraci\u00f3n masiva, Europa ha de despertarse\u00bb \u2014 Converses a Catalunya\" data-secret=\"8LCST1ZsYP\" frameborder=\"0\" marginwidth=\"0\" marginheight=\"0\" scrolling=\"no\" class=\"wp-embedded-content\"><\/iframe><script>\n\/*! This file is auto-generated *\/\n!function(d,l){\"use strict\";l.querySelector&&d.addEventListener&&\"undefined\"!=typeof URL&&(d.wp=d.wp||{},d.wp.receiveEmbedMessage||(d.wp.receiveEmbedMessage=function(e){var t=e.data;if((t||t.secret||t.message||t.value)&&!\/[^a-zA-Z0-9]\/.test(t.secret)){for(var s,r,n,a=l.querySelectorAll('iframe[data-secret=\"'+t.secret+'\"]'),o=l.querySelectorAll('blockquote[data-secret=\"'+t.secret+'\"]'),c=new RegExp(\"^https?:$\",\"i\"),i=0;i<o.length;i++)o[i].style.display=\"none\";for(i=0;i<a.length;i++)s=a[i],e.source===s.contentWindow&&(s.removeAttribute(\"style\"),\"height\"===t.message?(1e3<(r=parseInt(t.value,10))?r=1e3:~~r<200&&(r=200),s.height=r):\"link\"===t.message&&(r=new URL(s.getAttribute(\"src\")),n=new URL(t.value),c.test(n.protocol))&&n.host===r.host&&l.activeElement===s&&(d.top.location.href=t.value))}},d.addEventListener(\"message\",d.wp.receiveEmbedMessage,!1),l.addEventListener(\"DOMContentLoaded\",function(){for(var e,t,s=l.querySelectorAll(\"iframe.wp-embedded-content\"),r=0;r<s.length;r++)(t=(e=s[r]).getAttribute(\"data-secret\"))||(t=Math.random().toString(36).substring(2,12),e.src+=\"#?secret=\"+t,e.setAttribute(\"data-secret\",t)),e.contentWindow.postMessage({message:\"ready\",secret:t},\"*\")},!1)))}(window,document);\n<\/script>\n","thumbnail_url":"https:\/\/conversesacatalunya.cat\/wp-content\/uploads\/2020\/03\/immigracio\u0301.jpg","thumbnail_width":1600,"thumbnail_height":900,"description":"Nos escandalizamos f\u00e1cilmente de que el gobierno griego y las instituciones europeas no dejen entrar a los miles de solicitantes de asilo que, aseguran, escapan de la guerra.\u00a0Es dif\u00edcil resistir a las fotograf\u00edas de mujeres y ni\u00f1os desesperados y no indignarse cuando nos afirman que los polic\u00edas emplean la violencia contra j\u00f3venes indefensos.\u00a0Ambos bandos, buenos y malos, son evidentes. Sin los medios no nos ense\u00f1an otras im\u00e1genes, como las de\u00a0grupos\u00a0de j\u00f3venes (todos hombres, que se ha hecho de las mujeres?) Intentando penetrar violentamente en Grecia con gritos de \u00abAllah akbar\u00bb.\u00a0Es cierto que para algunos, Europa es la promesa de poner fin al sufrimiento, pero para otros es una conquista a la que los musulmanes tienen derecho para compensar los da\u00f1os que supuestamente les hemos causado. Ante este panorama, y en la era de las emociones y las im\u00e1genes, hay que plantearse de forma urgente varias preguntas de fondo. \u00bfQu\u00e9 inter\u00e9s tiene Europa a abrir de nuevo las puertas, contribuyendo a\u00fan m\u00e1s al efecto llamada?\u00a0De los desplazados en la frontera griega, qu\u00e9 porcentaje son realmente refugiados y qu\u00e9 porcentaje inmigrantes econ\u00f3micos?\u00a0\u00bfQu\u00e9 valores supuestamente europeos est\u00e1n traicionando al no dejarlos entrar?\u00a0Y por otro lado, se protegen de verdad estos valores dejando pasar a todos sin exigir nada a cambio?\u00a0\u00bfPor qu\u00e9 el \u00fanico problema que se encuentra a su entrada en masa es el avance de la extrema derecha?\u00a0Como podremos asimilar cientos de miles de reci\u00e9n llegados musulmanes, si esto se ha demostrado pr\u00e1cticamente imposible con los que ya llevan d\u00e9cadas aqu\u00ed? Estas cuestiones de fondo necesarias para dar una respuesta coherente al chantaje de Turqu\u00eda permanecen sin respuesta.\u00a0El progresismo pro-inmigraci\u00f3n tiene carta blanca y su discurso es interiorizado por la mayor\u00eda abrumadora de medios europeos, bajo pena de fascismo. En las izquierdas, que reciben con los brazos abiertos la inmigraci\u00f3n para contar con sus votos m\u00e1s tarde (s\u00f3lo hay que ver el clientelismo de\u00a0Podemos,\u00a0las CUP o\u00a0Francia insumisa\u00a0para darse cuenta), se le suma la sumisi\u00f3n de buena parte del resto.\u00a0Los resultados son la autocensura y la imposibilidad de debatir seriamente la inmigraci\u00f3n. Sobre la imposibilidad de acoger m\u00e1s demandantes de asilo Pero necesitamos desesperadamente hablar de inmigraci\u00f3n porque Europa no re\u00fane las condiciones elementales para acoger los millones de demandantes de asilo que Turqu\u00eda amenaza con dejar entrar. De entrada, la mayor parte de los gobiernos europeos no disponen ni siquiera de los recursos necesarios para proteger a la poblaci\u00f3n de una emergencia moderada, como el caso de Italia con el coronavirus demuestra.\u00a0Otros que a\u00fan disponen de medios importantes, como Francia, los destinan a costosos programas sociales que benefician parad\u00f3jicamente en primer lugar a los inmigrantes y sus descendientes, a pesar perforar sus d\u00e9ficits y elevar sin cesar la presi\u00f3n fiscal.\u00a0Finalmente, hay que se encontraban el 2015 en una situaci\u00f3n mejor, como Alemania o Suecia, pero que han acogido tantos demandantes de asilo que la poblaci\u00f3n ha dicho basta. En toda Europa, incluyendo Espa\u00f1a y m\u00e1s en concreto Catalu\u00f1a, la multiplicaci\u00f3n de guetos \u00e9tnicos demuestra esta incapacidad p\u00fablica.\u00a0Los supuestos beneficios de la \u00abdiversidad\u00bb que aporta la inmigraci\u00f3n, sobre todo la proveniente de culturas tan diferentes de la nuestra como la musulmana, tardan en aparecer. En las afueras de Par\u00eds, por ejemplo, hay\u00a0zonas\u00a0donde las mujeres no pueden entrar en los bares, en los que por otra parte ya no se sirve alcohol.\u00a0M\u00e1s cerca de casa, un\u00a0blogger\u00a0catal\u00e1n expresaba hace unos meses su\u00a0tristeza\u00a0al contemplar el estado en que el \u00abmulticultural\u00bb centro de Manresa se encuentra. En los pa\u00edses hist\u00f3ricamente receptores de inmigraci\u00f3n no europea, como Alemania y Francia, la tensi\u00f3n se ha convertido particularmente fuerte.\u00a0Pese a lo que muchos pretenden, la inmigraci\u00f3n en masa de grupos culturales claramente diferentes al aut\u00f3ctono tiende a radicalizar y enfrentar las identidades. No hay ninguna duda de que en Catalu\u00f1a suceder\u00e1 algo similar dentro de unos a\u00f1os. Hacia el choque de civilizaciones Hace 25 a\u00f1os, la teor\u00eda del acad\u00e9mico estadounidense Samuel Huntington del\u00a0choque de civilizaciones\u00a0recib\u00eda las criticas burlescas de sus colegas, plenamente convencidos del triunfo definitivo del liberalismo en todo el mundo. Hoy, su visi\u00f3n de un mundo dividido en civilizaciones enfrentadas, y sobre todo de la venganza que obsesiona al mundo isl\u00e1mico contra el Occidente judeocristiano, se est\u00e1 cumpliendo.\u00a0La novedad es que Europa no experimenta el enfrentamiento en el exterior.\u00a0El choque es interior y doble: por un lado, los promotores del marxismo cultural que se han propuesto destruir la civilizaci\u00f3n occidental desde dentro.\u00a0Por otro, los guetos \u00e9tnicos que aparecen en su territorio, y que no paran de crecer y ganar influencia gracias a la actual transformaci\u00f3n radical de la demograf\u00eda europea. Por razones econ\u00f3micas pero sobre todo culturales, los europeos ya no tienen hijos.\u00a0El vac\u00edo que dejan es llenado en parte por los extranjeros, que sin embargo se niegan a convertirse europeos a pesar de todo lo que Europa les ha dado.\u00a0As\u00ed,\u00a0en Francia\u00a0, el 20% de los beb\u00e9s ya llevan nombres \u00e1rabe-musulmanes.\u00a0En Catalu\u00f1a no hay todav\u00eda datos tan precisos, pero la proporci\u00f3n ser\u00e1 similar en un horizonte no muy lejano. El progresismo rechaza todos estos argumentos tild\u00e1ndolos de fascistas y supremacistas, pero no sabe rechazarlos racionalmente porque se basa en emociones y caricaturas ideol\u00f3gicas de los a\u00f1os 40. Si no planteamos la visi\u00f3n de conjunto de la cuesti\u00f3n migratoria, y nos quedamos s\u00f3lo con las im\u00e1genes de la frontera greco-turca, no conseguiremos nunca una respuesta eficaz y conveniente para Europa."}

Ante la immigración masiva, Europa ha de despertarse - Converses a Catalunya

<blockquote class="wp-embedded-content" data-secret="8LCST1ZsYP"><a href="https://conversesacatalunya.cat/es/ante-la-immigracion-masiva-europa-despertarse/">Ante la immigración masiva, Europa ha de despertarse</a></blockquote><iframe sandbox="allow-scripts" security="restricted" src="https://conversesacatalunya.cat/es/ante-la-immigracion-masiva-europa-despertarse/embed/#?secret=8LCST1ZsYP" width="600" height="338" title="«Ante la immigración masiva, Europa ha de despertarse» — Converses a Catalunya" data-secret="8LCST1ZsYP" frameborder="0" marginwidth="0" marginheight="0" scrolling="no" class="wp-embedded-content"></iframe><script>
/*! This file is auto-generated */
!function(d,l){"use strict";l.querySelector&&d.addEventListener&&"undefined"!=typeof URL&&(d.wp=d.wp||{},d.wp.receiveEmbedMessage||(d.wp.receiveEmbedMessage=function(e){var t=e.data;if((t||t.secret||t.message||t.value)&&!/[^a-zA-Z0-9]/.test(t.secret)){for(var s,r,n,a=l.querySelectorAll('iframe[data-secret="'+t.secret+'"]'),o=l.querySelectorAll('blockquote[data-secret="'+t.secret+'"]'),c=new RegExp("^https?:$","i"),i=0;i<o.length;i++)o[i].style.display="none";for(i=0;i<a.length;i++)s=a[i],e.source===s.contentWindow&&(s.removeAttribute("style"),"height"===t.message?(1e3<(r=parseInt(t.value,10))?r=1e3:~~r<200&&(r=200),s.height=r):"link"===t.message&&(r=new URL(s.getAttribute("src")),n=new URL(t.value),c.test(n.protocol))&&n.host===r.host&&l.activeElement===s&&(d.top.location.href=t.value))}},d.addEventListener("message",d.wp.receiveEmbedMessage,!1),l.addEventListener("DOMContentLoaded",function(){for(var e,t,s=l.querySelectorAll("iframe.wp-embedded-content"),r=0;r<s.length;r++)(t=(e=s[r]).getAttribute("data-secret"))||(t=Math.random().toString(36).substring(2,12),e.src+="#?secret="+t,e.setAttribute("data-secret",t)),e.contentWindow.postMessage({message:"ready",secret:t},"*")},!1)))}(window,document);
</script>

Nos escandalizamos fácilmente de que el gobierno griego y las instituciones europeas no dejen entrar a los miles de solicitantes de asilo que, aseguran, escapan de la guerra. Es difícil resistir a las fotografías de mujeres y niños desesperados y no indignarse cuando nos afirman que los policías emplean la violencia contra jóvenes indefensos. Ambos bandos, buenos y malos, son evidentes. Sin los medios no nos enseñan otras imágenes, como las de grupos de jóvenes (todos hombres, que se ha hecho de las mujeres?) Intentando penetrar violentamente en Grecia con gritos de «Allah akbar». Es cierto que para algunos, Europa es la promesa de poner fin al sufrimiento, pero para otros es una conquista a la que los musulmanes tienen derecho para compensar los daños que supuestamente les hemos causado. Ante este panorama, y en la era de las emociones y las imágenes, hay que plantearse de forma urgente varias preguntas de fondo. ¿Qué interés tiene Europa a abrir de nuevo las puertas, contribuyendo aún más al efecto llamada? De los desplazados en la frontera griega, qué porcentaje son realmente refugiados y qué porcentaje inmigrantes económicos? ¿Qué valores supuestamente europeos están traicionando al no dejarlos entrar? Y por otro lado, se protegen de verdad estos valores dejando pasar a todos sin exigir nada a cambio? ¿Por qué el único problema que se encuentra a su entrada en masa es el avance de la extrema derecha? Como podremos asimilar cientos de miles de recién llegados musulmanes, si esto se ha demostrado prácticamente imposible con los que ya llevan décadas aquí? Estas cuestiones de fondo necesarias para dar una respuesta coherente al chantaje de Turquía permanecen sin respuesta. El progresismo pro-inmigración tiene carta blanca y su discurso es interiorizado por la mayoría abrumadora de medios europeos, bajo pena de fascismo. En las izquierdas, que reciben con los brazos abiertos la inmigración para contar con sus votos más tarde (sólo hay que ver el clientelismo de Podemos, las CUP o Francia insumisa para darse cuenta), se le suma la sumisión de buena parte del resto. Los resultados son la autocensura y la imposibilidad de debatir seriamente la inmigración. Sobre la imposibilidad de acoger más demandantes de asilo Pero necesitamos desesperadamente hablar de inmigración porque Europa no reúne las condiciones elementales para acoger los millones de demandantes de asilo que Turquía amenaza con dejar entrar. De entrada, la mayor parte de los gobiernos europeos no disponen ni siquiera de los recursos necesarios para proteger a la población de una emergencia moderada, como el caso de Italia con el coronavirus demuestra. Otros que aún disponen de medios importantes, como Francia, los destinan a costosos programas sociales que benefician paradójicamente en primer lugar a los inmigrantes y sus descendientes, a pesar perforar sus déficits y elevar sin cesar la presión fiscal. Finalmente, hay que se encontraban el 2015 en una situación mejor, como Alemania o Suecia, pero que han acogido tantos demandantes de asilo que la población ha dicho basta. En toda Europa, incluyendo España y más en concreto Cataluña, la multiplicación de guetos étnicos demuestra esta incapacidad pública. Los supuestos beneficios de la «diversidad» que aporta la inmigración, sobre todo la proveniente de culturas tan diferentes de la nuestra como la musulmana, tardan en aparecer. En las afueras de París, por ejemplo, hay zonas donde las mujeres no pueden entrar en los bares, en los que por otra parte ya no se sirve alcohol. Más cerca de casa, un blogger catalán expresaba hace unos meses su tristeza al contemplar el estado en que el «multicultural» centro de Manresa se encuentra. En los países históricamente receptores de inmigración no europea, como Alemania y Francia, la tensión se ha convertido particularmente fuerte. Pese a lo que muchos pretenden, la inmigración en masa de grupos culturales claramente diferentes al autóctono tiende a radicalizar y enfrentar las identidades. No hay ninguna duda de que en Cataluña sucederá algo similar dentro de unos años. Hacia el choque de civilizaciones Hace 25 años, la teoría del académico estadounidense Samuel Huntington del choque de civilizaciones recibía las criticas burlescas de sus colegas, plenamente convencidos del triunfo definitivo del liberalismo en todo el mundo. Hoy, su visión de un mundo dividido en civilizaciones enfrentadas, y sobre todo de la venganza que obsesiona al mundo islámico contra el Occidente judeocristiano, se está cumpliendo. La novedad es que Europa no experimenta el enfrentamiento en el exterior. El choque es interior y doble: por un lado, los promotores del marxismo cultural que se han propuesto destruir la civilización occidental desde dentro. Por otro, los guetos étnicos que aparecen en su territorio, y que no paran de crecer y ganar influencia gracias a la actual transformación radical de la demografía europea. Por razones económicas pero sobre todo culturales, los europeos ya no tienen hijos. El vacío que dejan es llenado en parte por los extranjeros, que sin embargo se niegan a convertirse europeos a pesar de todo lo que Europa les ha dado. Así, en Francia , el 20% de los bebés ya llevan nombres árabe-musulmanes. En Cataluña no hay todavía datos tan precisos, pero la proporción será similar en un horizonte no muy lejano. El progresismo rechaza todos estos argumentos tildándolos de fascistas y supremacistas, pero no sabe rechazarlos racionalmente porque se basa en emociones y caricaturas ideológicas de los años 40. Si no planteamos la visión de conjunto de la cuestión migratoria, y nos quedamos sólo con las imágenes de la frontera greco-turca, no conseguiremos nunca una respuesta eficaz y conveniente para Europa.
