{"version":"1.0","provider_name":"Converses a Catalunya","provider_url":"https:\/\/conversesacatalunya.cat\/es\/","title":"Los j\u00f3venes, el presente y la alternativa catalanista - Converses a Catalunya","type":"rich","width":600,"height":338,"html":"<blockquote class=\"wp-embedded-content\" data-secret=\"RwLys1t7DW\"><a href=\"https:\/\/conversesacatalunya.cat\/es\/alternativa-catalanista\/\">Los j\u00f3venes, el presente y la alternativa catalanista<\/a><\/blockquote><iframe sandbox=\"allow-scripts\" security=\"restricted\" src=\"https:\/\/conversesacatalunya.cat\/es\/alternativa-catalanista\/embed\/#?secret=RwLys1t7DW\" width=\"600\" height=\"338\" title=\"\u00abLos j\u00f3venes, el presente y la alternativa catalanista\u00bb \u2014 Converses a Catalunya\" data-secret=\"RwLys1t7DW\" frameborder=\"0\" marginwidth=\"0\" marginheight=\"0\" scrolling=\"no\" class=\"wp-embedded-content\"><\/iframe><script>\n\/*! This file is auto-generated *\/\n!function(d,l){\"use strict\";l.querySelector&&d.addEventListener&&\"undefined\"!=typeof URL&&(d.wp=d.wp||{},d.wp.receiveEmbedMessage||(d.wp.receiveEmbedMessage=function(e){var t=e.data;if((t||t.secret||t.message||t.value)&&!\/[^a-zA-Z0-9]\/.test(t.secret)){for(var s,r,n,a=l.querySelectorAll('iframe[data-secret=\"'+t.secret+'\"]'),o=l.querySelectorAll('blockquote[data-secret=\"'+t.secret+'\"]'),c=new RegExp(\"^https?:$\",\"i\"),i=0;i<o.length;i++)o[i].style.display=\"none\";for(i=0;i<a.length;i++)s=a[i],e.source===s.contentWindow&&(s.removeAttribute(\"style\"),\"height\"===t.message?(1e3<(r=parseInt(t.value,10))?r=1e3:~~r<200&&(r=200),s.height=r):\"link\"===t.message&&(r=new URL(s.getAttribute(\"src\")),n=new URL(t.value),c.test(n.protocol))&&n.host===r.host&&l.activeElement===s&&(d.top.location.href=t.value))}},d.addEventListener(\"message\",d.wp.receiveEmbedMessage,!1),l.addEventListener(\"DOMContentLoaded\",function(){for(var e,t,s=l.querySelectorAll(\"iframe.wp-embedded-content\"),r=0;r<s.length;r++)(t=(e=s[r]).getAttribute(\"data-secret\"))||(t=Math.random().toString(36).substring(2,12),e.src+=\"#?secret=\"+t,e.setAttribute(\"data-secret\",t)),e.contentWindow.postMessage({message:\"ready\",secret:t},\"*\")},!1)))}(window,document);\n<\/script>\n","thumbnail_url":"https:\/\/conversesacatalunya.cat\/wp-content\/uploads\/2021\/06\/JCC-1024x683.png","thumbnail_width":1024,"thumbnail_height":683,"description":"La semana pasada y en la sede del Ateneo de Barcelona se\u00a0present\u00f3 una nueva asociaci\u00f3n -que no partido, como ellos mismos remarcaron- de j\u00f3venes catalanistas.\u00a0Ha sido un hecho nuevo y sorprendente que un n\u00famero importante de juventud, en tiempos de partitocracia y demagogias varias, reivindique con madurez de forma y contenido, el catalanismo y una concepci\u00f3n de la pol\u00edtica basada en la centralidad, y dirigida a superar el fraccionamiento entre peque\u00f1as formaciones pol\u00edticas que tienden a reproducir tics del pasado. Estos j\u00f3venes quieren\u00a0estimular la unidad de las fuerzas del catalanismo, como promueve Converses a Catalunya. Pero m\u00e1s all\u00e1 de esta necesaria condici\u00f3n, quisiera efectuar algunas reflexiones. El nuevo catalanismo no es una expresi\u00f3n vac\u00eda de contenido, sino que ha de expresar una realidad tangible:\u00a0asumir la tradici\u00f3n del catalanismo, y en un sentido m\u00e1s amplio, de la transici\u00f3n espa\u00f1ola y la construcci\u00f3n europea, que tiene en \u00ablos 30 gloriosos\u00bb una referencia ineludible. No como una limitaci\u00f3n, sino como un patrimonio que debe ser transmitido para encontrar en \u00e9l las equivalencias y proyecciones que responden a la realidad actual y los graves retos de futuro de una sociedad da\u00f1ada por las crisis acumuladas, que no encuentran soluci\u00f3n; simplemente, la \u00faltima desplaza medi\u00e1ticamente la anterior, pero todas siguen activamente destructoras. Fij\u00e9monos bien en las \u00faltimas aportaciones de grandes planes y programas aparecidos en la Catalu\u00f1a y la Espa\u00f1a oficial. Catalunya 2022, Plan de Recuperaci\u00f3n, Transformaci\u00f3n y Resiliencia,\u00a0 Plan de Garant\u00eda Juvenil Plus, plan de choque contra el paro, etc. Todos son magn\u00edficos, utilizan toda la nomenclatura m\u00e1s actual y nueva, se\u00f1alan hitos del mayor inter\u00e9s, pero presentan dos graves inconvenientes que demuestran que la ignorancia del pasado pasa factura.\u00a0Uno es que hay muchos planes, pero falta planificaci\u00f3n, y si hubieran mirado el pasado, la tradici\u00f3n de los planes, aqu\u00ed y sobre todo en\u00a0Francia, habr\u00edan visto cu\u00e1les son las exigencias de este poderoso instrumento de las pol\u00edticas p\u00fablicas. Los planes sin planificaci\u00f3n: oficina del plan, previsiones cuantitativas, t\u00e9rminos de ejecuci\u00f3n, agentes ejecutores, objetivos, desempe\u00f1os, control, etc. recuerdan demasiado a los planes pastorales, recopilaciones de buenas intenciones, que todo el mundo celebra y que no se realizan porque no hay camino claro: la planificaci\u00f3n. \u00c9sta conlleva, y aqu\u00ed la cuesti\u00f3n es determinante, la concertaci\u00f3n con el sector privado, con\u00a0compromisos que son vinculantes para las administraciones p\u00fablicas y indicativos para el sector privado. Pero, en todos los planes, \u00bfcu\u00e1les son los compromisos del sector p\u00fablico?.\u00a0Silencio.\u00a0Una vez m\u00e1s este es el problema de nuestra pol\u00edtica, la imagen, el marketing por encima del compromiso real. El nuevo catalanismo deber\u00eda romper con este tipo de comportamiento generalizado y transformar el marketing del oportunismo pol\u00edtico en servicio y compromiso real. Todos los planes de futuro, por se\u00f1alar c\u00f3mo ignora el pasado de las crisis acumuladas, es la m\u00e1s absoluta ignorancia de la familia y la natalidad, a pesar de ser la base de todo, y sabemos adem\u00e1s que est\u00e1 da\u00f1ada. Ambas realidades son transversales y afectan a todo, desde el estado de bienestar a la productividad, pero son ignorados. Una segunda cuesti\u00f3n es que el nuevo proyecto pol\u00edtico tiene que venir acompa\u00f1ado de una\u00a0alternativa cultural.\u00a0No se trata ahora de tratarlo con detalle pero si de formular algunas concreciones para que no quede en un abstracto universal sin significado pr\u00e1ctico. La alternativa cultural y su caracterizaci\u00f3n puede tomar en consideraci\u00f3n aspectos como: \u00a0Han iniciado una guerra cultural. Nos quieren imponer un sentido sectario de la historia, alimentado de la guerra civil. Act\u00faan para imponer una nueva mentalidad moral en el estado;\u00a0escuela incluida. Reducen los derechos de los padres. Dise\u00f1an nuevos y arbitrarios derechos que limitan derechos humanos universales y constitucionales, y carecen de la correlaci\u00f3n con los deberes. Imponen desde la pol\u00edtica una nueva antropolog\u00eda contraria a los fundamentos culturales de nuestra sociedad y \u00e1rea de civilizaci\u00f3n. Manipulan para presentar la excepci\u00f3n y lo que es marginal, como general y central, y legislan desde aquella perspectiva para el conjunto de la sociedad, desquiciando instituciones, significados y valores que forman parte del derecho natural y consuetudinario. Atacan sistem\u00e1ticamente a la cultura cristiana y confunden la laicidad del estado en relaci\u00f3n a las denominaciones religiosas con el ate\u00edsmo estatal, la cancelaci\u00f3n de cualquier idea de Dios en la vida p\u00fablica. Imponen como ideolog\u00eda de Estado la perspectiva de g\u00e9nero, como feminismo y como identidades LGBTIQ. El resultado es la restricci\u00f3n de la libertad intelectual y de una sociedad que funciona sobre la base de m\u00faltiples identidades antag\u00f3nicas, y una peligrosa transformaci\u00f3n del estado de derechos en un estado de leyes. La respuesta positiva a esta agresi\u00f3n y colonizaci\u00f3n cultural configura la alternativa.\u00a0Sin alternativa cultural, la centralidad catalanista siempre ser\u00e1 colonizada pol\u00edticamente por la izquierda, por la progrecr\u00e0cia. La tercera consideraci\u00f3n se refiere al programa: lo que debe unir no son etiquetas del pasado, sino el programa. Y si el primer reto electoral es\u00a0Barcelona, hay que establecer un programa s\u00f3lido que comienza ineludiblemente por la pesada y necesaria labor de revisar de arriba abajo los presupuestos Colau-Collboni en sus grandes conceptos, y componerlos de nuevo de acuerdo con los grandes criterios e iniciativas que marcan el cambio. Si no se hace as\u00ed, se har\u00e1 como en la vieja pol\u00edtica."}

Los jóvenes, el presente y la alternativa catalanista - Converses a Catalunya

<blockquote class="wp-embedded-content" data-secret="RwLys1t7DW"><a href="https://conversesacatalunya.cat/es/alternativa-catalanista/">Los jóvenes, el presente y la alternativa catalanista</a></blockquote><iframe sandbox="allow-scripts" security="restricted" src="https://conversesacatalunya.cat/es/alternativa-catalanista/embed/#?secret=RwLys1t7DW" width="600" height="338" title="«Los jóvenes, el presente y la alternativa catalanista» — Converses a Catalunya" data-secret="RwLys1t7DW" frameborder="0" marginwidth="0" marginheight="0" scrolling="no" class="wp-embedded-content"></iframe><script>
/*! This file is auto-generated */
!function(d,l){"use strict";l.querySelector&&d.addEventListener&&"undefined"!=typeof URL&&(d.wp=d.wp||{},d.wp.receiveEmbedMessage||(d.wp.receiveEmbedMessage=function(e){var t=e.data;if((t||t.secret||t.message||t.value)&&!/[^a-zA-Z0-9]/.test(t.secret)){for(var s,r,n,a=l.querySelectorAll('iframe[data-secret="'+t.secret+'"]'),o=l.querySelectorAll('blockquote[data-secret="'+t.secret+'"]'),c=new RegExp("^https?:$","i"),i=0;i<o.length;i++)o[i].style.display="none";for(i=0;i<a.length;i++)s=a[i],e.source===s.contentWindow&&(s.removeAttribute("style"),"height"===t.message?(1e3<(r=parseInt(t.value,10))?r=1e3:~~r<200&&(r=200),s.height=r):"link"===t.message&&(r=new URL(s.getAttribute("src")),n=new URL(t.value),c.test(n.protocol))&&n.host===r.host&&l.activeElement===s&&(d.top.location.href=t.value))}},d.addEventListener("message",d.wp.receiveEmbedMessage,!1),l.addEventListener("DOMContentLoaded",function(){for(var e,t,s=l.querySelectorAll("iframe.wp-embedded-content"),r=0;r<s.length;r++)(t=(e=s[r]).getAttribute("data-secret"))||(t=Math.random().toString(36).substring(2,12),e.src+="#?secret="+t,e.setAttribute("data-secret",t)),e.contentWindow.postMessage({message:"ready",secret:t},"*")},!1)))}(window,document);
</script>

La semana pasada y en la sede del Ateneo de Barcelona se presentó una nueva asociación -que no partido, como ellos mismos remarcaron- de jóvenes catalanistas. Ha sido un hecho nuevo y sorprendente que un número importante de juventud, en tiempos de partitocracia y demagogias varias, reivindique con madurez de forma y contenido, el catalanismo y una concepción de la política basada en la centralidad, y dirigida a superar el fraccionamiento entre pequeñas formaciones políticas que tienden a reproducir tics del pasado. Estos jóvenes quieren estimular la unidad de las fuerzas del catalanismo, como promueve Converses a Catalunya. Pero más allá de esta necesaria condición, quisiera efectuar algunas reflexiones. El nuevo catalanismo no es una expresión vacía de contenido, sino que ha de expresar una realidad tangible: asumir la tradición del catalanismo, y en un sentido más amplio, de la transición española y la construcción europea, que tiene en «los 30 gloriosos» una referencia ineludible. No como una limitación, sino como un patrimonio que debe ser transmitido para encontrar en él las equivalencias y proyecciones que responden a la realidad actual y los graves retos de futuro de una sociedad dañada por las crisis acumuladas, que no encuentran solución; simplemente, la última desplaza mediáticamente la anterior, pero todas siguen activamente destructoras. Fijémonos bien en las últimas aportaciones de grandes planes y programas aparecidos en la Cataluña y la España oficial. Catalunya 2022, Plan de Recuperación, Transformación y Resiliencia,  Plan de Garantía Juvenil Plus, plan de choque contra el paro, etc. Todos son magníficos, utilizan toda la nomenclatura más actual y nueva, señalan hitos del mayor interés, pero presentan dos graves inconvenientes que demuestran que la ignorancia del pasado pasa factura. Uno es que hay muchos planes, pero falta planificación, y si hubieran mirado el pasado, la tradición de los planes, aquí y sobre todo en Francia, habrían visto cuáles son las exigencias de este poderoso instrumento de las políticas públicas. Los planes sin planificación: oficina del plan, previsiones cuantitativas, términos de ejecución, agentes ejecutores, objetivos, desempeños, control, etc. recuerdan demasiado a los planes pastorales, recopilaciones de buenas intenciones, que todo el mundo celebra y que no se realizan porque no hay camino claro: la planificación. Ésta conlleva, y aquí la cuestión es determinante, la concertación con el sector privado, con compromisos que son vinculantes para las administraciones públicas y indicativos para el sector privado. Pero, en todos los planes, ¿cuáles son los compromisos del sector público?. Silencio. Una vez más este es el problema de nuestra política, la imagen, el marketing por encima del compromiso real. El nuevo catalanismo debería romper con este tipo de comportamiento generalizado y transformar el marketing del oportunismo político en servicio y compromiso real. Todos los planes de futuro, por señalar cómo ignora el pasado de las crisis acumuladas, es la más absoluta ignorancia de la familia y la natalidad, a pesar de ser la base de todo, y sabemos además que está dañada. Ambas realidades son transversales y afectan a todo, desde el estado de bienestar a la productividad, pero son ignorados. Una segunda cuestión es que el nuevo proyecto político tiene que venir acompañado de una alternativa cultural. No se trata ahora de tratarlo con detalle pero si de formular algunas concreciones para que no quede en un abstracto universal sin significado práctico. La alternativa cultural y su caracterización puede tomar en consideración aspectos como:  Han iniciado una guerra cultural. Nos quieren imponer un sentido sectario de la historia, alimentado de la guerra civil. Actúan para imponer una nueva mentalidad moral en el estado; escuela incluida. Reducen los derechos de los padres. Diseñan nuevos y arbitrarios derechos que limitan derechos humanos universales y constitucionales, y carecen de la correlación con los deberes. Imponen desde la política una nueva antropología contraria a los fundamentos culturales de nuestra sociedad y área de civilización. Manipulan para presentar la excepción y lo que es marginal, como general y central, y legislan desde aquella perspectiva para el conjunto de la sociedad, desquiciando instituciones, significados y valores que forman parte del derecho natural y consuetudinario. Atacan sistemáticamente a la cultura cristiana y confunden la laicidad del estado en relación a las denominaciones religiosas con el ateísmo estatal, la cancelación de cualquier idea de Dios en la vida pública. Imponen como ideología de Estado la perspectiva de género, como feminismo y como identidades LGBTIQ. El resultado es la restricción de la libertad intelectual y de una sociedad que funciona sobre la base de múltiples identidades antagónicas, y una peligrosa transformación del estado de derechos en un estado de leyes. La respuesta positiva a esta agresión y colonización cultural configura la alternativa. Sin alternativa cultural, la centralidad catalanista siempre será colonizada políticamente por la izquierda, por la progrecràcia. La tercera consideración se refiere al programa: lo que debe unir no son etiquetas del pasado, sino el programa. Y si el primer reto electoral es Barcelona, hay que establecer un programa sólido que comienza ineludiblemente por la pesada y necesaria labor de revisar de arriba abajo los presupuestos Colau-Collboni en sus grandes conceptos, y componerlos de nuevo de acuerdo con los grandes criterios e iniciativas que marcan el cambio. Si no se hace así, se hará como en la vieja política.
