{"version":"1.0","provider_name":"Converses a Catalunya","provider_url":"https:\/\/conversesacatalunya.cat\/es\/","title":"No perderemos el tiempo tratando del \u201cacuerdo de claridad\u201d de Aragon\u00e8s - Converses a Catalunya","type":"rich","width":600,"height":338,"html":"<blockquote class=\"wp-embedded-content\" data-secret=\"IgyPK1RJIj\"><a href=\"https:\/\/conversesacatalunya.cat\/es\/acuerdo-de-claridad-de-aragones\/\">No perderemos el tiempo tratando del \u201cacuerdo de claridad\u201d de Aragon\u00e8s<\/a><\/blockquote><iframe sandbox=\"allow-scripts\" security=\"restricted\" src=\"https:\/\/conversesacatalunya.cat\/es\/acuerdo-de-claridad-de-aragones\/embed\/#?secret=IgyPK1RJIj\" width=\"600\" height=\"338\" title=\"\u00abNo perderemos el tiempo tratando del \u201cacuerdo de claridad\u201d de Aragon\u00e8s\u00bb \u2014 Converses a Catalunya\" data-secret=\"IgyPK1RJIj\" frameborder=\"0\" marginwidth=\"0\" marginheight=\"0\" scrolling=\"no\" class=\"wp-embedded-content\"><\/iframe><script>\n\/*! This file is auto-generated *\/\n!function(d,l){\"use strict\";l.querySelector&&d.addEventListener&&\"undefined\"!=typeof URL&&(d.wp=d.wp||{},d.wp.receiveEmbedMessage||(d.wp.receiveEmbedMessage=function(e){var t=e.data;if((t||t.secret||t.message||t.value)&&!\/[^a-zA-Z0-9]\/.test(t.secret)){for(var s,r,n,a=l.querySelectorAll('iframe[data-secret=\"'+t.secret+'\"]'),o=l.querySelectorAll('blockquote[data-secret=\"'+t.secret+'\"]'),c=new RegExp(\"^https?:$\",\"i\"),i=0;i<o.length;i++)o[i].style.display=\"none\";for(i=0;i<a.length;i++)s=a[i],e.source===s.contentWindow&&(s.removeAttribute(\"style\"),\"height\"===t.message?(1e3<(r=parseInt(t.value,10))?r=1e3:~~r<200&&(r=200),s.height=r):\"link\"===t.message&&(r=new URL(s.getAttribute(\"src\")),n=new URL(t.value),c.test(n.protocol))&&n.host===r.host&&l.activeElement===s&&(d.top.location.href=t.value))}},d.addEventListener(\"message\",d.wp.receiveEmbedMessage,!1),l.addEventListener(\"DOMContentLoaded\",function(){for(var e,t,s=l.querySelectorAll(\"iframe.wp-embedded-content\"),r=0;r<s.length;r++)(t=(e=s[r]).getAttribute(\"data-secret\"))||(t=Math.random().toString(36).substring(2,12),e.src+=\"#?secret=\"+t,e.setAttribute(\"data-secret\",t)),e.contentWindow.postMessage({message:\"ready\",secret:t},\"*\")},!1)))}(window,document);\n<\/script>\n","thumbnail_url":"https:\/\/conversesacatalunya.cat\/wp-content\/uploads\/2023\/04\/aragones-claredad.jpg","thumbnail_width":1600,"thumbnail_height":900,"description":"A pesar de que el sentir de los medios de comunicaci\u00f3n es pr\u00e1cticamente un\u00e1nime, excepto TV3 que no es precisamente un modelo de neutralidad a pesar de ser una televisi\u00f3n que pagamos todos, nadie se toma en serio el \u201cacuerdo de claridad\u201d sobre el que ha vuelto a insistir Pere Aragon\u00e8s, a pesar de que el Parlamento de Catalu\u00f1a ya se lo liquid\u00f3 con un voto adverso el 30 de septiembre pasado. Volver a sacar este trasto viejo de la chistera ya no despierta ning\u00fan inter\u00e9s. Solo sirve para manifestar lo escaso que est\u00e1 de recursos ERC en el \u00e1mbito del independentismo. Como no quiere reconocer esta evidencia, de que en realidad es un Partido Republicano espa\u00f1ol aliado con otros partidos espa\u00f1oles, porque teme el da\u00f1o que esto le causar\u00eda electoralmente, debe continuar manteniendo vivo el sentir independentista, aunque sea con productos tan averiados como el llamado \u201cAcuerdo de Claridad\u201d. Es una desgracia para el pa\u00eds que la pol\u00edtica se haya convertido en una farsa que adem\u00e1s todos saben que lo es, y que, por lo tanto, no queda ni espacio para el enga\u00f1o, excepto para aquellos electores que desean ser enga\u00f1ados y que vistos los resultados no son pocos. Hay que a\u00f1adir que JxCat en su l\u00ednea m\u00e1s oficial no tiene tampoco una respuesta para su pretendida opci\u00f3n independentista, y de ah\u00ed que se vea con gran esperanza la posibilidad de que Trias, si triunfa, abra la brecha por la que pueda penetrar el esp\u00edritu enlatado, pero no perdido, de la antigua Converg\u00e8ncia: la del Gobierno, el pragmatismo y el intento de contentar a una mayor\u00eda de catalanes junto a una defensa de la lengua propia, pero sin ninguna vocaci\u00f3n expl\u00edcita de alcanzar la independencia. Pero todo esto no llega. Mientras tanto, el gobierno de la Generalitat, en manos de la peque\u00f1a minor\u00eda de ERC que solo representa el 10% del electorado, hace aguas por todas partes. Las hace obviamente en el Parlamento porque le es imposible sacar adelante ninguna medida, pero lo es tambi\u00e9n en la gobernaci\u00f3n donde viene fracasando en todos los grandes empe\u00f1os que el pa\u00eds tiene planteados. Para citar un ejemplo importante, hay que recordar el resultado final de la sustituci\u00f3n industrial en el terreno de Nissan, despu\u00e9s de que esta empresa cerrara la planta. Ha pasado el tiempo y el resultado es muy pobre y no compensa los lugares de trabajo ni el valor a\u00f1adido perdido por la marcha de la f\u00e1brica de autom\u00f3viles, y mucho menos todav\u00eda pal\u00eda el destrozo cometido en la industria auxiliar que generaba muchos m\u00e1s puestos de trabajo que la propia Nissan directamente. Para situar otro ejemplo basta rese\u00f1ar el desastre al que nos somete una sequ\u00eda, largo tiempo anunciada, en un pa\u00eds que estructuralmente sufre de estr\u00e9s h\u00eddrico y de sequ\u00edas recurrentes y que desde los a\u00f1os 20 del siglo pasado tiene pendientes infraestructuras y grandes medidas a realizar para garantizar que, a pesar de las condiciones adversas, se pueda disponer de agua. Pero como ERC no sabe gobernar termina sac\u00e1ndose depauperados conejos de la chistera para distraernos. La realidad pura y dura se\u00f1ala que la independencia de Catalu\u00f1a solo ser\u00eda hipot\u00e9ticamente posible a trav\u00e9s de un largo y duro conflicto con Espa\u00f1a, tan importante que obligara a la Uni\u00f3n Europea a tomarla en consideraci\u00f3n y eso significa que deber\u00eda ser un enfrentamiento magno. Pero claro, el independentismo que ans\u00eda la moqueta gubernamental no est\u00e1 dispuesto a perder la gobernaci\u00f3n a corto plazo por una hipot\u00e9tica y dif\u00edcil victoria a largo plazo, con el riesgo de que por el camino una gran mayor\u00eda de catalanes rechacen esta posibilidad, porque lo que desean es que se resuelvan sus problemas y vivir mejor, aunque sea solo como un gobierno auton\u00f3mico de Espa\u00f1a."}

No perderemos el tiempo tratando del “acuerdo de claridad” de Aragonès - Converses a Catalunya

<blockquote class="wp-embedded-content" data-secret="IgyPK1RJIj"><a href="https://conversesacatalunya.cat/es/acuerdo-de-claridad-de-aragones/">No perderemos el tiempo tratando del “acuerdo de claridad” de Aragonès</a></blockquote><iframe sandbox="allow-scripts" security="restricted" src="https://conversesacatalunya.cat/es/acuerdo-de-claridad-de-aragones/embed/#?secret=IgyPK1RJIj" width="600" height="338" title="«No perderemos el tiempo tratando del “acuerdo de claridad” de Aragonès» — Converses a Catalunya" data-secret="IgyPK1RJIj" frameborder="0" marginwidth="0" marginheight="0" scrolling="no" class="wp-embedded-content"></iframe><script>
/*! This file is auto-generated */
!function(d,l){"use strict";l.querySelector&&d.addEventListener&&"undefined"!=typeof URL&&(d.wp=d.wp||{},d.wp.receiveEmbedMessage||(d.wp.receiveEmbedMessage=function(e){var t=e.data;if((t||t.secret||t.message||t.value)&&!/[^a-zA-Z0-9]/.test(t.secret)){for(var s,r,n,a=l.querySelectorAll('iframe[data-secret="'+t.secret+'"]'),o=l.querySelectorAll('blockquote[data-secret="'+t.secret+'"]'),c=new RegExp("^https?:$","i"),i=0;i<o.length;i++)o[i].style.display="none";for(i=0;i<a.length;i++)s=a[i],e.source===s.contentWindow&&(s.removeAttribute("style"),"height"===t.message?(1e3<(r=parseInt(t.value,10))?r=1e3:~~r<200&&(r=200),s.height=r):"link"===t.message&&(r=new URL(s.getAttribute("src")),n=new URL(t.value),c.test(n.protocol))&&n.host===r.host&&l.activeElement===s&&(d.top.location.href=t.value))}},d.addEventListener("message",d.wp.receiveEmbedMessage,!1),l.addEventListener("DOMContentLoaded",function(){for(var e,t,s=l.querySelectorAll("iframe.wp-embedded-content"),r=0;r<s.length;r++)(t=(e=s[r]).getAttribute("data-secret"))||(t=Math.random().toString(36).substring(2,12),e.src+="#?secret="+t,e.setAttribute("data-secret",t)),e.contentWindow.postMessage({message:"ready",secret:t},"*")},!1)))}(window,document);
</script>

A pesar de que el sentir de los medios de comunicación es prácticamente unánime, excepto TV3 que no es precisamente un modelo de neutralidad a pesar de ser una televisión que pagamos todos, nadie se toma en serio el “acuerdo de claridad” sobre el que ha vuelto a insistir Pere Aragonès, a pesar de que el Parlamento de Cataluña ya se lo liquidó con un voto adverso el 30 de septiembre pasado. Volver a sacar este trasto viejo de la chistera ya no despierta ningún interés. Solo sirve para manifestar lo escaso que está de recursos ERC en el ámbito del independentismo. Como no quiere reconocer esta evidencia, de que en realidad es un Partido Republicano español aliado con otros partidos españoles, porque teme el daño que esto le causaría electoralmente, debe continuar manteniendo vivo el sentir independentista, aunque sea con productos tan averiados como el llamado “Acuerdo de Claridad”. Es una desgracia para el país que la política se haya convertido en una farsa que además todos saben que lo es, y que, por lo tanto, no queda ni espacio para el engaño, excepto para aquellos electores que desean ser engañados y que vistos los resultados no son pocos. Hay que añadir que JxCat en su línea más oficial no tiene tampoco una respuesta para su pretendida opción independentista, y de ahí que se vea con gran esperanza la posibilidad de que Trias, si triunfa, abra la brecha por la que pueda penetrar el espíritu enlatado, pero no perdido, de la antigua Convergència: la del Gobierno, el pragmatismo y el intento de contentar a una mayoría de catalanes junto a una defensa de la lengua propia, pero sin ninguna vocación explícita de alcanzar la independencia. Pero todo esto no llega. Mientras tanto, el gobierno de la Generalitat, en manos de la pequeña minoría de ERC que solo representa el 10% del electorado, hace aguas por todas partes. Las hace obviamente en el Parlamento porque le es imposible sacar adelante ninguna medida, pero lo es también en la gobernación donde viene fracasando en todos los grandes empeños que el país tiene planteados. Para citar un ejemplo importante, hay que recordar el resultado final de la sustitución industrial en el terreno de Nissan, después de que esta empresa cerrara la planta. Ha pasado el tiempo y el resultado es muy pobre y no compensa los lugares de trabajo ni el valor añadido perdido por la marcha de la fábrica de automóviles, y mucho menos todavía palía el destrozo cometido en la industria auxiliar que generaba muchos más puestos de trabajo que la propia Nissan directamente. Para situar otro ejemplo basta reseñar el desastre al que nos somete una sequía, largo tiempo anunciada, en un país que estructuralmente sufre de estrés hídrico y de sequías recurrentes y que desde los años 20 del siglo pasado tiene pendientes infraestructuras y grandes medidas a realizar para garantizar que, a pesar de las condiciones adversas, se pueda disponer de agua. Pero como ERC no sabe gobernar termina sacándose depauperados conejos de la chistera para distraernos. La realidad pura y dura señala que la independencia de Cataluña solo sería hipotéticamente posible a través de un largo y duro conflicto con España, tan importante que obligara a la Unión Europea a tomarla en consideración y eso significa que debería ser un enfrentamiento magno. Pero claro, el independentismo que ansía la moqueta gubernamental no está dispuesto a perder la gobernación a corto plazo por una hipotética y difícil victoria a largo plazo, con el riesgo de que por el camino una gran mayoría de catalanes rechacen esta posibilidad, porque lo que desean es que se resuelvan sus problemas y vivir mejor, aunque sea solo como un gobierno autonómico de España.
